{"id":87826,"date":"2024-03-26T14:15:40","date_gmt":"2024-03-26T14:15:40","guid":{"rendered":"https:\/\/onlinehardwareshop.de\/index.php\/produkt\/bratpfanne-le-creuset-les-forgees-24-cm\/"},"modified":"2025-05-15T14:30:57","modified_gmt":"2025-05-15T14:30:57","slug":"bratpfanne-le-creuset-les-forgees-24-cm","status":"publish","type":"product","link":"https:\/\/onlinehardwareshop.de\/index.php\/produkt\/bratpfanne-le-creuset-les-forgees-24-cm\/","title":{"rendered":"Bratpfanne Le Creuset Les Forgees 24 cm"},"content":{"rendered":"<p>In der Bratpfanne Le Creuset Les Forgees 24 cm br\u00e4tst du dir ein leckeres Ei oder einige Lachsfilets. Die starke Antihaftbeschichtung sorgt f\u00fcr eine gleichm\u00e4\u00dfige W\u00e4rmeverteilung. So braten deine Zutaten nicht an und du ben\u00f6tigst nur wenig \u00d6l zum Braten. Das robuste eloxierte Material verzieht sich nicht und eignet sich hierdurch f\u00fcr jede W\u00e4rmequelle. Musst du warten, bis alle zu Hause sind? Dann h\u00e4ltst du gebratenen Fisch darin einfach im Backofen warm. Die Pfanne reinigst du nach dem Braten in der Sp\u00fclmaschine, aber damit die Qualit\u00e4t erhalten bleibt, ist es empfehlenswert, die Pfanne mit der Hand zu sp\u00fclen.<\/p>\n","protected":false},"excerpt":{"rendered":"<p>In der Bratpfanne Le Creuset Les Forgees 24 cm br\u00e4tst du dir ein leckeres Ei oder einige Lachsfilets. Die starke Antihaftbeschichtung sorgt f\u00fcr eine gleichm\u00e4\u00dfige W\u00e4rmeverteilung. So braten deine Zutaten nicht an und du ben\u00f6tigst nur wenig \u00d6l zum Braten. Das robuste eloxierte Material verzieht sich nicht und eignet sich hierdurch f\u00fcr jede W\u00e4rmequelle. Musst du warten, bis alle zu Hause sind? Dann h\u00e4ltst du gebratenen Fisch darin einfach im Backofen warm. Die Pfanne reinigst du nach dem Braten in der Sp\u00fclmaschine, aber damit die Qualit\u00e4t erhalten bleibt, ist es empfehlenswert, die Pfanne mit der Hand zu sp\u00fclen.<\/p>\n","protected":false},"featured_media":0,"comment_status":"closed","ping_status":"open","template":"","meta":{"_acf_changed":false},"brand":[371],"product_brand":[],"product_cat":[372],"product_tag":[384],"class_list":{"0":"post-87826","1":"product","2":"type-product","3":"status-publish","5":"brand-le-creuset","6":"product_cat-tpfe-und-pfannen","7":"product_tag-koekenpannen","8":"pa_condition-new","9":"pa_coolblue-de-verzending-morgen-gratis-geliefert","10":"pa_ean-385","11":"pa_mpn-386","13":"first","14":"instock","15":"product-type-external"},"acf":[],"_links":{"self":[{"href":"https:\/\/onlinehardwareshop.de\/index.php\/wp-json\/wp\/v2\/product\/87826","targetHints":{"allow":["GET"]}}],"collection":[{"href":"https:\/\/onlinehardwareshop.de\/index.php\/wp-json\/wp\/v2\/product"}],"about":[{"href":"https:\/\/onlinehardwareshop.de\/index.php\/wp-json\/wp\/v2\/types\/product"}],"replies":[{"embeddable":true,"href":"https:\/\/onlinehardwareshop.de\/index.php\/wp-json\/wp\/v2\/comments?post=87826"}],"wp:attachment":[{"href":"https:\/\/onlinehardwareshop.de\/index.php\/wp-json\/wp\/v2\/media?parent=87826"}],"wp:term":[{"taxonomy":"brand","embeddable":true,"href":"https:\/\/onlinehardwareshop.de\/index.php\/wp-json\/wp\/v2\/brand?post=87826"},{"taxonomy":"product_brand","embeddable":true,"href":"https:\/\/onlinehardwareshop.de\/index.php\/wp-json\/wp\/v2\/product_brand?post=87826"},{"taxonomy":"product_cat","embeddable":true,"href":"https:\/\/onlinehardwareshop.de\/index.php\/wp-json\/wp\/v2\/product_cat?post=87826"},{"taxonomy":"product_tag","embeddable":true,"href":"https:\/\/onlinehardwareshop.de\/index.php\/wp-json\/wp\/v2\/product_tag?post=87826"}],"curies":[{"name":"wp","href":"https:\/\/api.w.org\/{rel}","templated":true}]}}