{"id":87821,"date":"2024-05-13T17:24:36","date_gmt":"2024-05-13T17:24:36","guid":{"rendered":"https:\/\/onlinehardwareshop.de\/index.php\/produkt\/brother-dcp-l3560cdw\/"},"modified":"2025-05-14T19:46:06","modified_gmt":"2025-05-14T19:46:06","slug":"brother-dcp-l3560cdw","status":"publish","type":"product","link":"https:\/\/onlinehardwareshop.de\/index.php\/produkt\/brother-dcp-l3560cdw\/","title":{"rendered":"Brother DCP-L3560CDW"},"content":{"rendered":"<p>Mit dem Brother DCP-L3560CDW hast du einen Multifunktions-LED-Farbdrucker, mit dem du schnell einen Stapel Papier kopierst oder scannst. Das erledigst du \u00fcber den automatischen Dokumenteneinzug auf der Oberseite des Ger\u00e4ts. Lege ein Dokument mit bis zu 50 Seiten ein und \u00fcberlasse dem Drucker die Arbeit. Auch das Drucken geht z\u00fcgig. Der Drucker schafft bis zu 26 Seiten pro Minute in Farbe und Schwarzwei\u00df. So entsteht keine Warteschlange am Drucker. M\u00f6chtest du Papier sparen? Dann drucke automatisch beidseitig. Verbinde deinen Laptop, PC oder dein Smartphone kabellos mit dem Drucker und sende deine Druckauftr\u00e4ge direkt vom Schreibtisch. Alternativ sendest du sie kabelgebunden \u00fcber ein USB-Kabel.   Brother EcoPro Dieser Drucker eignet sich f\u00fcr Brother EcoPro, das g\u00fcnstige Tintenabonnement von Brother. Du erh\u00e4ltst automatisch Patronen, wenn deine aktuellen Patronen leer sind. Leere Patronen schickst du kostenlos zur\u00fcck. Au\u00dferdem bekommst du eine fortlaufende Garantie f\u00fcr deinen Drucker. Mehr Informationen zu EcoPro?Sieh dir unseren Beratungsartikel an.<\/p>\n","protected":false},"excerpt":{"rendered":"<p>Mit dem Brother DCP-L3560CDW hast du einen Multifunktions-LED-Farbdrucker, mit dem du schnell einen Stapel Papier kopierst oder scannst. Das erledigst du \u00fcber den automatischen Dokumenteneinzug auf der Oberseite des Ger\u00e4ts. Lege ein Dokument mit bis zu 50 Seiten ein und \u00fcberlasse dem Drucker die Arbeit. Auch das Drucken geht z\u00fcgig. Der Drucker schafft bis zu 26 Seiten pro Minute in Farbe und Schwarzwei\u00df. So entsteht keine Warteschlange am Drucker. M\u00f6chtest du Papier sparen? Dann drucke automatisch beidseitig. Verbinde deinen Laptop, PC oder dein Smartphone kabellos mit dem Drucker und sende deine Druckauftr\u00e4ge direkt vom Schreibtisch. Alternativ sendest du sie kabelgebunden \u00fcber ein USB-Kabel.   Brother EcoPro Dieser Drucker eignet sich f\u00fcr Brother EcoPro, das g\u00fcnstige Tintenabonnement von Brother. Du erh\u00e4ltst automatisch Patronen, wenn deine aktuellen Patronen leer sind. Leere Patronen schickst du kostenlos zur\u00fcck. Au\u00dferdem bekommst du eine fortlaufende Garantie f\u00fcr deinen Drucker. Mehr Informationen zu EcoPro?Sieh dir unseren Beratungsartikel an.<\/p>\n","protected":false},"featured_media":0,"comment_status":"closed","ping_status":"open","template":"","meta":{"_acf_changed":false},"brand":[164],"product_brand":[],"product_cat":[2205],"product_tag":[4823],"class_list":{"0":"post-87821","1":"product","2":"type-product","3":"status-publish","5":"brand-brother","6":"product_cat-drucker","7":"product_tag-laserprinters","8":"pa_condition-new","9":"pa_coolblue-de-verzending-morgen-gratis-geliefert","10":"pa_ean-34673","11":"pa_mpn-dcp-l3560cdwre1","13":"first","14":"instock","15":"product-type-external"},"acf":[],"_links":{"self":[{"href":"https:\/\/onlinehardwareshop.de\/index.php\/wp-json\/wp\/v2\/product\/87821","targetHints":{"allow":["GET"]}}],"collection":[{"href":"https:\/\/onlinehardwareshop.de\/index.php\/wp-json\/wp\/v2\/product"}],"about":[{"href":"https:\/\/onlinehardwareshop.de\/index.php\/wp-json\/wp\/v2\/types\/product"}],"replies":[{"embeddable":true,"href":"https:\/\/onlinehardwareshop.de\/index.php\/wp-json\/wp\/v2\/comments?post=87821"}],"wp:attachment":[{"href":"https:\/\/onlinehardwareshop.de\/index.php\/wp-json\/wp\/v2\/media?parent=87821"}],"wp:term":[{"taxonomy":"brand","embeddable":true,"href":"https:\/\/onlinehardwareshop.de\/index.php\/wp-json\/wp\/v2\/brand?post=87821"},{"taxonomy":"product_brand","embeddable":true,"href":"https:\/\/onlinehardwareshop.de\/index.php\/wp-json\/wp\/v2\/product_brand?post=87821"},{"taxonomy":"product_cat","embeddable":true,"href":"https:\/\/onlinehardwareshop.de\/index.php\/wp-json\/wp\/v2\/product_cat?post=87821"},{"taxonomy":"product_tag","embeddable":true,"href":"https:\/\/onlinehardwareshop.de\/index.php\/wp-json\/wp\/v2\/product_tag?post=87821"}],"curies":[{"name":"wp","href":"https:\/\/api.w.org\/{rel}","templated":true}]}}