{"id":87740,"date":"2024-11-05T07:41:10","date_gmt":"2024-11-05T07:41:10","guid":{"rendered":"https:\/\/onlinehardwareshop.de\/index.php\/produkt\/tefal-perfectmix-bl771b\/"},"modified":"2025-05-14T14:57:13","modified_gmt":"2025-05-14T14:57:13","slug":"tefal-perfectmix-bl771b","status":"publish","type":"product","link":"https:\/\/onlinehardwareshop.de\/index.php\/produkt\/tefal-perfectmix-bl771b\/","title":{"rendered":"Tefal PerfectMix BL771B"},"content":{"rendered":"<p>Mit dem Tefal PerfectMix BL771B Standmixer bereitest du m\u00fchelos und schnell einen gesunden Saft oder Smoothie zu. Der Standmixer erzielt eine hohe Leistung von 1.200 Watt, weshalb du damit sowohl harte als auch weiche Zutaten mixt. Mit diesem Standmixer machst du auch m\u00fchelos zersto\u00dfenes Eis. Du stellst die Geschwindigkeit stufenlos ein. Wenn du st\u00e4rker mixen m\u00f6chtest, drehst du also einfach weiter am Drehknopf. Das ist praktisch, denn so stimmst du die Geschwindigkeit immer genau auf deine Zubereitung ab. Der Mixbeh\u00e4lter ais Kunststoff ist sehr leicht. So tr\u00e4gst du ihn m\u00fchelos mit einer Hand. Wenn du fertig bist, w\u00e4schst du den Messerteil mit der Hand und stellst den Mixbeh\u00e4lter in die Sp\u00fclmaschine.<\/p>\n","protected":false},"excerpt":{"rendered":"<p>Mit dem Tefal PerfectMix BL771B Standmixer bereitest du m\u00fchelos und schnell einen gesunden Saft oder Smoothie zu. Der Standmixer erzielt eine hohe Leistung von 1.200 Watt, weshalb du damit sowohl harte als auch weiche Zutaten mixt. Mit diesem Standmixer machst du auch m\u00fchelos zersto\u00dfenes Eis. Du stellst die Geschwindigkeit stufenlos ein. Wenn du st\u00e4rker mixen m\u00f6chtest, drehst du also einfach weiter am Drehknopf. Das ist praktisch, denn so stimmst du die Geschwindigkeit immer genau auf deine Zubereitung ab. Der Mixbeh\u00e4lter ais Kunststoff ist sehr leicht. So tr\u00e4gst du ihn m\u00fchelos mit einer Hand. Wenn du fertig bist, w\u00e4schst du den Messerteil mit der Hand und stellst den Mixbeh\u00e4lter in die Sp\u00fclmaschine.<\/p>\n","protected":false},"featured_media":0,"comment_status":"closed","ping_status":"open","template":"","meta":{"_acf_changed":false},"brand":[506],"product_brand":[],"product_cat":[1606],"product_tag":[1607],"class_list":{"0":"post-87740","1":"product","2":"type-product","3":"status-publish","5":"brand-tefal","6":"product_cat-standmixer","7":"product_tag-blenders","8":"pa_condition-new","9":"pa_coolblue-de-verzending-morgen-gratis-geliefert","10":"pa_ean-24066","11":"pa_mpn-bl771b","13":"first","14":"instock","15":"product-type-external"},"acf":[],"_links":{"self":[{"href":"https:\/\/onlinehardwareshop.de\/index.php\/wp-json\/wp\/v2\/product\/87740","targetHints":{"allow":["GET"]}}],"collection":[{"href":"https:\/\/onlinehardwareshop.de\/index.php\/wp-json\/wp\/v2\/product"}],"about":[{"href":"https:\/\/onlinehardwareshop.de\/index.php\/wp-json\/wp\/v2\/types\/product"}],"replies":[{"embeddable":true,"href":"https:\/\/onlinehardwareshop.de\/index.php\/wp-json\/wp\/v2\/comments?post=87740"}],"wp:attachment":[{"href":"https:\/\/onlinehardwareshop.de\/index.php\/wp-json\/wp\/v2\/media?parent=87740"}],"wp:term":[{"taxonomy":"brand","embeddable":true,"href":"https:\/\/onlinehardwareshop.de\/index.php\/wp-json\/wp\/v2\/brand?post=87740"},{"taxonomy":"product_brand","embeddable":true,"href":"https:\/\/onlinehardwareshop.de\/index.php\/wp-json\/wp\/v2\/product_brand?post=87740"},{"taxonomy":"product_cat","embeddable":true,"href":"https:\/\/onlinehardwareshop.de\/index.php\/wp-json\/wp\/v2\/product_cat?post=87740"},{"taxonomy":"product_tag","embeddable":true,"href":"https:\/\/onlinehardwareshop.de\/index.php\/wp-json\/wp\/v2\/product_tag?post=87740"}],"curies":[{"name":"wp","href":"https:\/\/api.w.org\/{rel}","templated":true}]}}