{"id":87724,"date":"2024-07-27T16:06:31","date_gmt":"2024-07-27T16:06:31","guid":{"rendered":"https:\/\/onlinehardwareshop.de\/index.php\/produkt\/maxi-cosi-pearl-s-sitzeinlage-fr-neugeborene\/"},"modified":"2025-05-14T14:24:39","modified_gmt":"2025-05-14T14:24:39","slug":"maxi-cosi-pearl-s-sitzeinlage-fr-neugeborene","status":"publish","type":"product","link":"https:\/\/onlinehardwareshop.de\/index.php\/produkt\/maxi-cosi-pearl-s-sitzeinlage-fr-neugeborene\/","title":{"rendered":"Maxi-Cosi Pearl S Sitzeinlage f&#xFC;r Neugeborene"},"content":{"rendered":"<p>Mit der Maxi-Cosi Pearl S Sitzeinlage f\u00fcr Neugeborene sorgst du daf\u00fcr, dass dein neugeborenes Baby im Auto gut gesch\u00fctzt ist. Die Sitzverkleinerung passt in den Pearl S Kindersitz, sodass du ihn von der Geburt an nutzen kannst (separat erh\u00e4ltlich). Dank des intelligenten Designs schmiegt sich der Sitzverkleinerer gut um den Sitz herum, damit dein Baby es bequem hat. Mit dem praktischen Easy-in Gurt setzt du dein Baby ganz einfach ins Auto. Die Sitzeinlage kann bei 30 Grad Celsius in der Waschmaschine. So bleibt alles problemlos sauber und du genie\u00dft die Autofahrt mit deinem Baby.<\/p>\n","protected":false},"excerpt":{"rendered":"<p>Mit der Maxi-Cosi Pearl S Sitzeinlage f\u00fcr Neugeborene sorgst du daf\u00fcr, dass dein neugeborenes Baby im Auto gut gesch\u00fctzt ist. Die Sitzverkleinerung passt in den Pearl S Kindersitz, sodass du ihn von der Geburt an nutzen kannst (separat erh\u00e4ltlich). Dank des intelligenten Designs schmiegt sich der Sitzverkleinerer gut um den Sitz herum, damit dein Baby es bequem hat. Mit dem praktischen Easy-in Gurt setzt du dein Baby ganz einfach ins Auto. Die Sitzeinlage kann bei 30 Grad Celsius in der Waschmaschine. So bleibt alles problemlos sauber und du genie\u00dft die Autofahrt mit deinem Baby.<\/p>\n","protected":false},"featured_media":0,"comment_status":"closed","ping_status":"open","template":"","meta":{"_acf_changed":false},"brand":[9874],"product_brand":[],"product_cat":[23490],"product_tag":[23491],"class_list":{"0":"post-87724","1":"product","2":"type-product","3":"status-publish","5":"brand-maxi-cosi","6":"product_cat-autoschonbezge","7":"product_tag-autostoelbescherming","8":"pa_condition-new","9":"pa_coolblue-de-verzending-morgen-gratis-geliefert","10":"pa_ean-23488","11":"pa_mpn-23489","13":"first","14":"instock","15":"product-type-external"},"acf":[],"_links":{"self":[{"href":"https:\/\/onlinehardwareshop.de\/index.php\/wp-json\/wp\/v2\/product\/87724","targetHints":{"allow":["GET"]}}],"collection":[{"href":"https:\/\/onlinehardwareshop.de\/index.php\/wp-json\/wp\/v2\/product"}],"about":[{"href":"https:\/\/onlinehardwareshop.de\/index.php\/wp-json\/wp\/v2\/types\/product"}],"replies":[{"embeddable":true,"href":"https:\/\/onlinehardwareshop.de\/index.php\/wp-json\/wp\/v2\/comments?post=87724"}],"wp:attachment":[{"href":"https:\/\/onlinehardwareshop.de\/index.php\/wp-json\/wp\/v2\/media?parent=87724"}],"wp:term":[{"taxonomy":"brand","embeddable":true,"href":"https:\/\/onlinehardwareshop.de\/index.php\/wp-json\/wp\/v2\/brand?post=87724"},{"taxonomy":"product_brand","embeddable":true,"href":"https:\/\/onlinehardwareshop.de\/index.php\/wp-json\/wp\/v2\/product_brand?post=87724"},{"taxonomy":"product_cat","embeddable":true,"href":"https:\/\/onlinehardwareshop.de\/index.php\/wp-json\/wp\/v2\/product_cat?post=87724"},{"taxonomy":"product_tag","embeddable":true,"href":"https:\/\/onlinehardwareshop.de\/index.php\/wp-json\/wp\/v2\/product_tag?post=87724"}],"curies":[{"name":"wp","href":"https:\/\/api.w.org\/{rel}","templated":true}]}}