{"id":87671,"date":"2025-04-05T16:09:38","date_gmt":"2025-04-05T16:09:38","guid":{"rendered":"https:\/\/onlinehardwareshop.de\/index.php\/produkt\/kobo-clara-colour-schwarz\/"},"modified":"2025-05-14T11:03:30","modified_gmt":"2025-05-14T11:03:30","slug":"kobo-clara-colour-schwarz","status":"publish","type":"product","link":"https:\/\/onlinehardwareshop.de\/index.php\/produkt\/kobo-clara-colour-schwarz\/","title":{"rendered":"Kobo Clara Colour Schwarz"},"content":{"rendered":"<p>Lies unterwegs deine Lieblingsb\u00fccher in Farbe mit dem Kobo Clara Colour Schwarz. Dank des Farbdisplays wird deinen B\u00fcchern mehr Leben eingehaucht. So siehst du die Buchumschl\u00e4ge und Abbildungen in Farbe und machst farbintensive Markierungen mit deinem Finger. Der 6 Zoll gro\u00dfe eBook-Reader ist kompakt und leicht. Dadurch nimmst du ihn m\u00fchelos \u00fcberallhin mit. Dank ComfortLight Pro passt du selbst die Helligkeit und Farbtemperatur an. Zudem filtert das Ger\u00e4t blaues Licht und kannst du einen dunklen Modus w\u00e4hlen. So g\u00f6nnst du deinen Augen beim Lesen mehr Ruhe und schl\u00e4fst einfacher ein. Du liest auch sicher am Strand oder im Schwimmbad, denn der Clara Colour ist wasserbest\u00e4ndig. Hast du keine Lust zum Lesen? \u00dcber kabellose In-Ear-Kopfh\u00f6rer h\u00f6rst du H\u00f6rb\u00fccher.<\/p>\n","protected":false},"excerpt":{"rendered":"<p>Lies unterwegs deine Lieblingsb\u00fccher in Farbe mit dem Kobo Clara Colour Schwarz. Dank des Farbdisplays wird deinen B\u00fcchern mehr Leben eingehaucht. So siehst du die Buchumschl\u00e4ge und Abbildungen in Farbe und machst farbintensive Markierungen mit deinem Finger. Der 6 Zoll gro\u00dfe eBook-Reader ist kompakt und leicht. Dadurch nimmst du ihn m\u00fchelos \u00fcberallhin mit. Dank ComfortLight Pro passt du selbst die Helligkeit und Farbtemperatur an. Zudem filtert das Ger\u00e4t blaues Licht und kannst du einen dunklen Modus w\u00e4hlen. So g\u00f6nnst du deinen Augen beim Lesen mehr Ruhe und schl\u00e4fst einfacher ein. Du liest auch sicher am Strand oder im Schwimmbad, denn der Clara Colour ist wasserbest\u00e4ndig. Hast du keine Lust zum Lesen? \u00dcber kabellose In-Ear-Kopfh\u00f6rer h\u00f6rst du H\u00f6rb\u00fccher.<\/p>\n","protected":false},"featured_media":0,"comment_status":"closed","ping_status":"open","template":"","meta":{"_acf_changed":false},"brand":[8608],"product_brand":[],"product_cat":[8609],"product_tag":[8610],"class_list":{"0":"post-87671","1":"product","2":"type-product","3":"status-publish","5":"brand-kobo","6":"product_cat-ebook-reader","7":"product_tag-e-readers","8":"pa_condition-new","9":"pa_coolblue-de-verzending-morgen-gratis-geliefert","10":"pa_ean-18644","11":"pa_mpn-n367-ku-bk-k-ck","13":"first","14":"instock","15":"product-type-external"},"acf":[],"_links":{"self":[{"href":"https:\/\/onlinehardwareshop.de\/index.php\/wp-json\/wp\/v2\/product\/87671","targetHints":{"allow":["GET"]}}],"collection":[{"href":"https:\/\/onlinehardwareshop.de\/index.php\/wp-json\/wp\/v2\/product"}],"about":[{"href":"https:\/\/onlinehardwareshop.de\/index.php\/wp-json\/wp\/v2\/types\/product"}],"replies":[{"embeddable":true,"href":"https:\/\/onlinehardwareshop.de\/index.php\/wp-json\/wp\/v2\/comments?post=87671"}],"wp:attachment":[{"href":"https:\/\/onlinehardwareshop.de\/index.php\/wp-json\/wp\/v2\/media?parent=87671"}],"wp:term":[{"taxonomy":"brand","embeddable":true,"href":"https:\/\/onlinehardwareshop.de\/index.php\/wp-json\/wp\/v2\/brand?post=87671"},{"taxonomy":"product_brand","embeddable":true,"href":"https:\/\/onlinehardwareshop.de\/index.php\/wp-json\/wp\/v2\/product_brand?post=87671"},{"taxonomy":"product_cat","embeddable":true,"href":"https:\/\/onlinehardwareshop.de\/index.php\/wp-json\/wp\/v2\/product_cat?post=87671"},{"taxonomy":"product_tag","embeddable":true,"href":"https:\/\/onlinehardwareshop.de\/index.php\/wp-json\/wp\/v2\/product_tag?post=87671"}],"curies":[{"name":"wp","href":"https:\/\/api.w.org\/{rel}","templated":true}]}}