{"id":87589,"date":"2024-05-06T06:34:32","date_gmt":"2024-05-06T06:34:32","guid":{"rendered":"https:\/\/onlinehardwareshop.de\/index.php\/produkt\/corsair-vengeance-lpx-32gb-2x-16gb-ddr4-3-600mhz-cl18\/"},"modified":"2025-05-14T04:36:22","modified_gmt":"2025-05-14T04:36:22","slug":"corsair-vengeance-lpx-32gb-2x-16gb-ddr4-3-600mhz-cl18","status":"publish","type":"product","link":"https:\/\/onlinehardwareshop.de\/index.php\/produkt\/corsair-vengeance-lpx-32gb-2x-16gb-ddr4-3-600mhz-cl18\/","title":{"rendered":"Corsair Vengeance LPX 32&#xA0;GB (2x 16&#xA0;GB) DDR4 3.600&#xA0;MHz CL18"},"content":{"rendered":"<p>HINWEIS: Dieser DDR4-DIMM-Speicher passt nur in einen PC, nicht in einen Laptop oder einen Mac. Der Computer muss \u00fcber einen DDR4-Steckplatz verf\u00fcgen. \u00dcberpr\u00fcfe dies im Windows Task-Manager, mehr Details unter dem Reiter Leistung. Der RAM wird als DDR3 bzw. DDR4 ausgewiesen.  Erweitere den RAM von deinem Gaming-PC mit dem Corsair Vengeance LPX 32\u00a0GB (2x 16\u00a0GB) DDR4 3.600\u00a0MHz CL18. Mit zwei Speichermodulen verwendest du ihn im Dual-Channel-Modus, sodass diese schneller funktionieren als ein einzelnes MAM-Modul. Dieses RAM-Modul hat eine Taktfrequenz von 3.600\u00a0MHz, passt sich jedoch automatisch an die h\u00f6chstm\u00f6gliche Taktfrequenz deines Motherboards an. Passe deine restlichen Komponenten und Peripherieger\u00e4te durch die RGB-Beleuchtung deinem RAM an.<\/p>\n","protected":false},"excerpt":{"rendered":"<p>HINWEIS: Dieser DDR4-DIMM-Speicher passt nur in einen PC, nicht in einen Laptop oder einen Mac. Der Computer muss \u00fcber einen DDR4-Steckplatz verf\u00fcgen. \u00dcberpr\u00fcfe dies im Windows Task-Manager, mehr Details unter dem Reiter Leistung. Der RAM wird als DDR3 bzw. DDR4 ausgewiesen.  Erweitere den RAM von deinem Gaming-PC mit dem Corsair Vengeance LPX 32\u00a0GB (2x 16\u00a0GB) DDR4 3.600\u00a0MHz CL18. Mit zwei Speichermodulen verwendest du ihn im Dual-Channel-Modus, sodass diese schneller funktionieren als ein einzelnes MAM-Modul. Dieses RAM-Modul hat eine Taktfrequenz von 3.600\u00a0MHz, passt sich jedoch automatisch an die h\u00f6chstm\u00f6gliche Taktfrequenz deines Motherboards an. Passe deine restlichen Komponenten und Peripherieger\u00e4te durch die RGB-Beleuchtung deinem RAM an.<\/p>\n","protected":false},"featured_media":0,"comment_status":"closed","ping_status":"open","template":"","meta":{"_acf_changed":false},"brand":[1900],"product_brand":[],"product_cat":[2796],"product_tag":[2797],"class_list":{"0":"post-87589","1":"product","2":"type-product","3":"status-publish","5":"brand-corsair","6":"product_cat-ram","7":"product_tag-intern-geheugen-voor-desktop","8":"pa_condition-new","9":"pa_coolblue-de-verzending-morgen-gratis-geliefert","10":"pa_ean-9072","11":"pa_mpn-cmk32gx4m2d3600c18","13":"first","14":"instock","15":"product-type-external"},"acf":[],"_links":{"self":[{"href":"https:\/\/onlinehardwareshop.de\/index.php\/wp-json\/wp\/v2\/product\/87589","targetHints":{"allow":["GET"]}}],"collection":[{"href":"https:\/\/onlinehardwareshop.de\/index.php\/wp-json\/wp\/v2\/product"}],"about":[{"href":"https:\/\/onlinehardwareshop.de\/index.php\/wp-json\/wp\/v2\/types\/product"}],"replies":[{"embeddable":true,"href":"https:\/\/onlinehardwareshop.de\/index.php\/wp-json\/wp\/v2\/comments?post=87589"}],"wp:attachment":[{"href":"https:\/\/onlinehardwareshop.de\/index.php\/wp-json\/wp\/v2\/media?parent=87589"}],"wp:term":[{"taxonomy":"brand","embeddable":true,"href":"https:\/\/onlinehardwareshop.de\/index.php\/wp-json\/wp\/v2\/brand?post=87589"},{"taxonomy":"product_brand","embeddable":true,"href":"https:\/\/onlinehardwareshop.de\/index.php\/wp-json\/wp\/v2\/product_brand?post=87589"},{"taxonomy":"product_cat","embeddable":true,"href":"https:\/\/onlinehardwareshop.de\/index.php\/wp-json\/wp\/v2\/product_cat?post=87589"},{"taxonomy":"product_tag","embeddable":true,"href":"https:\/\/onlinehardwareshop.de\/index.php\/wp-json\/wp\/v2\/product_tag?post=87589"}],"curies":[{"name":"wp","href":"https:\/\/api.w.org\/{rel}","templated":true}]}}