{"id":87588,"date":"2024-11-22T03:24:59","date_gmt":"2024-11-22T03:24:59","guid":{"rendered":"https:\/\/onlinehardwareshop.de\/index.php\/produkt\/philips-sonicare-for-kids-connected-hx6322-04-doppelpack\/"},"modified":"2025-05-14T04:35:31","modified_gmt":"2025-05-14T04:35:31","slug":"philips-sonicare-for-kids-connected-hx6322-04-doppelpack","status":"publish","type":"product","link":"https:\/\/onlinehardwareshop.de\/index.php\/produkt\/philips-sonicare-for-kids-connected-hx6322-04-doppelpack\/","title":{"rendered":"Philips Sonicare for Kids Connected HX6322\/04 Doppelpack"},"content":{"rendered":"<p>Mit dem Philips Sonicare for Kids Connected HX6322\/04 Doppelpack bekommst du nicht nur eine, sondern gleich zwei Kinderzahnb\u00fcrsten. Diese Zahnb\u00fcrsten bringen deinen Kindern ab 6 Jahren auf spielerische Art und Weise eine gute Putzroutine bei. \u00dcber Bluetooth verbindest du die Zahnb\u00fcrste mit der zugeh\u00f6rigen Smartphone-App, in der dein Kind nach jeder erfolgreichen Putzsession eine Belohnung erh\u00e4lt. Die Zahnb\u00fcrste hat einen sensitiven Modus f\u00fcr j\u00fcngere Kinder und den Standardmodus f\u00fcr \u00e4ltere Kinder. Die Zahnb\u00fcrste hat auch einen eingebauten Timer. Praktisch, denn so wei\u00dft du auch, wenn du die App nicht benutzt, wann zwei Minuten um sind. Der leistungsstarke Akku h\u00e4lt etwa drei Wochen und du erh\u00e4ltst pro Zahnb\u00fcrste zwei Aufsteckb\u00fcrsten. Die Aufsteckb\u00fcrsten haben eine l\u00e4ngliche Form, sodass das Putzen \u00e4hnlich wie mit einer herk\u00f6mmlichen Zahnb\u00fcrste ist.<\/p>\n","protected":false},"excerpt":{"rendered":"<p>Mit dem Philips Sonicare for Kids Connected HX6322\/04 Doppelpack bekommst du nicht nur eine, sondern gleich zwei Kinderzahnb\u00fcrsten. Diese Zahnb\u00fcrsten bringen deinen Kindern ab 6 Jahren auf spielerische Art und Weise eine gute Putzroutine bei. \u00dcber Bluetooth verbindest du die Zahnb\u00fcrste mit der zugeh\u00f6rigen Smartphone-App, in der dein Kind nach jeder erfolgreichen Putzsession eine Belohnung erh\u00e4lt. Die Zahnb\u00fcrste hat einen sensitiven Modus f\u00fcr j\u00fcngere Kinder und den Standardmodus f\u00fcr \u00e4ltere Kinder. Die Zahnb\u00fcrste hat auch einen eingebauten Timer. Praktisch, denn so wei\u00dft du auch, wenn du die App nicht benutzt, wann zwei Minuten um sind. Der leistungsstarke Akku h\u00e4lt etwa drei Wochen und du erh\u00e4ltst pro Zahnb\u00fcrste zwei Aufsteckb\u00fcrsten. Die Aufsteckb\u00fcrsten haben eine l\u00e4ngliche Form, sodass das Putzen \u00e4hnlich wie mit einer herk\u00f6mmlichen Zahnb\u00fcrste ist.<\/p>\n","protected":false},"featured_media":0,"comment_status":"closed","ping_status":"open","template":"","meta":{"_acf_changed":false},"brand":[1382],"product_brand":[],"product_cat":[3925],"product_tag":[6242],"class_list":{"0":"post-87588","1":"product","2":"type-product","3":"status-publish","5":"brand-philips","6":"product_cat-elektrische-zahnbrsten","7":"product_tag-elektrische-kindertandenborstels","8":"pa_condition-new","9":"pa_coolblue-de-verzending-morgen-gratis-geliefert","10":"pa_ean-29468","12":"first","13":"instock","14":"product-type-external"},"acf":[],"_links":{"self":[{"href":"https:\/\/onlinehardwareshop.de\/index.php\/wp-json\/wp\/v2\/product\/87588","targetHints":{"allow":["GET"]}}],"collection":[{"href":"https:\/\/onlinehardwareshop.de\/index.php\/wp-json\/wp\/v2\/product"}],"about":[{"href":"https:\/\/onlinehardwareshop.de\/index.php\/wp-json\/wp\/v2\/types\/product"}],"replies":[{"embeddable":true,"href":"https:\/\/onlinehardwareshop.de\/index.php\/wp-json\/wp\/v2\/comments?post=87588"}],"wp:attachment":[{"href":"https:\/\/onlinehardwareshop.de\/index.php\/wp-json\/wp\/v2\/media?parent=87588"}],"wp:term":[{"taxonomy":"brand","embeddable":true,"href":"https:\/\/onlinehardwareshop.de\/index.php\/wp-json\/wp\/v2\/brand?post=87588"},{"taxonomy":"product_brand","embeddable":true,"href":"https:\/\/onlinehardwareshop.de\/index.php\/wp-json\/wp\/v2\/product_brand?post=87588"},{"taxonomy":"product_cat","embeddable":true,"href":"https:\/\/onlinehardwareshop.de\/index.php\/wp-json\/wp\/v2\/product_cat?post=87588"},{"taxonomy":"product_tag","embeddable":true,"href":"https:\/\/onlinehardwareshop.de\/index.php\/wp-json\/wp\/v2\/product_tag?post=87588"}],"curies":[{"name":"wp","href":"https:\/\/api.w.org\/{rel}","templated":true}]}}