{"id":87553,"date":"2025-05-07T10:55:46","date_gmt":"2025-05-07T10:55:46","guid":{"rendered":"https:\/\/onlinehardwareshop.de\/index.php\/produkt\/corsair-void-rgb-elite-kabelloses-gaming-headset-pc-ps5-carbon-schwarz\/"},"modified":"2025-05-14T01:49:56","modified_gmt":"2025-05-14T01:49:56","slug":"corsair-void-rgb-elite-kabelloses-gaming-headset-pc-ps5-carbon-schwarz","status":"publish","type":"product","link":"https:\/\/onlinehardwareshop.de\/index.php\/produkt\/corsair-void-rgb-elite-kabelloses-gaming-headset-pc-ps5-carbon-schwarz\/","title":{"rendered":"Corsair Void RGB Elite Kabelloses Gaming-Headset PC\/PS5 Carbon\/Schwarz"},"content":{"rendered":"<p>Besprich deine Taktik mit deinen Mitspielern \u00fcber das Corsair Void RGB Elite Kabellose Gaming-Headset. Dieses Gaming-Headset schlie\u00dft du \u00fcber den USB-A-Dongle an deinen PC oder deine PlayStation an. So hast du beim Gaming keinen Kabelsalat. Mit Surround Sound genie\u00dft du einen 360-Grad-Sound deines Gameplays und wei\u00dft immer genau, aus welcher Richtung sich deine Gegner n\u00e4hern. So bist du ihnen immer einen Schritt voraus. Au\u00dferdem kommunizierst du dank der Rauschunterdr\u00fcckung des Mikrofons online ohne Hintergrundger\u00e4usche mit deinen Freunden. So kommen deine Kommentare immer deutlich r\u00fcber. Die durchschnittliche Akkulaufzeit des Headsets betr\u00e4gt 16 Stunden. So erlebst du ausgiebigen Gaming-Spa\u00df, ohne das Headset zwischendurch zu laden. Spielst du \u00f6fter im Single-Player-Modus oder ben\u00f6tigst kein Mikrofon? Dann klappe das Mikrofon vom Headset einfach ein.<\/p>\n","protected":false},"excerpt":{"rendered":"<p>Besprich deine Taktik mit deinen Mitspielern \u00fcber das Corsair Void RGB Elite Kabellose Gaming-Headset. Dieses Gaming-Headset schlie\u00dft du \u00fcber den USB-A-Dongle an deinen PC oder deine PlayStation an. So hast du beim Gaming keinen Kabelsalat. Mit Surround Sound genie\u00dft du einen 360-Grad-Sound deines Gameplays und wei\u00dft immer genau, aus welcher Richtung sich deine Gegner n\u00e4hern. So bist du ihnen immer einen Schritt voraus. Au\u00dferdem kommunizierst du dank der Rauschunterdr\u00fcckung des Mikrofons online ohne Hintergrundger\u00e4usche mit deinen Freunden. So kommen deine Kommentare immer deutlich r\u00fcber. Die durchschnittliche Akkulaufzeit des Headsets betr\u00e4gt 16 Stunden. So erlebst du ausgiebigen Gaming-Spa\u00df, ohne das Headset zwischendurch zu laden. Spielst du \u00f6fter im Single-Player-Modus oder ben\u00f6tigst kein Mikrofon? Dann klappe das Mikrofon vom Headset einfach ein.<\/p>\n","protected":false},"featured_media":0,"comment_status":"closed","ping_status":"open","template":"","meta":{"_acf_changed":false},"brand":[1900],"product_brand":[],"product_cat":[3435],"product_tag":[3436],"class_list":{"0":"post-87553","1":"product","2":"type-product","3":"status-publish","5":"brand-corsair","6":"product_cat-gaming-headsets","7":"product_tag-gaming-headsets","8":"pa_condition-new","9":"pa_coolblue-de-verzending-morgen-gratis-geliefert","10":"pa_ean-5035","11":"pa_mpn-ca-9011201-eu","13":"first","14":"instock","15":"product-type-external"},"acf":[],"_links":{"self":[{"href":"https:\/\/onlinehardwareshop.de\/index.php\/wp-json\/wp\/v2\/product\/87553","targetHints":{"allow":["GET"]}}],"collection":[{"href":"https:\/\/onlinehardwareshop.de\/index.php\/wp-json\/wp\/v2\/product"}],"about":[{"href":"https:\/\/onlinehardwareshop.de\/index.php\/wp-json\/wp\/v2\/types\/product"}],"replies":[{"embeddable":true,"href":"https:\/\/onlinehardwareshop.de\/index.php\/wp-json\/wp\/v2\/comments?post=87553"}],"wp:attachment":[{"href":"https:\/\/onlinehardwareshop.de\/index.php\/wp-json\/wp\/v2\/media?parent=87553"}],"wp:term":[{"taxonomy":"brand","embeddable":true,"href":"https:\/\/onlinehardwareshop.de\/index.php\/wp-json\/wp\/v2\/brand?post=87553"},{"taxonomy":"product_brand","embeddable":true,"href":"https:\/\/onlinehardwareshop.de\/index.php\/wp-json\/wp\/v2\/product_brand?post=87553"},{"taxonomy":"product_cat","embeddable":true,"href":"https:\/\/onlinehardwareshop.de\/index.php\/wp-json\/wp\/v2\/product_cat?post=87553"},{"taxonomy":"product_tag","embeddable":true,"href":"https:\/\/onlinehardwareshop.de\/index.php\/wp-json\/wp\/v2\/product_tag?post=87553"}],"curies":[{"name":"wp","href":"https:\/\/api.w.org\/{rel}","templated":true}]}}