{"id":87340,"date":"2024-11-03T21:41:40","date_gmt":"2024-11-03T21:41:40","guid":{"rendered":"https:\/\/onlinehardwareshop.de\/index.php\/produkt\/einhell-tc-js-18-li-solo-einhell-18v-40ah-starterset-power-x-change\/"},"modified":"2025-05-14T16:05:22","modified_gmt":"2025-05-14T16:05:22","slug":"einhell-tc-js-18-li-solo-einhell-18v-40ah-starterset-power-x-change","status":"publish","type":"product","link":"https:\/\/onlinehardwareshop.de\/index.php\/produkt\/einhell-tc-js-18-li-solo-einhell-18v-40ah-starterset-power-x-change\/","title":{"rendered":"Einhell TC-JS 18 Li Solo + Einhell 18&#xA0;V\/4,0&#xA0;Ah Starterset &#8211; Power X-Change"},"content":{"rendered":"<p>Mit dem Einhell TC-JS 18 Li Solo + Einhell 18\u00a0V \/ 4,0\u00a0Ah Starterset &#8211; Power X-Change legst du dank des mitgelieferten Akkus sofort mit dem S\u00e4gen los. Du nutzt diese Stichs\u00e4ge f\u00fcr unterschiedliche Projekte, zum Beispiel zum S\u00e4gen von Holz oder Metall. S\u00e4ge gerade oder auf Gehrung bei verschiedenen Arbeiten. Dank der Pendelstufen passt du die S\u00e4gegeschwindigkeit an und s\u00e4gst ohne Brandflecken. Die Blasfunktion sorgt daf\u00fcr, dass du die Schnittlinie immer gut siehst. Du tauschst die S\u00e4gebl\u00e4tter ohne Werkzeug aus, sodass du schnell weiterarbeitest. Der Akku ist Teil des Einhell Power-X-Change 18V Akkusystems. Du verwendest den Akku auch f\u00fcr andere (Garten-)Ger\u00e4te desselben Systems.<\/p>\n","protected":false},"excerpt":{"rendered":"<p>Mit dem Einhell TC-JS 18 Li Solo + Einhell 18\u00a0V \/ 4,0\u00a0Ah Starterset &#8211; Power X-Change legst du dank des mitgelieferten Akkus sofort mit dem S\u00e4gen los. Du nutzt diese Stichs\u00e4ge f\u00fcr unterschiedliche Projekte, zum Beispiel zum S\u00e4gen von Holz oder Metall. S\u00e4ge gerade oder auf Gehrung bei verschiedenen Arbeiten. Dank der Pendelstufen passt du die S\u00e4gegeschwindigkeit an und s\u00e4gst ohne Brandflecken. Die Blasfunktion sorgt daf\u00fcr, dass du die Schnittlinie immer gut siehst. Du tauschst die S\u00e4gebl\u00e4tter ohne Werkzeug aus, sodass du schnell weiterarbeitest. Der Akku ist Teil des Einhell Power-X-Change 18V Akkusystems. Du verwendest den Akku auch f\u00fcr andere (Garten-)Ger\u00e4te desselben Systems.<\/p>\n","protected":false},"featured_media":0,"comment_status":"closed","ping_status":"open","template":"","meta":{"_acf_changed":false},"brand":[1564],"product_brand":[],"product_cat":[43],"product_tag":[2773],"class_list":{"0":"post-87340","1":"product","2":"type-product","3":"status-publish","5":"brand-einhell","6":"product_cat-stichsgen","7":"product_tag-accu-decoupeerzagen","8":"pa_condition-new","9":"pa_coolblue-de-verzending-morgen-gratis-geliefert","10":"pa_ean-28609","12":"first","13":"instock","14":"product-type-external"},"acf":[],"_links":{"self":[{"href":"https:\/\/onlinehardwareshop.de\/index.php\/wp-json\/wp\/v2\/product\/87340","targetHints":{"allow":["GET"]}}],"collection":[{"href":"https:\/\/onlinehardwareshop.de\/index.php\/wp-json\/wp\/v2\/product"}],"about":[{"href":"https:\/\/onlinehardwareshop.de\/index.php\/wp-json\/wp\/v2\/types\/product"}],"replies":[{"embeddable":true,"href":"https:\/\/onlinehardwareshop.de\/index.php\/wp-json\/wp\/v2\/comments?post=87340"}],"wp:attachment":[{"href":"https:\/\/onlinehardwareshop.de\/index.php\/wp-json\/wp\/v2\/media?parent=87340"}],"wp:term":[{"taxonomy":"brand","embeddable":true,"href":"https:\/\/onlinehardwareshop.de\/index.php\/wp-json\/wp\/v2\/brand?post=87340"},{"taxonomy":"product_brand","embeddable":true,"href":"https:\/\/onlinehardwareshop.de\/index.php\/wp-json\/wp\/v2\/product_brand?post=87340"},{"taxonomy":"product_cat","embeddable":true,"href":"https:\/\/onlinehardwareshop.de\/index.php\/wp-json\/wp\/v2\/product_cat?post=87340"},{"taxonomy":"product_tag","embeddable":true,"href":"https:\/\/onlinehardwareshop.de\/index.php\/wp-json\/wp\/v2\/product_tag?post=87340"}],"curies":[{"name":"wp","href":"https:\/\/api.w.org\/{rel}","templated":true}]}}