{"id":87208,"date":"2024-02-18T03:39:37","date_gmt":"2024-02-18T03:39:37","guid":{"rendered":"https:\/\/onlinehardwareshop.de\/index.php\/produkt\/krcher-k5-power-control-home\/"},"modified":"2025-05-14T10:06:18","modified_gmt":"2025-05-14T10:06:18","slug":"krcher-k5-power-control-home","status":"publish","type":"product","link":"https:\/\/onlinehardwareshop.de\/index.php\/produkt\/krcher-k5-power-control-home\/","title":{"rendered":"K&#xE4;rcher K5 Power Control Home"},"content":{"rendered":"<p>Reinige Fl\u00e4chen drau\u00dfen gr\u00fcndlich mit dem K\u00e4rcher K5 Power Control Home. Mit dem im Lieferumfang enthaltenen Fl\u00e4chenreiniger befreist du deine Terrasse von Schmutz. Auch andere harte und weiche Fl\u00e4chen spritzt du dank des einstellbaren Wasserdrucks sauber, ohne Sch\u00e4den zu verursachen. So reinigst du problemlos dein Auto, dein Fahrrad oder deinen Schuppen. Dank des langen Griffs und der R\u00e4der nimmst du den Hochdruckreiniger problemlos mit an einen anderen Ort.<\/p>\n","protected":false},"excerpt":{"rendered":"<p>Reinige Fl\u00e4chen drau\u00dfen gr\u00fcndlich mit dem K\u00e4rcher K5 Power Control Home. Mit dem im Lieferumfang enthaltenen Fl\u00e4chenreiniger befreist du deine Terrasse von Schmutz. Auch andere harte und weiche Fl\u00e4chen spritzt du dank des einstellbaren Wasserdrucks sauber, ohne Sch\u00e4den zu verursachen. So reinigst du problemlos dein Auto, dein Fahrrad oder deinen Schuppen. Dank des langen Griffs und der R\u00e4der nimmst du den Hochdruckreiniger problemlos mit an einen anderen Ort.<\/p>\n","protected":false},"featured_media":0,"comment_status":"closed","ping_status":"open","template":"","meta":{"_acf_changed":false},"brand":[294],"product_brand":[],"product_cat":[2722],"product_tag":[2723],"class_list":{"0":"post-87208","1":"product","2":"type-product","3":"status-publish","5":"brand-karcher","6":"product_cat-hochdruckreiniger","7":"product_tag-hogedrukreinigers","8":"pa_condition-new","9":"pa_coolblue-de-verzending-morgen-gratis-geliefert","10":"pa_ean-17225","11":"pa_mpn-1-324-553-0","13":"first","14":"instock","15":"product-type-external"},"acf":[],"_links":{"self":[{"href":"https:\/\/onlinehardwareshop.de\/index.php\/wp-json\/wp\/v2\/product\/87208","targetHints":{"allow":["GET"]}}],"collection":[{"href":"https:\/\/onlinehardwareshop.de\/index.php\/wp-json\/wp\/v2\/product"}],"about":[{"href":"https:\/\/onlinehardwareshop.de\/index.php\/wp-json\/wp\/v2\/types\/product"}],"replies":[{"embeddable":true,"href":"https:\/\/onlinehardwareshop.de\/index.php\/wp-json\/wp\/v2\/comments?post=87208"}],"wp:attachment":[{"href":"https:\/\/onlinehardwareshop.de\/index.php\/wp-json\/wp\/v2\/media?parent=87208"}],"wp:term":[{"taxonomy":"brand","embeddable":true,"href":"https:\/\/onlinehardwareshop.de\/index.php\/wp-json\/wp\/v2\/brand?post=87208"},{"taxonomy":"product_brand","embeddable":true,"href":"https:\/\/onlinehardwareshop.de\/index.php\/wp-json\/wp\/v2\/product_brand?post=87208"},{"taxonomy":"product_cat","embeddable":true,"href":"https:\/\/onlinehardwareshop.de\/index.php\/wp-json\/wp\/v2\/product_cat?post=87208"},{"taxonomy":"product_tag","embeddable":true,"href":"https:\/\/onlinehardwareshop.de\/index.php\/wp-json\/wp\/v2\/product_tag?post=87208"}],"curies":[{"name":"wp","href":"https:\/\/api.w.org\/{rel}","templated":true}]}}