{"id":87180,"date":"2024-12-19T09:16:05","date_gmt":"2024-12-19T09:16:05","guid":{"rendered":"https:\/\/onlinehardwareshop.de\/index.php\/produkt\/einhell-tc-js-18-li-solo-ohne-akku\/"},"modified":"2025-05-14T08:10:41","modified_gmt":"2025-05-14T08:10:41","slug":"einhell-tc-js-18-li-solo-ohne-akku","status":"publish","type":"product","link":"https:\/\/onlinehardwareshop.de\/index.php\/produkt\/einhell-tc-js-18-li-solo-ohne-akku\/","title":{"rendered":"Einhell TC-JS 18 Li &#8211; Solo (ohne Akku)"},"content":{"rendered":"<p>Mit der Einhell TC-JS 18 Li Solo (ohne Akku) s\u00e4gst du m\u00fchelos durch verschiedene Materialien wie Holz und Metall. Dabei s\u00e4gst du nicht nur gerade, sondern auch schr\u00e4g (auf Gehrung), sodass du damit diverse Arbeiten anpacken kannst. Durch die Blasfunktion siehst du, was du s\u00e4gst. Mit der integrierten Leuchte arbeitest du auch in dunklen R\u00e4umen. Das S\u00e4geblatt wechselst du schnell und m\u00fchelos ohne zus\u00e4tzliches Werkzeug. Mit den Pendelstufen passt du die S\u00e4gegeschwindigkeit an deine Arbeit an, sodass du auch h\u00e4rtere Materialien s\u00e4gst, ohne Brandflecken zu verursachen. Die Blasfunktion sorgt daf\u00fcr, dass du beim S\u00e4gen einen guten \u00dcberblick \u00fcber deine Arbeit beh\u00e4ltst. Diese Stichs\u00e4ge geh\u00f6rt zum Akkusystem Power-X-Change 18V. Wenn du bereits einen Akku aus diesem System besitzt, kannst du ihn auch f\u00fcr diese Maschine verwenden.<\/p>\n","protected":false},"excerpt":{"rendered":"<p>Mit der Einhell TC-JS 18 Li Solo (ohne Akku) s\u00e4gst du m\u00fchelos durch verschiedene Materialien wie Holz und Metall. Dabei s\u00e4gst du nicht nur gerade, sondern auch schr\u00e4g (auf Gehrung), sodass du damit diverse Arbeiten anpacken kannst. Durch die Blasfunktion siehst du, was du s\u00e4gst. Mit der integrierten Leuchte arbeitest du auch in dunklen R\u00e4umen. Das S\u00e4geblatt wechselst du schnell und m\u00fchelos ohne zus\u00e4tzliches Werkzeug. Mit den Pendelstufen passt du die S\u00e4gegeschwindigkeit an deine Arbeit an, sodass du auch h\u00e4rtere Materialien s\u00e4gst, ohne Brandflecken zu verursachen. Die Blasfunktion sorgt daf\u00fcr, dass du beim S\u00e4gen einen guten \u00dcberblick \u00fcber deine Arbeit beh\u00e4ltst. Diese Stichs\u00e4ge geh\u00f6rt zum Akkusystem Power-X-Change 18V. Wenn du bereits einen Akku aus diesem System besitzt, kannst du ihn auch f\u00fcr diese Maschine verwenden.<\/p>\n","protected":false},"featured_media":0,"comment_status":"closed","ping_status":"open","template":"","meta":{"_acf_changed":false},"brand":[1564],"product_brand":[],"product_cat":[43],"product_tag":[2773],"class_list":{"0":"post-87180","1":"product","2":"type-product","3":"status-publish","5":"brand-einhell","6":"product_cat-stichsgen","7":"product_tag-accu-decoupeerzagen","8":"pa_condition-new","9":"pa_coolblue-de-verzending-morgen-gratis-geliefert","10":"pa_ean-28470","11":"pa_mpn-28471","13":"first","14":"instock","15":"product-type-external"},"acf":[],"_links":{"self":[{"href":"https:\/\/onlinehardwareshop.de\/index.php\/wp-json\/wp\/v2\/product\/87180","targetHints":{"allow":["GET"]}}],"collection":[{"href":"https:\/\/onlinehardwareshop.de\/index.php\/wp-json\/wp\/v2\/product"}],"about":[{"href":"https:\/\/onlinehardwareshop.de\/index.php\/wp-json\/wp\/v2\/types\/product"}],"replies":[{"embeddable":true,"href":"https:\/\/onlinehardwareshop.de\/index.php\/wp-json\/wp\/v2\/comments?post=87180"}],"wp:attachment":[{"href":"https:\/\/onlinehardwareshop.de\/index.php\/wp-json\/wp\/v2\/media?parent=87180"}],"wp:term":[{"taxonomy":"brand","embeddable":true,"href":"https:\/\/onlinehardwareshop.de\/index.php\/wp-json\/wp\/v2\/brand?post=87180"},{"taxonomy":"product_brand","embeddable":true,"href":"https:\/\/onlinehardwareshop.de\/index.php\/wp-json\/wp\/v2\/product_brand?post=87180"},{"taxonomy":"product_cat","embeddable":true,"href":"https:\/\/onlinehardwareshop.de\/index.php\/wp-json\/wp\/v2\/product_cat?post=87180"},{"taxonomy":"product_tag","embeddable":true,"href":"https:\/\/onlinehardwareshop.de\/index.php\/wp-json\/wp\/v2\/product_tag?post=87180"}],"curies":[{"name":"wp","href":"https:\/\/api.w.org\/{rel}","templated":true}]}}