{"id":87125,"date":"2024-05-17T20:52:59","date_gmt":"2024-05-17T20:52:59","guid":{"rendered":"https:\/\/onlinehardwareshop.de\/index.php\/produkt\/ninja-creami-nc300eu\/"},"modified":"2025-05-14T05:18:30","modified_gmt":"2025-05-14T05:18:30","slug":"ninja-creami-nc300eu","status":"publish","type":"product","link":"https:\/\/onlinehardwareshop.de\/index.php\/produkt\/ninja-creami-nc300eu\/","title":{"rendered":"Ninja Creami NC300EU"},"content":{"rendered":"<p>Mit der Ninja Creami NC300EU kannst du auf Knopfdruck Eiscreme, Sorbets oder Smoothies herstellen. Dank der Creamify-Technologie verwandelst du deine tiefgek\u00fchlten fl\u00fcssigen Zutaten in wenigen Minuten in ein glattes, cremiges Eis. Durch das Sichtfenster beh\u00e4ltst du den Zubereitungsprozess im Auge, sodass du siehst, wenn das Eis die richtige Konsistenz hat. Durch die 7 automatisch eingestellten Programme verwendest du immer die richtigen Einstellungen. So bereitest du neben Eiscreme auch m\u00fchelos Milchshakes oder eine Smoothie-Bowl zu. W\u00e4hle den Re-Spin-Modus, um dein Eis noch softer zu machen. In den mitgelieferten Eisbeh\u00e4ltern bewahrst du \u00fcbriggebliebenes Eis im Gefrierschrank auf. Die Eismaschine funktioniert mit einem K\u00fchlelement.<\/p>\n","protected":false},"excerpt":{"rendered":"<p>Mit der Ninja Creami NC300EU kannst du auf Knopfdruck Eiscreme, Sorbets oder Smoothies herstellen. Dank der Creamify-Technologie verwandelst du deine tiefgek\u00fchlten fl\u00fcssigen Zutaten in wenigen Minuten in ein glattes, cremiges Eis. Durch das Sichtfenster beh\u00e4ltst du den Zubereitungsprozess im Auge, sodass du siehst, wenn das Eis die richtige Konsistenz hat. Durch die 7 automatisch eingestellten Programme verwendest du immer die richtigen Einstellungen. So bereitest du neben Eiscreme auch m\u00fchelos Milchshakes oder eine Smoothie-Bowl zu. W\u00e4hle den Re-Spin-Modus, um dein Eis noch softer zu machen. In den mitgelieferten Eisbeh\u00e4ltern bewahrst du \u00fcbriggebliebenes Eis im Gefrierschrank auf. Die Eismaschine funktioniert mit einem K\u00fchlelement.<\/p>\n","protected":false},"featured_media":0,"comment_status":"closed","ping_status":"open","template":"","meta":{"_acf_changed":false},"brand":[6837],"product_brand":[],"product_cat":[340],"product_tag":[341],"class_list":{"0":"post-87125","1":"product","2":"type-product","3":"status-publish","5":"brand-ninja","6":"product_cat-eismaschinen","7":"product_tag-ijsmachines","8":"pa_condition-new","9":"pa_coolblue-de-verzending-morgen-gratis-geliefert","10":"pa_ean-10061","11":"pa_mpn-nc300eu","13":"first","14":"instock","15":"product-type-external"},"acf":[],"_links":{"self":[{"href":"https:\/\/onlinehardwareshop.de\/index.php\/wp-json\/wp\/v2\/product\/87125","targetHints":{"allow":["GET"]}}],"collection":[{"href":"https:\/\/onlinehardwareshop.de\/index.php\/wp-json\/wp\/v2\/product"}],"about":[{"href":"https:\/\/onlinehardwareshop.de\/index.php\/wp-json\/wp\/v2\/types\/product"}],"replies":[{"embeddable":true,"href":"https:\/\/onlinehardwareshop.de\/index.php\/wp-json\/wp\/v2\/comments?post=87125"}],"wp:attachment":[{"href":"https:\/\/onlinehardwareshop.de\/index.php\/wp-json\/wp\/v2\/media?parent=87125"}],"wp:term":[{"taxonomy":"brand","embeddable":true,"href":"https:\/\/onlinehardwareshop.de\/index.php\/wp-json\/wp\/v2\/brand?post=87125"},{"taxonomy":"product_brand","embeddable":true,"href":"https:\/\/onlinehardwareshop.de\/index.php\/wp-json\/wp\/v2\/product_brand?post=87125"},{"taxonomy":"product_cat","embeddable":true,"href":"https:\/\/onlinehardwareshop.de\/index.php\/wp-json\/wp\/v2\/product_cat?post=87125"},{"taxonomy":"product_tag","embeddable":true,"href":"https:\/\/onlinehardwareshop.de\/index.php\/wp-json\/wp\/v2\/product_tag?post=87125"}],"curies":[{"name":"wp","href":"https:\/\/api.w.org\/{rel}","templated":true}]}}