{"id":87108,"date":"2024-11-12T08:38:36","date_gmt":"2024-11-12T08:38:36","guid":{"rendered":"https:\/\/onlinehardwareshop.de\/index.php\/produkt\/epson-ecotank-et-3850\/"},"modified":"2025-05-14T04:18:57","modified_gmt":"2025-05-14T04:18:57","slug":"epson-ecotank-et-3850","status":"publish","type":"product","link":"https:\/\/onlinehardwareshop.de\/index.php\/produkt\/epson-ecotank-et-3850\/","title":{"rendered":"Epson EcoTank ET-3850"},"content":{"rendered":"<p>Der Epson EcoTank ET-3850 ist die g\u00fcnstige Druckl\u00f6sung f\u00fcr Haushalte, in denen viel gedruckt wird, und kleine B\u00fcros. Mit diesem EcoTank Multifunktionsdrucker druckst du nicht nur automatisch beidseitig, sondern scannst und kopierst auch. Es gibt kein Problem mehr mit leeren Patronen, denn du f\u00fcllst den EcoTank mit Tinte aus einer Flasche nach. Mit einem Tintenflaschenset druckst du bis zu 7.500\u00a0Seiten in Schwarz-Wei\u00df und 6.000\u00a0Seiten in Farbe. In der Papierkassette ist Platz f\u00fcr 250 Blatt Papier und der automatische Dokumenteneinzug fasst 30 Seiten. Der Drucker l\u00e4sst sich \u00fcber Ethernet, WLAN oder Wi-Fi Direct verbinden. So kannst du den Drucker auch an Orten ohne kabelloses Netz nutzen. Du bedienst diesen Drucker \u00fcber die Epson Smart Panel App oder das Farb-LCD-Display.<\/p>\n","protected":false},"excerpt":{"rendered":"<p>Der Epson EcoTank ET-3850 ist die g\u00fcnstige Druckl\u00f6sung f\u00fcr Haushalte, in denen viel gedruckt wird, und kleine B\u00fcros. Mit diesem EcoTank Multifunktionsdrucker druckst du nicht nur automatisch beidseitig, sondern scannst und kopierst auch. Es gibt kein Problem mehr mit leeren Patronen, denn du f\u00fcllst den EcoTank mit Tinte aus einer Flasche nach. Mit einem Tintenflaschenset druckst du bis zu 7.500\u00a0Seiten in Schwarz-Wei\u00df und 6.000\u00a0Seiten in Farbe. In der Papierkassette ist Platz f\u00fcr 250 Blatt Papier und der automatische Dokumenteneinzug fasst 30 Seiten. Der Drucker l\u00e4sst sich \u00fcber Ethernet, WLAN oder Wi-Fi Direct verbinden. So kannst du den Drucker auch an Orten ohne kabelloses Netz nutzen. Du bedienst diesen Drucker \u00fcber die Epson Smart Panel App oder das Farb-LCD-Display.<\/p>\n","protected":false},"featured_media":0,"comment_status":"closed","ping_status":"open","template":"","meta":{"_acf_changed":false},"brand":[267],"product_brand":[],"product_cat":[2205],"product_tag":[4745],"class_list":{"0":"post-87108","1":"product","2":"type-product","3":"status-publish","5":"brand-epson","6":"product_cat-drucker","7":"product_tag-inkttank-printers","8":"pa_condition-new","9":"pa_coolblue-de-verzending-morgen-gratis-geliefert","10":"pa_ean-8702","11":"pa_mpn-c11cj61402","13":"first","14":"instock","15":"product-type-external"},"acf":[],"_links":{"self":[{"href":"https:\/\/onlinehardwareshop.de\/index.php\/wp-json\/wp\/v2\/product\/87108","targetHints":{"allow":["GET"]}}],"collection":[{"href":"https:\/\/onlinehardwareshop.de\/index.php\/wp-json\/wp\/v2\/product"}],"about":[{"href":"https:\/\/onlinehardwareshop.de\/index.php\/wp-json\/wp\/v2\/types\/product"}],"replies":[{"embeddable":true,"href":"https:\/\/onlinehardwareshop.de\/index.php\/wp-json\/wp\/v2\/comments?post=87108"}],"wp:attachment":[{"href":"https:\/\/onlinehardwareshop.de\/index.php\/wp-json\/wp\/v2\/media?parent=87108"}],"wp:term":[{"taxonomy":"brand","embeddable":true,"href":"https:\/\/onlinehardwareshop.de\/index.php\/wp-json\/wp\/v2\/brand?post=87108"},{"taxonomy":"product_brand","embeddable":true,"href":"https:\/\/onlinehardwareshop.de\/index.php\/wp-json\/wp\/v2\/product_brand?post=87108"},{"taxonomy":"product_cat","embeddable":true,"href":"https:\/\/onlinehardwareshop.de\/index.php\/wp-json\/wp\/v2\/product_cat?post=87108"},{"taxonomy":"product_tag","embeddable":true,"href":"https:\/\/onlinehardwareshop.de\/index.php\/wp-json\/wp\/v2\/product_tag?post=87108"}],"curies":[{"name":"wp","href":"https:\/\/api.w.org\/{rel}","templated":true}]}}