{"id":87057,"date":"2024-04-27T01:59:30","date_gmt":"2024-04-27T01:59:30","guid":{"rendered":"https:\/\/onlinehardwareshop.de\/index.php\/produkt\/rode-videomic-pro\/"},"modified":"2025-05-14T00:34:30","modified_gmt":"2025-05-14T00:34:30","slug":"rode-videomic-pro","status":"publish","type":"product","link":"https:\/\/onlinehardwareshop.de\/index.php\/produkt\/rode-videomic-pro\/","title":{"rendered":"Rode Videomic Pro +"},"content":{"rendered":"<p>Das Rode Videomic Pro+ ist ein Richtrohrmikrofon f\u00fcr fortgeschrittene Videografen, die mit einer Spiegelreflexkamera oder einem Camcorder filmen. Dank der Audiosteuerung kannst du unter anderem den Frequenzbereich nach deinen W\u00fcnschen einstellen. Das Mikrofon ist mit einem zweistufigen Hochpassfilter ausgestattet, der st\u00f6rende T\u00f6ne herausfiltert. Der Shelf-EQ verbessert die hohen T\u00f6ne. Dar\u00fcber hinaus ist das Videomic mit einem Windschutz und einer elastischen Halterung ausgestattet. Du schlie\u00dft das Mikrofon \u00fcber die 3,5-mm-Buchse an deine Kamera an.<\/p>\n","protected":false},"excerpt":{"rendered":"<p>Das Rode Videomic Pro+ ist ein Richtrohrmikrofon f\u00fcr fortgeschrittene Videografen, die mit einer Spiegelreflexkamera oder einem Camcorder filmen. Dank der Audiosteuerung kannst du unter anderem den Frequenzbereich nach deinen W\u00fcnschen einstellen. Das Mikrofon ist mit einem zweistufigen Hochpassfilter ausgestattet, der st\u00f6rende T\u00f6ne herausfiltert. Der Shelf-EQ verbessert die hohen T\u00f6ne. Dar\u00fcber hinaus ist das Videomic mit einem Windschutz und einer elastischen Halterung ausgestattet. Du schlie\u00dft das Mikrofon \u00fcber die 3,5-mm-Buchse an deine Kamera an.<\/p>\n","protected":false},"featured_media":0,"comment_status":"closed","ping_status":"open","template":"","meta":{"_acf_changed":false},"brand":[1569],"product_brand":[],"product_cat":[1570],"product_tag":[1571],"class_list":{"0":"post-87057","1":"product","2":"type-product","3":"status-publish","5":"brand-rode-microphones","6":"product_cat-kameramikrofone","7":"product_tag-cameramicrofoons","8":"pa_condition-new","9":"pa_coolblue-de-verzending-morgen-gratis-geliefert","10":"pa_ean-3181","11":"pa_mpn-rd106588","13":"first","14":"instock","15":"product-type-external"},"acf":[],"_links":{"self":[{"href":"https:\/\/onlinehardwareshop.de\/index.php\/wp-json\/wp\/v2\/product\/87057","targetHints":{"allow":["GET"]}}],"collection":[{"href":"https:\/\/onlinehardwareshop.de\/index.php\/wp-json\/wp\/v2\/product"}],"about":[{"href":"https:\/\/onlinehardwareshop.de\/index.php\/wp-json\/wp\/v2\/types\/product"}],"replies":[{"embeddable":true,"href":"https:\/\/onlinehardwareshop.de\/index.php\/wp-json\/wp\/v2\/comments?post=87057"}],"wp:attachment":[{"href":"https:\/\/onlinehardwareshop.de\/index.php\/wp-json\/wp\/v2\/media?parent=87057"}],"wp:term":[{"taxonomy":"brand","embeddable":true,"href":"https:\/\/onlinehardwareshop.de\/index.php\/wp-json\/wp\/v2\/brand?post=87057"},{"taxonomy":"product_brand","embeddable":true,"href":"https:\/\/onlinehardwareshop.de\/index.php\/wp-json\/wp\/v2\/product_brand?post=87057"},{"taxonomy":"product_cat","embeddable":true,"href":"https:\/\/onlinehardwareshop.de\/index.php\/wp-json\/wp\/v2\/product_cat?post=87057"},{"taxonomy":"product_tag","embeddable":true,"href":"https:\/\/onlinehardwareshop.de\/index.php\/wp-json\/wp\/v2\/product_tag?post=87057"}],"curies":[{"name":"wp","href":"https:\/\/api.w.org\/{rel}","templated":true}]}}