{"id":86910,"date":"2025-01-16T10:32:12","date_gmt":"2025-01-16T10:32:12","guid":{"rendered":"https:\/\/onlinehardwareshop.de\/index.php\/produkt\/miele-tu-hyclean-pure-4-stck\/"},"modified":"2025-05-14T17:06:10","modified_gmt":"2025-05-14T17:06:10","slug":"miele-tu-hyclean-pure-4-stck","status":"publish","type":"product","link":"https:\/\/onlinehardwareshop.de\/index.php\/produkt\/miele-tu-hyclean-pure-4-stck\/","title":{"rendered":"Miele TU HyClean Pure  (4 St&#xFC;ck)"},"content":{"rendered":"<p>Mit diesen Miele HyClean Pure TU Staubsaugerbeuteln ist ein staubfreies Zuhause garantiert. Denn damit filtert dein Staubsauger bis zu 99,99 Prozent aller Staubpartikel. F\u00fcr eine hygienische Reinigung deiner Zimmer schlie\u00dft sich der Beutel beim \u00d6ffnen des Ger\u00e4ts automatisch. Das ist dank der HyClose Funktion m\u00f6glich. So entweicht beim Beutelwechsel kein Schmutz. Aufgrund einer Nutzungsdauer von 3 Monaten nutzt du den Miele Staubbeutel l\u00e4nger als vergleichbare Produkte. Im praktischen Set sind gleich vier Staubsaugerbeutel und ein Filter enthalten.   Die Staubsaugerbeutel nutzt du f\u00fcr alle Miele Guard L1 und Guard S1 Staubsauger.<\/p>\n","protected":false},"excerpt":{"rendered":"<p>Mit diesen Miele HyClean Pure TU Staubsaugerbeuteln ist ein staubfreies Zuhause garantiert. Denn damit filtert dein Staubsauger bis zu 99,99 Prozent aller Staubpartikel. F\u00fcr eine hygienische Reinigung deiner Zimmer schlie\u00dft sich der Beutel beim \u00d6ffnen des Ger\u00e4ts automatisch. Das ist dank der HyClose Funktion m\u00f6glich. So entweicht beim Beutelwechsel kein Schmutz. Aufgrund einer Nutzungsdauer von 3 Monaten nutzt du den Miele Staubbeutel l\u00e4nger als vergleichbare Produkte. Im praktischen Set sind gleich vier Staubsaugerbeutel und ein Filter enthalten.   Die Staubsaugerbeutel nutzt du f\u00fcr alle Miele Guard L1 und Guard S1 Staubsauger.<\/p>\n","protected":false},"featured_media":0,"comment_status":"closed","ping_status":"open","template":"","meta":{"_acf_changed":false},"brand":[551],"product_brand":[],"product_cat":[129],"product_tag":[130],"class_list":{"0":"post-86910","1":"product","2":"type-product","3":"status-publish","5":"brand-miele","6":"product_cat-staubsaugerbeutel","7":"product_tag-stofzuigerzakken","8":"pa_condition-new","9":"pa_coolblue-de-verzending-morgen-gratis-geliefert","10":"pa_ean-29865","11":"pa_mpn-29866","13":"first","14":"instock","15":"product-type-external"},"acf":[],"_links":{"self":[{"href":"https:\/\/onlinehardwareshop.de\/index.php\/wp-json\/wp\/v2\/product\/86910","targetHints":{"allow":["GET"]}}],"collection":[{"href":"https:\/\/onlinehardwareshop.de\/index.php\/wp-json\/wp\/v2\/product"}],"about":[{"href":"https:\/\/onlinehardwareshop.de\/index.php\/wp-json\/wp\/v2\/types\/product"}],"replies":[{"embeddable":true,"href":"https:\/\/onlinehardwareshop.de\/index.php\/wp-json\/wp\/v2\/comments?post=86910"}],"wp:attachment":[{"href":"https:\/\/onlinehardwareshop.de\/index.php\/wp-json\/wp\/v2\/media?parent=86910"}],"wp:term":[{"taxonomy":"brand","embeddable":true,"href":"https:\/\/onlinehardwareshop.de\/index.php\/wp-json\/wp\/v2\/brand?post=86910"},{"taxonomy":"product_brand","embeddable":true,"href":"https:\/\/onlinehardwareshop.de\/index.php\/wp-json\/wp\/v2\/product_brand?post=86910"},{"taxonomy":"product_cat","embeddable":true,"href":"https:\/\/onlinehardwareshop.de\/index.php\/wp-json\/wp\/v2\/product_cat?post=86910"},{"taxonomy":"product_tag","embeddable":true,"href":"https:\/\/onlinehardwareshop.de\/index.php\/wp-json\/wp\/v2\/product_tag?post=86910"}],"curies":[{"name":"wp","href":"https:\/\/api.w.org\/{rel}","templated":true}]}}