{"id":86852,"date":"2024-12-14T22:30:17","date_gmt":"2024-12-14T22:30:17","guid":{"rendered":"https:\/\/onlinehardwareshop.de\/index.php\/produkt\/starterset-dewalt-dcs335nt-xj-50-ah-akku-2-x\/"},"modified":"2025-05-14T13:59:16","modified_gmt":"2025-05-14T13:59:16","slug":"starterset-dewalt-dcs335nt-xj-50-ah-akku-2-x","status":"publish","type":"product","link":"https:\/\/onlinehardwareshop.de\/index.php\/produkt\/starterset-dewalt-dcs335nt-xj-50-ah-akku-2-x\/","title":{"rendered":"Starterset DeWalt DCS335NT-XJ 5,0-Ah-Akku (2 x)"},"content":{"rendered":"<p>Zum Starterset DeWalt DCS335NT-XJ 5,0-Ah-Akku (2 x) erh\u00e4ltst du zwei 5,0-Ah-Akkus und ein Ladeger\u00e4t. So arbeitest du immer ohne Unterbrechungen weiter. In Holz s\u00e4gst du bis zu 135 Millimeter tief und bis zu 10 Millimeter in Metall. Au\u00dferdem s\u00e4gst du damit auch schr\u00e4g (auf Gehrung). Mit den drei Pendelstufen s\u00e4gst du blitzschnell durch dein Werkst\u00fcck. Dank der integrierten Beleuchtung arbeitest du auch problemlos an dunklen Stellen. Mit der Blasfunktion bl\u00e4st du beim S\u00e4gen S\u00e4gesp\u00e4ne weg, sodass du immer genau siehst, was du machst. Das Starterset DCS335NT-XJ 5,0-Ah-Akku (2 x) geh\u00f6rt zum Akkusystem DeWalt XR 18V. Dadurch verwendest du den Akku auch mit anderen (Garten-)Ger\u00e4ten desselben Systems.<\/p>\n","protected":false},"excerpt":{"rendered":"<p>Zum Starterset DeWalt DCS335NT-XJ 5,0-Ah-Akku (2 x) erh\u00e4ltst du zwei 5,0-Ah-Akkus und ein Ladeger\u00e4t. So arbeitest du immer ohne Unterbrechungen weiter. In Holz s\u00e4gst du bis zu 135 Millimeter tief und bis zu 10 Millimeter in Metall. Au\u00dferdem s\u00e4gst du damit auch schr\u00e4g (auf Gehrung). Mit den drei Pendelstufen s\u00e4gst du blitzschnell durch dein Werkst\u00fcck. Dank der integrierten Beleuchtung arbeitest du auch problemlos an dunklen Stellen. Mit der Blasfunktion bl\u00e4st du beim S\u00e4gen S\u00e4gesp\u00e4ne weg, sodass du immer genau siehst, was du machst. Das Starterset DCS335NT-XJ 5,0-Ah-Akku (2 x) geh\u00f6rt zum Akkusystem DeWalt XR 18V. Dadurch verwendest du den Akku auch mit anderen (Garten-)Ger\u00e4ten desselben Systems.<\/p>\n","protected":false},"featured_media":0,"comment_status":"closed","ping_status":"open","template":"","meta":{"_acf_changed":false},"brand":[980],"product_brand":[],"product_cat":[43],"product_tag":[2773],"class_list":{"0":"post-86852","1":"product","2":"type-product","3":"status-publish","5":"brand-dewalt","6":"product_cat-stichsgen","7":"product_tag-accu-decoupeerzagen","8":"pa_condition-new","9":"pa_coolblue-de-verzending-morgen-gratis-geliefert","10":"pa_ean-22912","12":"first","13":"instock","14":"product-type-external"},"acf":[],"_links":{"self":[{"href":"https:\/\/onlinehardwareshop.de\/index.php\/wp-json\/wp\/v2\/product\/86852","targetHints":{"allow":["GET"]}}],"collection":[{"href":"https:\/\/onlinehardwareshop.de\/index.php\/wp-json\/wp\/v2\/product"}],"about":[{"href":"https:\/\/onlinehardwareshop.de\/index.php\/wp-json\/wp\/v2\/types\/product"}],"replies":[{"embeddable":true,"href":"https:\/\/onlinehardwareshop.de\/index.php\/wp-json\/wp\/v2\/comments?post=86852"}],"wp:attachment":[{"href":"https:\/\/onlinehardwareshop.de\/index.php\/wp-json\/wp\/v2\/media?parent=86852"}],"wp:term":[{"taxonomy":"brand","embeddable":true,"href":"https:\/\/onlinehardwareshop.de\/index.php\/wp-json\/wp\/v2\/brand?post=86852"},{"taxonomy":"product_brand","embeddable":true,"href":"https:\/\/onlinehardwareshop.de\/index.php\/wp-json\/wp\/v2\/product_brand?post=86852"},{"taxonomy":"product_cat","embeddable":true,"href":"https:\/\/onlinehardwareshop.de\/index.php\/wp-json\/wp\/v2\/product_cat?post=86852"},{"taxonomy":"product_tag","embeddable":true,"href":"https:\/\/onlinehardwareshop.de\/index.php\/wp-json\/wp\/v2\/product_tag?post=86852"}],"curies":[{"name":"wp","href":"https:\/\/api.w.org\/{rel}","templated":true}]}}