{"id":86850,"date":"2025-03-14T20:48:46","date_gmt":"2025-03-14T20:48:46","guid":{"rendered":"https:\/\/onlinehardwareshop.de\/index.php\/produkt\/starterset-dewalt-dcs367nt-xj-50-ah-akku\/"},"modified":"2025-05-14T13:59:07","modified_gmt":"2025-05-14T13:59:07","slug":"starterset-dewalt-dcs367nt-xj-50-ah-akku","status":"publish","type":"product","link":"https:\/\/onlinehardwareshop.de\/index.php\/produkt\/starterset-dewalt-dcs367nt-xj-50-ah-akku\/","title":{"rendered":"Starterset DeWalt DCS367NT-XJ 5,0-Ah-Akku"},"content":{"rendered":"<p>Zum Starterset DeWalt DCS367NT-XJ 5,0-Ah-Akku erh\u00e4ltst du einen 5,0-Ah-Akku und ein Ladeger\u00e4t. Du nutzt diese S\u00e4bels\u00e4ge also sofort. Das S\u00e4geblatt stellst du in vier Positionen ein, so dass du jede Aufgabe in der richtigen H\u00f6he ausf\u00fchrst. Hierdurch s\u00e4gst du auch an schwer erreichbaren Stellen, zum Beispiel direkt entlang der Wand oder \u00fcber dem Fu\u00dfboden. Willst du weiterarbeiten, wenn es dunkel wird? Mit der LED-Beleuchtung ist das kein Problem. Die S\u00e4gebl\u00e4tter wechselst du ohne Werkzeug. So arbeitest du schnell weiter. Das Starterset DCS367NT-XJ 5,0-Ah-Akku geh\u00f6rt zum Akkusystem DeWalt XR 18V. Dadurch verwendest du den Akku auch mit anderen (Garten-)Ger\u00e4ten desselben Systems.<\/p>\n","protected":false},"excerpt":{"rendered":"<p>Zum Starterset DeWalt DCS367NT-XJ 5,0-Ah-Akku erh\u00e4ltst du einen 5,0-Ah-Akku und ein Ladeger\u00e4t. Du nutzt diese S\u00e4bels\u00e4ge also sofort. Das S\u00e4geblatt stellst du in vier Positionen ein, so dass du jede Aufgabe in der richtigen H\u00f6he ausf\u00fchrst. Hierdurch s\u00e4gst du auch an schwer erreichbaren Stellen, zum Beispiel direkt entlang der Wand oder \u00fcber dem Fu\u00dfboden. Willst du weiterarbeiten, wenn es dunkel wird? Mit der LED-Beleuchtung ist das kein Problem. Die S\u00e4gebl\u00e4tter wechselst du ohne Werkzeug. So arbeitest du schnell weiter. Das Starterset DCS367NT-XJ 5,0-Ah-Akku geh\u00f6rt zum Akkusystem DeWalt XR 18V. Dadurch verwendest du den Akku auch mit anderen (Garten-)Ger\u00e4ten desselben Systems.<\/p>\n","protected":false},"featured_media":0,"comment_status":"closed","ping_status":"open","template":"","meta":{"_acf_changed":false},"brand":[980],"product_brand":[],"product_cat":[585],"product_tag":[2028],"class_list":{"0":"post-86850","1":"product","2":"type-product","3":"status-publish","5":"brand-dewalt","6":"product_cat-sbelsgen","7":"product_tag-accu-reciprozagen","8":"pa_condition-new","9":"pa_coolblue-de-verzending-morgen-gratis-geliefert","10":"pa_ean-22910","12":"first","13":"instock","14":"product-type-external"},"acf":[],"_links":{"self":[{"href":"https:\/\/onlinehardwareshop.de\/index.php\/wp-json\/wp\/v2\/product\/86850","targetHints":{"allow":["GET"]}}],"collection":[{"href":"https:\/\/onlinehardwareshop.de\/index.php\/wp-json\/wp\/v2\/product"}],"about":[{"href":"https:\/\/onlinehardwareshop.de\/index.php\/wp-json\/wp\/v2\/types\/product"}],"replies":[{"embeddable":true,"href":"https:\/\/onlinehardwareshop.de\/index.php\/wp-json\/wp\/v2\/comments?post=86850"}],"wp:attachment":[{"href":"https:\/\/onlinehardwareshop.de\/index.php\/wp-json\/wp\/v2\/media?parent=86850"}],"wp:term":[{"taxonomy":"brand","embeddable":true,"href":"https:\/\/onlinehardwareshop.de\/index.php\/wp-json\/wp\/v2\/brand?post=86850"},{"taxonomy":"product_brand","embeddable":true,"href":"https:\/\/onlinehardwareshop.de\/index.php\/wp-json\/wp\/v2\/product_brand?post=86850"},{"taxonomy":"product_cat","embeddable":true,"href":"https:\/\/onlinehardwareshop.de\/index.php\/wp-json\/wp\/v2\/product_cat?post=86850"},{"taxonomy":"product_tag","embeddable":true,"href":"https:\/\/onlinehardwareshop.de\/index.php\/wp-json\/wp\/v2\/product_tag?post=86850"}],"curies":[{"name":"wp","href":"https:\/\/api.w.org\/{rel}","templated":true}]}}