{"id":86796,"date":"2024-08-29T17:51:56","date_gmt":"2024-08-29T17:51:56","guid":{"rendered":"https:\/\/onlinehardwareshop.de\/index.php\/produkt\/kitchenaid-5kek1701eac-crme\/"},"modified":"2025-05-14T11:03:54","modified_gmt":"2025-05-14T11:03:54","slug":"kitchenaid-5kek1701eac-crme","status":"publish","type":"product","link":"https:\/\/onlinehardwareshop.de\/index.php\/produkt\/kitchenaid-5kek1701eac-crme\/","title":{"rendered":"KitchenAid 5KEK1701EAC Cr&#xE8;me"},"content":{"rendered":"<p>Dank den sieben Temperaturstufen des KitchenAid 5KEK1701EAC Cr\u00e8me br\u00fchst du verschiedene Teesorten immer mit der richtigen Temperatur auf. Soll es eine Tasse wei\u00dfer Tee sein, dann br\u00fchst du ihn mit 40 Grad auf, w\u00e4hrend du f\u00fcr eine Tasse hei\u00dfer Kr\u00e4utertee 100 Grad Celsius ben\u00f6tigst. Die Temperatur stellst du mit der Slider-Bedienung am Ger\u00e4t ein. Auf der Literanzeige hinter dem Griff siehst du, wie viel Wasser du kochst. Das ist praktisch, denn so machst du genau die Menge hei\u00df, die du ben\u00f6tigst. Die Warmhaltefunktion sorgt daf\u00fcr, dass dein Wasser l\u00e4nger die richtige Temperatur beh\u00e4lt. Der Wasserkocher hat ein Fassungsverm\u00f6gen von 1,7 Litern, sodass du ohne Weiteres mehrere Tassen Tee hintereinander aufbr\u00fchst.<\/p>\n","protected":false},"excerpt":{"rendered":"<p>Dank den sieben Temperaturstufen des KitchenAid 5KEK1701EAC Cr\u00e8me br\u00fchst du verschiedene Teesorten immer mit der richtigen Temperatur auf. Soll es eine Tasse wei\u00dfer Tee sein, dann br\u00fchst du ihn mit 40 Grad auf, w\u00e4hrend du f\u00fcr eine Tasse hei\u00dfer Kr\u00e4utertee 100 Grad Celsius ben\u00f6tigst. Die Temperatur stellst du mit der Slider-Bedienung am Ger\u00e4t ein. Auf der Literanzeige hinter dem Griff siehst du, wie viel Wasser du kochst. Das ist praktisch, denn so machst du genau die Menge hei\u00df, die du ben\u00f6tigst. Die Warmhaltefunktion sorgt daf\u00fcr, dass dein Wasser l\u00e4nger die richtige Temperatur beh\u00e4lt. Der Wasserkocher hat ein Fassungsverm\u00f6gen von 1,7 Litern, sodass du ohne Weiteres mehrere Tassen Tee hintereinander aufbr\u00fchst.<\/p>\n","protected":false},"featured_media":0,"comment_status":"closed","ping_status":"open","template":"","meta":{"_acf_changed":false},"brand":[709],"product_brand":[],"product_cat":[716],"product_tag":[717],"class_list":{"0":"post-86796","1":"product","2":"type-product","3":"status-publish","5":"brand-kitchenaid","6":"product_cat-wasserkocher","7":"product_tag-waterkokers","8":"pa_condition-new","9":"pa_coolblue-de-verzending-morgen-gratis-geliefert","10":"pa_ean-32967","11":"pa_mpn-5kek1701eac","13":"first","14":"instock","15":"product-type-external"},"acf":[],"_links":{"self":[{"href":"https:\/\/onlinehardwareshop.de\/index.php\/wp-json\/wp\/v2\/product\/86796","targetHints":{"allow":["GET"]}}],"collection":[{"href":"https:\/\/onlinehardwareshop.de\/index.php\/wp-json\/wp\/v2\/product"}],"about":[{"href":"https:\/\/onlinehardwareshop.de\/index.php\/wp-json\/wp\/v2\/types\/product"}],"replies":[{"embeddable":true,"href":"https:\/\/onlinehardwareshop.de\/index.php\/wp-json\/wp\/v2\/comments?post=86796"}],"wp:attachment":[{"href":"https:\/\/onlinehardwareshop.de\/index.php\/wp-json\/wp\/v2\/media?parent=86796"}],"wp:term":[{"taxonomy":"brand","embeddable":true,"href":"https:\/\/onlinehardwareshop.de\/index.php\/wp-json\/wp\/v2\/brand?post=86796"},{"taxonomy":"product_brand","embeddable":true,"href":"https:\/\/onlinehardwareshop.de\/index.php\/wp-json\/wp\/v2\/product_brand?post=86796"},{"taxonomy":"product_cat","embeddable":true,"href":"https:\/\/onlinehardwareshop.de\/index.php\/wp-json\/wp\/v2\/product_cat?post=86796"},{"taxonomy":"product_tag","embeddable":true,"href":"https:\/\/onlinehardwareshop.de\/index.php\/wp-json\/wp\/v2\/product_tag?post=86796"}],"curies":[{"name":"wp","href":"https:\/\/api.w.org\/{rel}","templated":true}]}}