{"id":86769,"date":"2024-09-29T13:05:14","date_gmt":"2024-09-29T13:05:14","guid":{"rendered":"https:\/\/onlinehardwareshop.de\/index.php\/produkt\/kitchenaid-classic-forged-bratpfannenset-20-24-28cm\/"},"modified":"2025-05-14T08:44:01","modified_gmt":"2025-05-14T08:44:01","slug":"kitchenaid-classic-forged-bratpfannenset-20-24-28cm","status":"publish","type":"product","link":"https:\/\/onlinehardwareshop.de\/index.php\/produkt\/kitchenaid-classic-forged-bratpfannenset-20-24-28cm\/","title":{"rendered":"KitchenAid Classic Forged Bratpfannenset 20 + 24 + 28&#xA0;cm"},"content":{"rendered":"<p>Hole dir mit dem KitchenAid Classic Forged Bratpfannenset 20 + 24 + 28 cm eine geeignete Pfanne f\u00fcr jedes Gericht. Die starke keramische Antihaftbeschichtung verhindert, dass Zutaten am Pfannenboden festkleben. Au\u00dferdem musst du weniger Butter oder \u00d6l benutzen und die Pfannen verschlei\u00dfen weniger schnell. Dadurch br\u00e4tst du nicht nur fettarm, sondern die Pfannen halten auch l\u00e4nger. In der 20\u00a0cm gro\u00dfen Bratpfanne bereitest du kleine Mengen zu. Die 24 und 28\u00a0cm gro\u00dfen Bratpfannen sind f\u00fcr gr\u00f6\u00dfere Mahlzeiten geeignet. An den Kunststoffgriffen tr\u00e4gst du die Pfannen sicher vom Herd zum Tisch, denn diese Griffe bleiben beim Kochen k\u00fchl. Die Pfannen sind f\u00fcr alle W\u00e4rmequellen geeignet, au\u00dfer f\u00fcr den Backofen. Nach Gebrauch reinigst du die Pfannen in der Sp\u00fclmaschine.<\/p>\n","protected":false},"excerpt":{"rendered":"<p>Hole dir mit dem KitchenAid Classic Forged Bratpfannenset 20 + 24 + 28 cm eine geeignete Pfanne f\u00fcr jedes Gericht. Die starke keramische Antihaftbeschichtung verhindert, dass Zutaten am Pfannenboden festkleben. Au\u00dferdem musst du weniger Butter oder \u00d6l benutzen und die Pfannen verschlei\u00dfen weniger schnell. Dadurch br\u00e4tst du nicht nur fettarm, sondern die Pfannen halten auch l\u00e4nger. In der 20\u00a0cm gro\u00dfen Bratpfanne bereitest du kleine Mengen zu. Die 24 und 28\u00a0cm gro\u00dfen Bratpfannen sind f\u00fcr gr\u00f6\u00dfere Mahlzeiten geeignet. An den Kunststoffgriffen tr\u00e4gst du die Pfannen sicher vom Herd zum Tisch, denn diese Griffe bleiben beim Kochen k\u00fchl. Die Pfannen sind f\u00fcr alle W\u00e4rmequellen geeignet, au\u00dfer f\u00fcr den Backofen. Nach Gebrauch reinigst du die Pfannen in der Sp\u00fclmaschine.<\/p>\n","protected":false},"featured_media":0,"comment_status":"closed","ping_status":"open","template":"","meta":{"_acf_changed":false},"brand":[709],"product_brand":[],"product_cat":[372],"product_tag":[1788],"class_list":{"0":"post-86769","1":"product","2":"type-product","3":"status-publish","5":"brand-kitchenaid","6":"product_cat-tpfe-und-pfannen","7":"product_tag-bakpannensets","8":"pa_condition-new","9":"pa_coolblue-de-verzending-morgen-gratis-geliefert","10":"pa_ean-32018","11":"pa_mpn-cc003570-001","13":"first","14":"instock","15":"product-type-external"},"acf":[],"_links":{"self":[{"href":"https:\/\/onlinehardwareshop.de\/index.php\/wp-json\/wp\/v2\/product\/86769","targetHints":{"allow":["GET"]}}],"collection":[{"href":"https:\/\/onlinehardwareshop.de\/index.php\/wp-json\/wp\/v2\/product"}],"about":[{"href":"https:\/\/onlinehardwareshop.de\/index.php\/wp-json\/wp\/v2\/types\/product"}],"replies":[{"embeddable":true,"href":"https:\/\/onlinehardwareshop.de\/index.php\/wp-json\/wp\/v2\/comments?post=86769"}],"wp:attachment":[{"href":"https:\/\/onlinehardwareshop.de\/index.php\/wp-json\/wp\/v2\/media?parent=86769"}],"wp:term":[{"taxonomy":"brand","embeddable":true,"href":"https:\/\/onlinehardwareshop.de\/index.php\/wp-json\/wp\/v2\/brand?post=86769"},{"taxonomy":"product_brand","embeddable":true,"href":"https:\/\/onlinehardwareshop.de\/index.php\/wp-json\/wp\/v2\/product_brand?post=86769"},{"taxonomy":"product_cat","embeddable":true,"href":"https:\/\/onlinehardwareshop.de\/index.php\/wp-json\/wp\/v2\/product_cat?post=86769"},{"taxonomy":"product_tag","embeddable":true,"href":"https:\/\/onlinehardwareshop.de\/index.php\/wp-json\/wp\/v2\/product_tag?post=86769"}],"curies":[{"name":"wp","href":"https:\/\/api.w.org\/{rel}","templated":true}]}}