{"id":86712,"date":"2025-02-10T09:35:13","date_gmt":"2025-02-10T09:35:13","guid":{"rendered":"https:\/\/onlinehardwareshop.de\/index.php\/produkt\/bk-balans-bratpfanne-30cm-grau\/"},"modified":"2025-05-14T04:06:42","modified_gmt":"2025-05-14T04:06:42","slug":"bk-balans-bratpfanne-30cm-grau","status":"publish","type":"product","link":"https:\/\/onlinehardwareshop.de\/index.php\/produkt\/bk-balans-bratpfanne-30cm-grau\/","title":{"rendered":"BK Balans Bratpfanne 30&#xA0;cm Grau"},"content":{"rendered":"<p>In der BK Balans Bratpfanne 30\u00a0cm Grau kannst du gro\u00dfe Fleischst\u00fccke f\u00fcr die ganze Familie zubereiten. Dank der Keramikbeschichtung ist die Garzeit k\u00fcrzer und hei\u00dfer bis zu einer Temperatur von 400 \u00b0C. Die Vitamine und das Aroma bleiben auf diese Weise erhalten. Dank der kratzbest\u00e4ndigen Antihaftbeschichtung h\u00e4lt die Pfanne l\u00e4nger. Die Aluminiumpfanne garantiert eine optimale W\u00e4rmeverteilung und ist leicht. Dank des kalten Griffs kannst du die Pfanne sicher auf den Esstisch stellen. Nach der Anwendung wird die Pfanne einfach mit lauwarmem Wasser und etwas Sp\u00fclmittel gereinigt.<\/p>\n","protected":false},"excerpt":{"rendered":"<p>In der BK Balans Bratpfanne 30\u00a0cm Grau kannst du gro\u00dfe Fleischst\u00fccke f\u00fcr die ganze Familie zubereiten. Dank der Keramikbeschichtung ist die Garzeit k\u00fcrzer und hei\u00dfer bis zu einer Temperatur von 400 \u00b0C. Die Vitamine und das Aroma bleiben auf diese Weise erhalten. Dank der kratzbest\u00e4ndigen Antihaftbeschichtung h\u00e4lt die Pfanne l\u00e4nger. Die Aluminiumpfanne garantiert eine optimale W\u00e4rmeverteilung und ist leicht. Dank des kalten Griffs kannst du die Pfanne sicher auf den Esstisch stellen. Nach der Anwendung wird die Pfanne einfach mit lauwarmem Wasser und etwas Sp\u00fclmittel gereinigt.<\/p>\n","protected":false},"featured_media":0,"comment_status":"closed","ping_status":"open","template":"","meta":{"_acf_changed":false},"brand":[397],"product_brand":[],"product_cat":[372],"product_tag":[384],"class_list":{"0":"post-86712","1":"product","2":"type-product","3":"status-publish","5":"brand-bk","6":"product_cat-tpfe-und-pfannen","7":"product_tag-koekenpannen","8":"pa_condition-new","9":"pa_coolblue-de-verzending-morgen-gratis-geliefert","10":"pa_ean-8404","11":"pa_mpn-b2701-750","13":"first","14":"instock","15":"product-type-external"},"acf":[],"_links":{"self":[{"href":"https:\/\/onlinehardwareshop.de\/index.php\/wp-json\/wp\/v2\/product\/86712","targetHints":{"allow":["GET"]}}],"collection":[{"href":"https:\/\/onlinehardwareshop.de\/index.php\/wp-json\/wp\/v2\/product"}],"about":[{"href":"https:\/\/onlinehardwareshop.de\/index.php\/wp-json\/wp\/v2\/types\/product"}],"replies":[{"embeddable":true,"href":"https:\/\/onlinehardwareshop.de\/index.php\/wp-json\/wp\/v2\/comments?post=86712"}],"wp:attachment":[{"href":"https:\/\/onlinehardwareshop.de\/index.php\/wp-json\/wp\/v2\/media?parent=86712"}],"wp:term":[{"taxonomy":"brand","embeddable":true,"href":"https:\/\/onlinehardwareshop.de\/index.php\/wp-json\/wp\/v2\/brand?post=86712"},{"taxonomy":"product_brand","embeddable":true,"href":"https:\/\/onlinehardwareshop.de\/index.php\/wp-json\/wp\/v2\/product_brand?post=86712"},{"taxonomy":"product_cat","embeddable":true,"href":"https:\/\/onlinehardwareshop.de\/index.php\/wp-json\/wp\/v2\/product_cat?post=86712"},{"taxonomy":"product_tag","embeddable":true,"href":"https:\/\/onlinehardwareshop.de\/index.php\/wp-json\/wp\/v2\/product_tag?post=86712"}],"curies":[{"name":"wp","href":"https:\/\/api.w.org\/{rel}","templated":true}]}}