{"id":86672,"date":"2024-09-12T17:35:54","date_gmt":"2024-09-12T17:35:54","guid":{"rendered":"https:\/\/onlinehardwareshop.de\/index.php\/produkt\/samsung-one-invisible-cable-vg-socr15\/"},"modified":"2025-05-14T01:31:34","modified_gmt":"2025-05-14T01:31:34","slug":"samsung-one-invisible-cable-vg-socr15","status":"publish","type":"product","link":"https:\/\/onlinehardwareshop.de\/index.php\/produkt\/samsung-one-invisible-cable-vg-socr15\/","title":{"rendered":"Samsung One Invisible cable VG-SOCR15"},"content":{"rendered":"<p>Das Samsung VG-SOCR15 ist ein 15 Meter langes Invisible Cable. Es ist praktisch, wenn das f\u00fcnf Meter lange Kabel, das standardm\u00e4\u00dfig mit deinem QLED-Fernseher geliefert wird, nicht lang genug ist. So platzierst du deine Ger\u00e4te noch weiter au\u00dfer Sichtweite. Du verbindest das Invisible Cable mit dem Fernseher und der One Connect Box.  Hinweis:Dieses Kabel ist nur f\u00fcr Samsung 4K QLED und Samsung The Frame Fernseher geeignet, mit Ausnahme der 32\u00a0Zoll Frame Modelle. F\u00fcr 8K QLED Fernseher verwendest du das Samsung VG-SOCR85 Invisible Cable.<\/p>\n","protected":false},"excerpt":{"rendered":"<p>Das Samsung VG-SOCR15 ist ein 15 Meter langes Invisible Cable. Es ist praktisch, wenn das f\u00fcnf Meter lange Kabel, das standardm\u00e4\u00dfig mit deinem QLED-Fernseher geliefert wird, nicht lang genug ist. So platzierst du deine Ger\u00e4te noch weiter au\u00dfer Sichtweite. Du verbindest das Invisible Cable mit dem Fernseher und der One Connect Box.  Hinweis:Dieses Kabel ist nur f\u00fcr Samsung 4K QLED und Samsung The Frame Fernseher geeignet, mit Ausnahme der 32\u00a0Zoll Frame Modelle. F\u00fcr 8K QLED Fernseher verwendest du das Samsung VG-SOCR85 Invisible Cable.<\/p>\n","protected":false},"featured_media":0,"comment_status":"closed","ping_status":"open","template":"","meta":{"_acf_changed":false},"brand":[1165],"product_brand":[],"product_cat":[1804],"product_tag":[1805],"class_list":{"0":"post-86672","1":"product","2":"type-product","3":"status-publish","5":"brand-samsung","6":"product_cat-av-kabel","7":"product_tag-kabels-overig","8":"pa_condition-new","9":"pa_coolblue-de-verzending-morgen-gratis-geliefert","10":"pa_ean-4548","11":"pa_mpn-vg-socr15-xc","13":"first","14":"instock","15":"product-type-external"},"acf":[],"_links":{"self":[{"href":"https:\/\/onlinehardwareshop.de\/index.php\/wp-json\/wp\/v2\/product\/86672","targetHints":{"allow":["GET"]}}],"collection":[{"href":"https:\/\/onlinehardwareshop.de\/index.php\/wp-json\/wp\/v2\/product"}],"about":[{"href":"https:\/\/onlinehardwareshop.de\/index.php\/wp-json\/wp\/v2\/types\/product"}],"replies":[{"embeddable":true,"href":"https:\/\/onlinehardwareshop.de\/index.php\/wp-json\/wp\/v2\/comments?post=86672"}],"wp:attachment":[{"href":"https:\/\/onlinehardwareshop.de\/index.php\/wp-json\/wp\/v2\/media?parent=86672"}],"wp:term":[{"taxonomy":"brand","embeddable":true,"href":"https:\/\/onlinehardwareshop.de\/index.php\/wp-json\/wp\/v2\/brand?post=86672"},{"taxonomy":"product_brand","embeddable":true,"href":"https:\/\/onlinehardwareshop.de\/index.php\/wp-json\/wp\/v2\/product_brand?post=86672"},{"taxonomy":"product_cat","embeddable":true,"href":"https:\/\/onlinehardwareshop.de\/index.php\/wp-json\/wp\/v2\/product_cat?post=86672"},{"taxonomy":"product_tag","embeddable":true,"href":"https:\/\/onlinehardwareshop.de\/index.php\/wp-json\/wp\/v2\/product_tag?post=86672"}],"curies":[{"name":"wp","href":"https:\/\/api.w.org\/{rel}","templated":true}]}}