{"id":86651,"date":"2024-08-21T23:57:06","date_gmt":"2024-08-21T23:57:06","guid":{"rendered":"https:\/\/onlinehardwareshop.de\/index.php\/produkt\/bosch-mum58720-creationline\/"},"modified":"2025-05-13T23:56:24","modified_gmt":"2025-05-13T23:56:24","slug":"bosch-mum58720-creationline","status":"publish","type":"product","link":"https:\/\/onlinehardwareshop.de\/index.php\/produkt\/bosch-mum58720-creationline\/","title":{"rendered":"Bosch MUM58720 CreationLine"},"content":{"rendered":"<p>Mit ihrem leistungsstarken 1.000-Watt-Motor und sieben Geschwindigkeitsstufen eignet sich die Bosch MUM58720 CreationLine besonders gut f\u00fcr schwere Knetarbeiten. In die Edelstahl-R\u00fchrsch\u00fcssel passen beispielsweise 2,7 Kilo Kuchenteig oder 1,9 Kilo Brotteig. Die Geschwindigkeit baut sich beim R\u00fchren und Kneten langsam auf, sodass du Spritzer vermeidest. Der R\u00fchrarm dieser Maschine bewegt sich auf Knopfdruck. So wechselst du die Zubeh\u00f6rteile einfach aus. Diese K\u00fcchenmaschine kann aber noch mehr als nur kneten und r\u00fchren. Mit dem Standmixer und seinem Fassungsverm\u00f6gen von 1,25 Litern bereitest du zum Beispiel leckere Smoothies zu. Den Food-Processor nutzt du, um hartes Gem\u00fcse und Obst zu raspeln oder in Scheiben zu schneiden. Wenn du fertig bist, verstaust du die Aufs\u00e4tze einfach in der mitgelieferten Zubeh\u00f6rtasche.<\/p>\n","protected":false},"excerpt":{"rendered":"<p>Mit ihrem leistungsstarken 1.000-Watt-Motor und sieben Geschwindigkeitsstufen eignet sich die Bosch MUM58720 CreationLine besonders gut f\u00fcr schwere Knetarbeiten. In die Edelstahl-R\u00fchrsch\u00fcssel passen beispielsweise 2,7 Kilo Kuchenteig oder 1,9 Kilo Brotteig. Die Geschwindigkeit baut sich beim R\u00fchren und Kneten langsam auf, sodass du Spritzer vermeidest. Der R\u00fchrarm dieser Maschine bewegt sich auf Knopfdruck. So wechselst du die Zubeh\u00f6rteile einfach aus. Diese K\u00fcchenmaschine kann aber noch mehr als nur kneten und r\u00fchren. Mit dem Standmixer und seinem Fassungsverm\u00f6gen von 1,25 Litern bereitest du zum Beispiel leckere Smoothies zu. Den Food-Processor nutzt du, um hartes Gem\u00fcse und Obst zu raspeln oder in Scheiben zu schneiden. Wenn du fertig bist, verstaust du die Aufs\u00e4tze einfach in der mitgelieferten Zubeh\u00f6rtasche.<\/p>\n","protected":false},"featured_media":0,"comment_status":"closed","ping_status":"open","template":"","meta":{"_acf_changed":false},"brand":[250],"product_brand":[],"product_cat":[2306],"product_tag":[2307],"class_list":{"0":"post-86651","1":"product","2":"type-product","3":"status-publish","5":"brand-bosch","6":"product_cat-kchenmaschinen","7":"product_tag-keukenmixers","8":"pa_condition-new","9":"pa_coolblue-de-verzending-morgen-gratis-geliefert","10":"pa_ean-28162","11":"pa_mpn-mum58720","13":"first","14":"instock","15":"product-type-external"},"acf":[],"_links":{"self":[{"href":"https:\/\/onlinehardwareshop.de\/index.php\/wp-json\/wp\/v2\/product\/86651","targetHints":{"allow":["GET"]}}],"collection":[{"href":"https:\/\/onlinehardwareshop.de\/index.php\/wp-json\/wp\/v2\/product"}],"about":[{"href":"https:\/\/onlinehardwareshop.de\/index.php\/wp-json\/wp\/v2\/types\/product"}],"replies":[{"embeddable":true,"href":"https:\/\/onlinehardwareshop.de\/index.php\/wp-json\/wp\/v2\/comments?post=86651"}],"wp:attachment":[{"href":"https:\/\/onlinehardwareshop.de\/index.php\/wp-json\/wp\/v2\/media?parent=86651"}],"wp:term":[{"taxonomy":"brand","embeddable":true,"href":"https:\/\/onlinehardwareshop.de\/index.php\/wp-json\/wp\/v2\/brand?post=86651"},{"taxonomy":"product_brand","embeddable":true,"href":"https:\/\/onlinehardwareshop.de\/index.php\/wp-json\/wp\/v2\/product_brand?post=86651"},{"taxonomy":"product_cat","embeddable":true,"href":"https:\/\/onlinehardwareshop.de\/index.php\/wp-json\/wp\/v2\/product_cat?post=86651"},{"taxonomy":"product_tag","embeddable":true,"href":"https:\/\/onlinehardwareshop.de\/index.php\/wp-json\/wp\/v2\/product_tag?post=86651"}],"curies":[{"name":"wp","href":"https:\/\/api.w.org\/{rel}","templated":true}]}}