{"id":86330,"date":"2025-02-04T02:24:38","date_gmt":"2025-02-04T02:24:38","guid":{"rendered":"https:\/\/onlinehardwareshop.de\/index.php\/produkt\/krcher-ad2\/"},"modified":"2025-05-14T00:44:10","modified_gmt":"2025-05-14T00:44:10","slug":"krcher-ad2","status":"publish","type":"product","link":"https:\/\/onlinehardwareshop.de\/index.php\/produkt\/krcher-ad2\/","title":{"rendered":"K&#xE4;rcher AD2"},"content":{"rendered":"<p>Der K\u00e4rcher AD 2 eignet sich zum Aufsaugen von Asche, beispielsweise vom Kamin, Heizkessel oder Grill. Der Asche- und Trockensauger sammelt bis zu 14 Liter Staub und Asche im Beh\u00e4lter. Du brauchst also keinen Staubbeutel zu kaufen. Das Filtersystem besteht aus einem Flach- und Grobschmutzfilter, sodass du m\u00fchelos gro\u00dfe Aschemengen aufsaugen kannst. Wenn die Saugleistung abnimmt, reinigt das Ger\u00e4t auf Knopfdruck den verstopften Filter, sodass die Saugleistung wieder zunimmt. Der AD 2 hat einen geschwungenen Griff, damit du auch Ecken und schwer zug\u00e4ngliche Stellen reinigen kannst. Anschlie\u00dfend entleerst du einfach den Beh\u00e4lter, ohne mit dem Schmutz in Ber\u00fchrung zu kommen.<\/p>\n","protected":false},"excerpt":{"rendered":"<p>Der K\u00e4rcher AD 2 eignet sich zum Aufsaugen von Asche, beispielsweise vom Kamin, Heizkessel oder Grill. Der Asche- und Trockensauger sammelt bis zu 14 Liter Staub und Asche im Beh\u00e4lter. Du brauchst also keinen Staubbeutel zu kaufen. Das Filtersystem besteht aus einem Flach- und Grobschmutzfilter, sodass du m\u00fchelos gro\u00dfe Aschemengen aufsaugen kannst. Wenn die Saugleistung abnimmt, reinigt das Ger\u00e4t auf Knopfdruck den verstopften Filter, sodass die Saugleistung wieder zunimmt. Der AD 2 hat einen geschwungenen Griff, damit du auch Ecken und schwer zug\u00e4ngliche Stellen reinigen kannst. Anschlie\u00dfend entleerst du einfach den Beh\u00e4lter, ohne mit dem Schmutz in Ber\u00fchrung zu kommen.<\/p>\n","protected":false},"featured_media":0,"comment_status":"closed","ping_status":"open","template":"","meta":{"_acf_changed":false},"brand":[294],"product_brand":[],"product_cat":[3447],"product_tag":[3448],"class_list":{"0":"post-86330","1":"product","2":"type-product","3":"status-publish","5":"brand-karcher","6":"product_cat-aschesauger","7":"product_tag-aszuigers","8":"pa_condition-new","9":"pa_coolblue-de-verzending-morgen-gratis-geliefert","10":"pa_ean-3445","11":"pa_mpn-1-629-711-0","13":"first","14":"instock","15":"product-type-external"},"acf":[],"_links":{"self":[{"href":"https:\/\/onlinehardwareshop.de\/index.php\/wp-json\/wp\/v2\/product\/86330","targetHints":{"allow":["GET"]}}],"collection":[{"href":"https:\/\/onlinehardwareshop.de\/index.php\/wp-json\/wp\/v2\/product"}],"about":[{"href":"https:\/\/onlinehardwareshop.de\/index.php\/wp-json\/wp\/v2\/types\/product"}],"replies":[{"embeddable":true,"href":"https:\/\/onlinehardwareshop.de\/index.php\/wp-json\/wp\/v2\/comments?post=86330"}],"wp:attachment":[{"href":"https:\/\/onlinehardwareshop.de\/index.php\/wp-json\/wp\/v2\/media?parent=86330"}],"wp:term":[{"taxonomy":"brand","embeddable":true,"href":"https:\/\/onlinehardwareshop.de\/index.php\/wp-json\/wp\/v2\/brand?post=86330"},{"taxonomy":"product_brand","embeddable":true,"href":"https:\/\/onlinehardwareshop.de\/index.php\/wp-json\/wp\/v2\/product_brand?post=86330"},{"taxonomy":"product_cat","embeddable":true,"href":"https:\/\/onlinehardwareshop.de\/index.php\/wp-json\/wp\/v2\/product_cat?post=86330"},{"taxonomy":"product_tag","embeddable":true,"href":"https:\/\/onlinehardwareshop.de\/index.php\/wp-json\/wp\/v2\/product_tag?post=86330"}],"curies":[{"name":"wp","href":"https:\/\/api.w.org\/{rel}","templated":true}]}}