{"id":86327,"date":"2024-07-06T10:58:49","date_gmt":"2024-07-06T10:58:49","guid":{"rendered":"https:\/\/onlinehardwareshop.de\/index.php\/produkt\/canon-ef-70-300mm-f-4-5-6-is\/"},"modified":"2025-05-14T00:34:25","modified_gmt":"2025-05-14T00:34:25","slug":"canon-ef-70-300mm-f-4-5-6-is","status":"publish","type":"product","link":"https:\/\/onlinehardwareshop.de\/index.php\/produkt\/canon-ef-70-300mm-f-4-5-6-is\/","title":{"rendered":"Canon EF 70-300mm f\/4-5.6 IS"},"content":{"rendered":"<p>Das Canon EF 70-300mm IS II USM ist ein Telezoomobjektiv f\u00fcr deine Canon Spiegelreflexkamera mit EF-Bajonett. Du kannst dieses Objektiv f\u00fcr verschiedene Arten von Fotos verwenden, von Portr\u00e4t- bis hin zu Naturaufnahmen. Mit dem eingebauten AF-Motor kannst du schneller ein- und auszoomen, ohne den Fokus zu verlieren. Der Zoom und der Fokus in diesem Objektiv sind leise. Das bedeutet, dass du die Tiere nicht mit dem Fokusger\u00e4usch erschreckst und es auf Filmen nicht h\u00f6rst. Durch die eingebaute Bildstabilisierung kannst du unverwackelte Fotos in bis zu vier Stufen aus der Hand fotografieren. Das Ultra-Low-Dispersion-Element im Objektiv verhindert Bild- und Farbfehler.<\/p>\n","protected":false},"excerpt":{"rendered":"<p>Das Canon EF 70-300mm IS II USM ist ein Telezoomobjektiv f\u00fcr deine Canon Spiegelreflexkamera mit EF-Bajonett. Du kannst dieses Objektiv f\u00fcr verschiedene Arten von Fotos verwenden, von Portr\u00e4t- bis hin zu Naturaufnahmen. Mit dem eingebauten AF-Motor kannst du schneller ein- und auszoomen, ohne den Fokus zu verlieren. Der Zoom und der Fokus in diesem Objektiv sind leise. Das bedeutet, dass du die Tiere nicht mit dem Fokusger\u00e4usch erschreckst und es auf Filmen nicht h\u00f6rst. Durch die eingebaute Bildstabilisierung kannst du unverwackelte Fotos in bis zu vier Stufen aus der Hand fotografieren. Das Ultra-Low-Dispersion-Element im Objektiv verhindert Bild- und Farbfehler.<\/p>\n","protected":false},"featured_media":0,"comment_status":"closed","ping_status":"open","template":"","meta":{"_acf_changed":false},"brand":[61],"product_brand":[],"product_cat":[187],"product_tag":[188],"class_list":{"0":"post-86327","1":"product","2":"type-product","3":"status-publish","5":"brand-canon","6":"product_cat-kameraobjektive","7":"product_tag-lenzen-voor-slr-cameras","8":"pa_condition-new","9":"pa_coolblue-de-verzending-morgen-gratis-geliefert","10":"pa_ean-3179","11":"pa_mpn-0571c005","13":"first","14":"instock","15":"product-type-external"},"acf":[],"_links":{"self":[{"href":"https:\/\/onlinehardwareshop.de\/index.php\/wp-json\/wp\/v2\/product\/86327","targetHints":{"allow":["GET"]}}],"collection":[{"href":"https:\/\/onlinehardwareshop.de\/index.php\/wp-json\/wp\/v2\/product"}],"about":[{"href":"https:\/\/onlinehardwareshop.de\/index.php\/wp-json\/wp\/v2\/types\/product"}],"replies":[{"embeddable":true,"href":"https:\/\/onlinehardwareshop.de\/index.php\/wp-json\/wp\/v2\/comments?post=86327"}],"wp:attachment":[{"href":"https:\/\/onlinehardwareshop.de\/index.php\/wp-json\/wp\/v2\/media?parent=86327"}],"wp:term":[{"taxonomy":"brand","embeddable":true,"href":"https:\/\/onlinehardwareshop.de\/index.php\/wp-json\/wp\/v2\/brand?post=86327"},{"taxonomy":"product_brand","embeddable":true,"href":"https:\/\/onlinehardwareshop.de\/index.php\/wp-json\/wp\/v2\/product_brand?post=86327"},{"taxonomy":"product_cat","embeddable":true,"href":"https:\/\/onlinehardwareshop.de\/index.php\/wp-json\/wp\/v2\/product_cat?post=86327"},{"taxonomy":"product_tag","embeddable":true,"href":"https:\/\/onlinehardwareshop.de\/index.php\/wp-json\/wp\/v2\/product_tag?post=86327"}],"curies":[{"name":"wp","href":"https:\/\/api.w.org\/{rel}","templated":true}]}}