{"id":86323,"date":"2024-11-03T01:07:25","date_gmt":"2024-11-03T01:07:25","guid":{"rendered":"https:\/\/onlinehardwareshop.de\/index.php\/produkt\/domo-b-smart-do961t-toaster\/"},"modified":"2025-05-14T00:16:05","modified_gmt":"2025-05-14T00:16:05","slug":"domo-b-smart-do961t-toaster","status":"publish","type":"product","link":"https:\/\/onlinehardwareshop.de\/index.php\/produkt\/domo-b-smart-do961t-toaster\/","title":{"rendered":"DOMO B-Smart DO961T Toaster"},"content":{"rendered":"<p>Im DOMO B-Smart DO961T Toaster toastest du vier Scheiben Brot gleichzeitig. Das ist praktisch, wenn du der ganzen Familie Toast servieren m\u00f6chtest. Mit dem Auftauprogramm ist auch das Auftauen von vier Brotscheiben gleichzeitig kein Problem. Wenn du altes Brot wieder zum Leben erwecken m\u00f6chtest, schaltest du das Aufw\u00e4rmprogramm ein. In der ausziehbaren Kr\u00fcmelschublade werden lose Kr\u00fcmel ganz einfach aufgefangen, damit sie nicht unten im Toaster anbrennen. Wenn dein Toast anzubrennen droht, verwendest du die Stoppfunktion. Die Toastscheiben werden dann direkt aus den Schlitzen ausgeworfen und brennen nicht an.<\/p>\n","protected":false},"excerpt":{"rendered":"<p>Im DOMO B-Smart DO961T Toaster toastest du vier Scheiben Brot gleichzeitig. Das ist praktisch, wenn du der ganzen Familie Toast servieren m\u00f6chtest. Mit dem Auftauprogramm ist auch das Auftauen von vier Brotscheiben gleichzeitig kein Problem. Wenn du altes Brot wieder zum Leben erwecken m\u00f6chtest, schaltest du das Aufw\u00e4rmprogramm ein. In der ausziehbaren Kr\u00fcmelschublade werden lose Kr\u00fcmel ganz einfach aufgefangen, damit sie nicht unten im Toaster anbrennen. Wenn dein Toast anzubrennen droht, verwendest du die Stoppfunktion. Die Toastscheiben werden dann direkt aus den Schlitzen ausgeworfen und brennen nicht an.<\/p>\n","protected":false},"featured_media":0,"comment_status":"closed","ping_status":"open","template":"","meta":{"_acf_changed":false},"brand":[270],"product_brand":[],"product_cat":[283],"product_tag":[284],"class_list":{"0":"post-86323","1":"product","2":"type-product","3":"status-publish","5":"brand-domo","6":"product_cat-toaster","7":"product_tag-broodroosters","8":"pa_condition-new","9":"pa_coolblue-de-verzending-morgen-gratis-geliefert","10":"pa_ean-2616","11":"pa_mpn-do961t","13":"first","14":"instock","15":"product-type-external"},"acf":[],"_links":{"self":[{"href":"https:\/\/onlinehardwareshop.de\/index.php\/wp-json\/wp\/v2\/product\/86323","targetHints":{"allow":["GET"]}}],"collection":[{"href":"https:\/\/onlinehardwareshop.de\/index.php\/wp-json\/wp\/v2\/product"}],"about":[{"href":"https:\/\/onlinehardwareshop.de\/index.php\/wp-json\/wp\/v2\/types\/product"}],"replies":[{"embeddable":true,"href":"https:\/\/onlinehardwareshop.de\/index.php\/wp-json\/wp\/v2\/comments?post=86323"}],"wp:attachment":[{"href":"https:\/\/onlinehardwareshop.de\/index.php\/wp-json\/wp\/v2\/media?parent=86323"}],"wp:term":[{"taxonomy":"brand","embeddable":true,"href":"https:\/\/onlinehardwareshop.de\/index.php\/wp-json\/wp\/v2\/brand?post=86323"},{"taxonomy":"product_brand","embeddable":true,"href":"https:\/\/onlinehardwareshop.de\/index.php\/wp-json\/wp\/v2\/product_brand?post=86323"},{"taxonomy":"product_cat","embeddable":true,"href":"https:\/\/onlinehardwareshop.de\/index.php\/wp-json\/wp\/v2\/product_cat?post=86323"},{"taxonomy":"product_tag","embeddable":true,"href":"https:\/\/onlinehardwareshop.de\/index.php\/wp-json\/wp\/v2\/product_tag?post=86323"}],"curies":[{"name":"wp","href":"https:\/\/api.w.org\/{rel}","templated":true}]}}