{"id":86321,"date":"2024-03-09T08:52:24","date_gmt":"2024-03-09T08:52:24","guid":{"rendered":"https:\/\/onlinehardwareshop.de\/index.php\/produkt\/audio-technica-ath-m20x\/"},"modified":"2025-05-14T00:14:34","modified_gmt":"2025-05-14T00:14:34","slug":"audio-technica-ath-m20x","status":"publish","type":"product","link":"https:\/\/onlinehardwareshop.de\/index.php\/produkt\/audio-technica-ath-m20x\/","title":{"rendered":"Audio-Technica ATH-M20X"},"content":{"rendered":"<p>Das Audio Technica ATH-M20X ist ein Studio-Kopfh\u00f6rer mit Schwerpunkt auf den Tiefen. Dadurch erzeugt er einen soliden Bassklang. Dank der flachen ohrumschlie\u00dfenden Ohrmuscheln l\u00e4sst der Kopfh\u00f6rer keinen Schall durch und Umgebungsger\u00e4usche werden ausgeblendet. Die Ohrmuscheln k\u00f6nnen f\u00fcr eine bequeme Passform um 15 Grad gedreht werden. Zus\u00e4tzlich kann 1 Ohrmuschel geschwenkt werden, wodurch die Kopfh\u00f6rer f\u00fcr DJs geeignet sind. Auf diese Weise h\u00f6rst du, wie das Publikum auf deine Musik reagiert, und gleichzeitig auch den n\u00e4chsten Song, den du spielen willst. Der M20X wird mit einem 6,3-Millimeter-Adapter geliefert, sodass du den Kopfh\u00f6rer an alle Arten von Audioger\u00e4ten anschlie\u00dfen kannst.<\/p>\n","protected":false},"excerpt":{"rendered":"<p>Das Audio Technica ATH-M20X ist ein Studio-Kopfh\u00f6rer mit Schwerpunkt auf den Tiefen. Dadurch erzeugt er einen soliden Bassklang. Dank der flachen ohrumschlie\u00dfenden Ohrmuscheln l\u00e4sst der Kopfh\u00f6rer keinen Schall durch und Umgebungsger\u00e4usche werden ausgeblendet. Die Ohrmuscheln k\u00f6nnen f\u00fcr eine bequeme Passform um 15 Grad gedreht werden. Zus\u00e4tzlich kann 1 Ohrmuschel geschwenkt werden, wodurch die Kopfh\u00f6rer f\u00fcr DJs geeignet sind. Auf diese Weise h\u00f6rst du, wie das Publikum auf deine Musik reagiert, und gleichzeitig auch den n\u00e4chsten Song, den du spielen willst. Der M20X wird mit einem 6,3-Millimeter-Adapter geliefert, sodass du den Kopfh\u00f6rer an alle Arten von Audioger\u00e4ten anschlie\u00dfen kannst.<\/p>\n","protected":false},"featured_media":0,"comment_status":"closed","ping_status":"open","template":"","meta":{"_acf_changed":false},"brand":[2577],"product_brand":[],"product_cat":[1182],"product_tag":[1183],"class_list":{"0":"post-86321","1":"product","2":"type-product","3":"status-publish","5":"brand-audio-technica","6":"product_cat-kopfhrer","7":"product_tag-hoofdtelefoons-zonder-noisecancelling","8":"pa_condition-new","9":"pa_coolblue-de-verzending-morgen-gratis-geliefert","10":"pa_ean-2575","11":"pa_mpn-ath-m20x","13":"first","14":"instock","15":"product-type-external"},"acf":[],"_links":{"self":[{"href":"https:\/\/onlinehardwareshop.de\/index.php\/wp-json\/wp\/v2\/product\/86321","targetHints":{"allow":["GET"]}}],"collection":[{"href":"https:\/\/onlinehardwareshop.de\/index.php\/wp-json\/wp\/v2\/product"}],"about":[{"href":"https:\/\/onlinehardwareshop.de\/index.php\/wp-json\/wp\/v2\/types\/product"}],"replies":[{"embeddable":true,"href":"https:\/\/onlinehardwareshop.de\/index.php\/wp-json\/wp\/v2\/comments?post=86321"}],"wp:attachment":[{"href":"https:\/\/onlinehardwareshop.de\/index.php\/wp-json\/wp\/v2\/media?parent=86321"}],"wp:term":[{"taxonomy":"brand","embeddable":true,"href":"https:\/\/onlinehardwareshop.de\/index.php\/wp-json\/wp\/v2\/brand?post=86321"},{"taxonomy":"product_brand","embeddable":true,"href":"https:\/\/onlinehardwareshop.de\/index.php\/wp-json\/wp\/v2\/product_brand?post=86321"},{"taxonomy":"product_cat","embeddable":true,"href":"https:\/\/onlinehardwareshop.de\/index.php\/wp-json\/wp\/v2\/product_cat?post=86321"},{"taxonomy":"product_tag","embeddable":true,"href":"https:\/\/onlinehardwareshop.de\/index.php\/wp-json\/wp\/v2\/product_tag?post=86321"}],"curies":[{"name":"wp","href":"https:\/\/api.w.org\/{rel}","templated":true}]}}