{"id":86316,"date":"2024-07-31T23:25:39","date_gmt":"2024-07-31T23:25:39","guid":{"rendered":"https:\/\/onlinehardwareshop.de\/index.php\/produkt\/sennheiser-hd-569\/"},"modified":"2025-05-14T00:06:03","modified_gmt":"2025-05-14T00:06:03","slug":"sennheiser-hd-569","status":"publish","type":"product","link":"https:\/\/onlinehardwareshop.de\/index.php\/produkt\/sennheiser-hd-569\/","title":{"rendered":"Sennheiser HD 569"},"content":{"rendered":"<p>Mit dem Sennheiser HD 569 kannst du zu Hause und unterwegs Musik h\u00f6ren. Die gro\u00dfen Ohrmuscheln umschlie\u00dfen deine Ohren vollst\u00e4ndig, sodass die Kopfh\u00f6rer bequem sind. Wenn die Ohrpolster verschmutzt oder abgenutzt sind, lassen sie sich leicht austauschen. Im Lieferumfang des HD 569 sind ein zus\u00e4tzliches Audiokabel mit Bedienelementen und ein Mikrofon enthalten. Damit steuerst du die Musik und telefonierst freih\u00e4ndig.<\/p>\n","protected":false},"excerpt":{"rendered":"<p>Mit dem Sennheiser HD 569 kannst du zu Hause und unterwegs Musik h\u00f6ren. Die gro\u00dfen Ohrmuscheln umschlie\u00dfen deine Ohren vollst\u00e4ndig, sodass die Kopfh\u00f6rer bequem sind. Wenn die Ohrpolster verschmutzt oder abgenutzt sind, lassen sie sich leicht austauschen. Im Lieferumfang des HD 569 sind ein zus\u00e4tzliches Audiokabel mit Bedienelementen und ein Mikrofon enthalten. Damit steuerst du die Musik und telefonierst freih\u00e4ndig.<\/p>\n","protected":false},"featured_media":0,"comment_status":"closed","ping_status":"open","template":"","meta":{"_acf_changed":false},"brand":[1474],"product_brand":[],"product_cat":[1182],"product_tag":[1183],"class_list":{"0":"post-86316","1":"product","2":"type-product","3":"status-publish","5":"brand-sennheiser","6":"product_cat-kopfhrer","7":"product_tag-hoofdtelefoons-zonder-noisecancelling","8":"pa_condition-new","9":"pa_coolblue-de-verzending-morgen-gratis-geliefert","10":"pa_ean-2336","11":"pa_mpn-2337","13":"first","14":"instock","15":"product-type-external"},"acf":[],"_links":{"self":[{"href":"https:\/\/onlinehardwareshop.de\/index.php\/wp-json\/wp\/v2\/product\/86316","targetHints":{"allow":["GET"]}}],"collection":[{"href":"https:\/\/onlinehardwareshop.de\/index.php\/wp-json\/wp\/v2\/product"}],"about":[{"href":"https:\/\/onlinehardwareshop.de\/index.php\/wp-json\/wp\/v2\/types\/product"}],"replies":[{"embeddable":true,"href":"https:\/\/onlinehardwareshop.de\/index.php\/wp-json\/wp\/v2\/comments?post=86316"}],"wp:attachment":[{"href":"https:\/\/onlinehardwareshop.de\/index.php\/wp-json\/wp\/v2\/media?parent=86316"}],"wp:term":[{"taxonomy":"brand","embeddable":true,"href":"https:\/\/onlinehardwareshop.de\/index.php\/wp-json\/wp\/v2\/brand?post=86316"},{"taxonomy":"product_brand","embeddable":true,"href":"https:\/\/onlinehardwareshop.de\/index.php\/wp-json\/wp\/v2\/product_brand?post=86316"},{"taxonomy":"product_cat","embeddable":true,"href":"https:\/\/onlinehardwareshop.de\/index.php\/wp-json\/wp\/v2\/product_cat?post=86316"},{"taxonomy":"product_tag","embeddable":true,"href":"https:\/\/onlinehardwareshop.de\/index.php\/wp-json\/wp\/v2\/product_tag?post=86316"}],"curies":[{"name":"wp","href":"https:\/\/api.w.org\/{rel}","templated":true}]}}