{"id":86207,"date":"2024-04-08T00:28:05","date_gmt":"2024-04-08T00:28:05","guid":{"rendered":"https:\/\/onlinehardwareshop.de\/index.php\/produkt\/trust-tanor-1080p-full-hd-webcam\/"},"modified":"2025-05-14T16:01:23","modified_gmt":"2025-05-14T16:01:23","slug":"trust-tanor-1080p-full-hd-webcam","status":"publish","type":"product","link":"https:\/\/onlinehardwareshop.de\/index.php\/produkt\/trust-tanor-1080p-full-hd-webcam\/","title":{"rendered":"Trust Tanor 1080p Full HD Webcam"},"content":{"rendered":"<p>Mit der Trust Tanor Full HD Webcam f\u00fchrst du m\u00fchelos Videogespr\u00e4che mit Kollegen, Freunden und Familie. Dank der 1.080p-Aufl\u00f6sung und des Autofokus bist du immer scharf zu sehen. Dadurch stockt dein Bild nicht w\u00e4hrend des Meetings und hast immer eine stabile Videoverbindung. Du befestigst die Webcam dank des verstellbaren St\u00e4nders problemlos an deinem Bildschirm. So richtest du die Webcam immer auf Augenh\u00f6he aus. Zudem hat die Webcam einen Webcamschutz f\u00fcr deine Privatsph\u00e4re, mit dem du die Kamera nach der Verwendung immer ganz einfach abdeckst. Du schlie\u00dft die Trust Tanor m\u00fchelos \u00fcber USB-A oder USB-C an, ohne zus\u00e4tzliche Software herunterladen zu m\u00fcssen. Zudem ist die Tanor eine nachhaltige Wahl, denn diese Webcam besteht zu 85\u00a0% aus recycelten Materialien.<\/p>\n","protected":false},"excerpt":{"rendered":"<p>Mit der Trust Tanor Full HD Webcam f\u00fchrst du m\u00fchelos Videogespr\u00e4che mit Kollegen, Freunden und Familie. Dank der 1.080p-Aufl\u00f6sung und des Autofokus bist du immer scharf zu sehen. Dadurch stockt dein Bild nicht w\u00e4hrend des Meetings und hast immer eine stabile Videoverbindung. Du befestigst die Webcam dank des verstellbaren St\u00e4nders problemlos an deinem Bildschirm. So richtest du die Webcam immer auf Augenh\u00f6he aus. Zudem hat die Webcam einen Webcamschutz f\u00fcr deine Privatsph\u00e4re, mit dem du die Kamera nach der Verwendung immer ganz einfach abdeckst. Du schlie\u00dft die Trust Tanor m\u00fchelos \u00fcber USB-A oder USB-C an, ohne zus\u00e4tzliche Software herunterladen zu m\u00fcssen. Zudem ist die Tanor eine nachhaltige Wahl, denn diese Webcam besteht zu 85\u00a0% aus recycelten Materialien.<\/p>\n","protected":false},"featured_media":0,"comment_status":"closed","ping_status":"open","template":"","meta":{"_acf_changed":false},"brand":[596],"product_brand":[],"product_cat":[999],"product_tag":[1000],"class_list":{"0":"post-86207","1":"product","2":"type-product","3":"status-publish","5":"brand-trust","6":"product_cat-webcams","7":"product_tag-webcams","8":"pa_condition-new","9":"pa_coolblue-de-verzending-morgen-gratis-geliefert","10":"pa_ean-25206","11":"pa_mpn-25207","13":"first","14":"instock","15":"product-type-external"},"acf":[],"_links":{"self":[{"href":"https:\/\/onlinehardwareshop.de\/index.php\/wp-json\/wp\/v2\/product\/86207","targetHints":{"allow":["GET"]}}],"collection":[{"href":"https:\/\/onlinehardwareshop.de\/index.php\/wp-json\/wp\/v2\/product"}],"about":[{"href":"https:\/\/onlinehardwareshop.de\/index.php\/wp-json\/wp\/v2\/types\/product"}],"replies":[{"embeddable":true,"href":"https:\/\/onlinehardwareshop.de\/index.php\/wp-json\/wp\/v2\/comments?post=86207"}],"wp:attachment":[{"href":"https:\/\/onlinehardwareshop.de\/index.php\/wp-json\/wp\/v2\/media?parent=86207"}],"wp:term":[{"taxonomy":"brand","embeddable":true,"href":"https:\/\/onlinehardwareshop.de\/index.php\/wp-json\/wp\/v2\/brand?post=86207"},{"taxonomy":"product_brand","embeddable":true,"href":"https:\/\/onlinehardwareshop.de\/index.php\/wp-json\/wp\/v2\/product_brand?post=86207"},{"taxonomy":"product_cat","embeddable":true,"href":"https:\/\/onlinehardwareshop.de\/index.php\/wp-json\/wp\/v2\/product_cat?post=86207"},{"taxonomy":"product_tag","embeddable":true,"href":"https:\/\/onlinehardwareshop.de\/index.php\/wp-json\/wp\/v2\/product_tag?post=86207"}],"curies":[{"name":"wp","href":"https:\/\/api.w.org\/{rel}","templated":true}]}}