{"id":86206,"date":"2024-06-12T19:25:47","date_gmt":"2024-06-12T19:25:47","guid":{"rendered":"https:\/\/onlinehardwareshop.de\/index.php\/produkt\/hp-envy-6120e-1-schwarze-xl-patrone-1-farbpatrone\/"},"modified":"2025-05-14T15:59:28","modified_gmt":"2025-05-14T15:59:28","slug":"hp-envy-6120e-1-schwarze-xl-patrone-1-farbpatrone","status":"publish","type":"product","link":"https:\/\/onlinehardwareshop.de\/index.php\/produkt\/hp-envy-6120e-1-schwarze-xl-patrone-1-farbpatrone\/","title":{"rendered":"HP ENVY 6120e + 1 schwarze XL-Patrone + 1 Farbpatrone"},"content":{"rendered":"<p>Lege dir mit dem Set aus HP ENVY 6120e + 1 Satz schwarze XL-Patronen + 1 Satz Farbpatronen zus\u00e4tzlich zum Drucker einen Vorrat an Tinte zu. Mit den zus\u00e4tzlichen Patronen druckst du bis zu 320 Seiten in Schwarz-Wei\u00df und 120 Seiten in Farbe. Der HP ENVY 6120e ist ein vielseitiger und kompakter Multifunktions-Tintenstrahldrucker. Mit diesem Modell druckst, scannst und kopierst du oder versendest sogar ein Fax. Der ENVY 6120e druckt au\u00dferdem automatisch beidseitig, also sparst du Papier. Drucke Fotos ohne R\u00e4nder oder kreiere eigene Fotokarten f\u00fcr einen Geburtstag oder andere besondere Anl\u00e4sse. Du sendest deine Druckauftr\u00e4ge kabelgebunden \u00fcber ein USB-Kabel oder kabellos \u00fcber beispielsweise Wi-Fi Direct oder Apple AirPrint. Der Drucker l\u00e4sst sich ganz bequem \u00fcber den LCD-Touchscreen bedienen.   Geeignet f\u00fcr HP Instant Ink  Mit dem HP Instant Ink Abonnement bekommst du automatisch Tinte nach Hause geliefert und sparst Druckkosten. Zu diesem Drucker erh\u00e4ltst du einen kostenlosen Testzeitraum von drei Monaten. So druckst du in den ersten drei Monaten bis zu 700 Seiten kostenlos. Danach zahlst du einen festen Betrag im Monat. Dein Tintenabo l\u00e4sst sich jederzeit \u00e4ndern. Du legst dich also nicht fest. Mehr Informationen zu HP Instant Ink gew\u00fcnscht? Sieh dir unseren Beratungsartikel an.   Drucker mit dynamischer Sicherheit  Bestimmte HP Drucker sind daf\u00fcr ausgelegt, nur mit Patronen zu funktionieren, die neue oder wiederverwendete HP Chips oder elektronische HP Schaltkreise aufweisen. Diese Drucker nutzen dynamische Sicherheitsfunktionen, um Patronen zu blockieren, die mit einem Chip oder einer elektronischen Schaltung ausgestattet sind, die nicht von HP stammt. Die Wirksamkeit dieser Funktionen wird durch regelm\u00e4\u00dfige Firmware-Updates garantiert, sodass auch Patronen blockiert werden, die fr\u00fcher durchaus funktioniert haben. Wiederverwendete HP Chips und elektronische HP Schaltungen erm\u00f6glichen die Nutzung wiederverwendeter, recycelter und neu bef\u00fcllter Patronen.<\/p>\n","protected":false},"excerpt":{"rendered":"<p>Lege dir mit dem Set aus HP ENVY 6120e + 1 Satz schwarze XL-Patronen + 1 Satz Farbpatronen zus\u00e4tzlich zum Drucker einen Vorrat an Tinte zu. Mit den zus\u00e4tzlichen Patronen druckst du bis zu 320 Seiten in Schwarz-Wei\u00df und 120 Seiten in Farbe. Der HP ENVY 6120e ist ein vielseitiger und kompakter Multifunktions-Tintenstrahldrucker. Mit diesem Modell druckst, scannst und kopierst du oder versendest sogar ein Fax. Der ENVY 6120e druckt au\u00dferdem automatisch beidseitig, also sparst du Papier. Drucke Fotos ohne R\u00e4nder oder kreiere eigene Fotokarten f\u00fcr einen Geburtstag oder andere besondere Anl\u00e4sse. Du sendest deine Druckauftr\u00e4ge kabelgebunden \u00fcber ein USB-Kabel oder kabellos \u00fcber beispielsweise Wi-Fi Direct oder Apple AirPrint. Der Drucker l\u00e4sst sich ganz bequem \u00fcber den LCD-Touchscreen bedienen.   Geeignet f\u00fcr HP Instant Ink  Mit dem HP Instant Ink Abonnement bekommst du automatisch Tinte nach Hause geliefert und sparst Druckkosten. Zu diesem Drucker erh\u00e4ltst du einen kostenlosen Testzeitraum von drei Monaten. So druckst du in den ersten drei Monaten bis zu 700 Seiten kostenlos. Danach zahlst du einen festen Betrag im Monat. Dein Tintenabo l\u00e4sst sich jederzeit \u00e4ndern. Du legst dich also nicht fest. Mehr Informationen zu HP Instant Ink gew\u00fcnscht? Sieh dir unseren Beratungsartikel an.   Drucker mit dynamischer Sicherheit  Bestimmte HP Drucker sind daf\u00fcr ausgelegt, nur mit Patronen zu funktionieren, die neue oder wiederverwendete HP Chips oder elektronische HP Schaltkreise aufweisen. Diese Drucker nutzen dynamische Sicherheitsfunktionen, um Patronen zu blockieren, die mit einem Chip oder einer elektronischen Schaltung ausgestattet sind, die nicht von HP stammt. Die Wirksamkeit dieser Funktionen wird durch regelm\u00e4\u00dfige Firmware-Updates garantiert, sodass auch Patronen blockiert werden, die fr\u00fcher durchaus funktioniert haben. Wiederverwendete HP Chips und elektronische HP Schaltungen erm\u00f6glichen die Nutzung wiederverwendeter, recycelter und neu bef\u00fcllter Patronen.<\/p>\n","protected":false},"featured_media":0,"comment_status":"closed","ping_status":"open","template":"","meta":{"_acf_changed":false},"brand":[90],"product_brand":[],"product_cat":[2205],"product_tag":[2206],"class_list":{"0":"post-86206","1":"product","2":"type-product","3":"status-publish","5":"brand-hp","6":"product_cat-drucker","7":"product_tag-inkjetprinters","8":"pa_condition-new","9":"pa_coolblue-de-verzending-morgen-gratis-geliefert","10":"pa_ean-27133","12":"first","13":"instock","14":"product-type-external"},"acf":[],"_links":{"self":[{"href":"https:\/\/onlinehardwareshop.de\/index.php\/wp-json\/wp\/v2\/product\/86206","targetHints":{"allow":["GET"]}}],"collection":[{"href":"https:\/\/onlinehardwareshop.de\/index.php\/wp-json\/wp\/v2\/product"}],"about":[{"href":"https:\/\/onlinehardwareshop.de\/index.php\/wp-json\/wp\/v2\/types\/product"}],"replies":[{"embeddable":true,"href":"https:\/\/onlinehardwareshop.de\/index.php\/wp-json\/wp\/v2\/comments?post=86206"}],"wp:attachment":[{"href":"https:\/\/onlinehardwareshop.de\/index.php\/wp-json\/wp\/v2\/media?parent=86206"}],"wp:term":[{"taxonomy":"brand","embeddable":true,"href":"https:\/\/onlinehardwareshop.de\/index.php\/wp-json\/wp\/v2\/brand?post=86206"},{"taxonomy":"product_brand","embeddable":true,"href":"https:\/\/onlinehardwareshop.de\/index.php\/wp-json\/wp\/v2\/product_brand?post=86206"},{"taxonomy":"product_cat","embeddable":true,"href":"https:\/\/onlinehardwareshop.de\/index.php\/wp-json\/wp\/v2\/product_cat?post=86206"},{"taxonomy":"product_tag","embeddable":true,"href":"https:\/\/onlinehardwareshop.de\/index.php\/wp-json\/wp\/v2\/product_tag?post=86206"}],"curies":[{"name":"wp","href":"https:\/\/api.w.org\/{rel}","templated":true}]}}