{"id":86063,"date":"2024-05-20T15:02:27","date_gmt":"2024-05-20T15:02:27","guid":{"rendered":"https:\/\/onlinehardwareshop.de\/index.php\/produkt\/trust-gxt-926-redex-ii-kabellose-gaming-maus\/"},"modified":"2025-05-14T10:36:02","modified_gmt":"2025-05-14T10:36:02","slug":"trust-gxt-926-redex-ii-kabellose-gaming-maus","status":"publish","type":"product","link":"https:\/\/onlinehardwareshop.de\/index.php\/produkt\/trust-gxt-926-redex-ii-kabellose-gaming-maus\/","title":{"rendered":"Trust GXT 926 Redex II Kabellose Gaming-Maus"},"content":{"rendered":"<p>Mit der Trust GXT 926 Redex II kabellosen Gaming-Maus hast du die volle Freiheit beim Gaming. Diese Gaming-Maus von Trust hat bis zu 10.000\u00a0dpi, was ideal f\u00fcr alle Arten von Spielen ist. Die beiden zus\u00e4tzlichen Daumentasten kannst du selbst einstellen, weshalb du schneller als dein Gegner reagieren kannst, wenn du deine Waffen wechselst oder eine Spezialattacke ausf\u00fchrst. Die Gaming-Maus l\u00e4sst sich \u00fcber den mitgelieferten USB-Dongle m\u00fchelos anschlie\u00dfen und man kann bis zu 65 Stunden spielen, ohne laden zu m\u00fcssen. Die GXT 926 Redex 2 hat RGB-Beleuchtung mit 16,8 MIllionen Farben, die du mit der Software von Trust komplett personalisieren kannst.<\/p>\n","protected":false},"excerpt":{"rendered":"<p>Mit der Trust GXT 926 Redex II kabellosen Gaming-Maus hast du die volle Freiheit beim Gaming. Diese Gaming-Maus von Trust hat bis zu 10.000\u00a0dpi, was ideal f\u00fcr alle Arten von Spielen ist. Die beiden zus\u00e4tzlichen Daumentasten kannst du selbst einstellen, weshalb du schneller als dein Gegner reagieren kannst, wenn du deine Waffen wechselst oder eine Spezialattacke ausf\u00fchrst. Die Gaming-Maus l\u00e4sst sich \u00fcber den mitgelieferten USB-Dongle m\u00fchelos anschlie\u00dfen und man kann bis zu 65 Stunden spielen, ohne laden zu m\u00fcssen. Die GXT 926 Redex 2 hat RGB-Beleuchtung mit 16,8 MIllionen Farben, die du mit der Software von Trust komplett personalisieren kannst.<\/p>\n","protected":false},"featured_media":0,"comment_status":"closed","ping_status":"open","template":"","meta":{"_acf_changed":false},"brand":[596],"product_brand":[],"product_cat":[33],"product_tag":[3752],"class_list":{"0":"post-86063","1":"product","2":"type-product","3":"status-publish","5":"brand-trust","6":"product_cat-muse","7":"product_tag-gaming-muizen","8":"pa_condition-new","9":"pa_coolblue-de-verzending-morgen-gratis-geliefert","10":"pa_ean-17911","11":"pa_mpn-17912","13":"first","14":"instock","15":"product-type-external"},"acf":[],"_links":{"self":[{"href":"https:\/\/onlinehardwareshop.de\/index.php\/wp-json\/wp\/v2\/product\/86063","targetHints":{"allow":["GET"]}}],"collection":[{"href":"https:\/\/onlinehardwareshop.de\/index.php\/wp-json\/wp\/v2\/product"}],"about":[{"href":"https:\/\/onlinehardwareshop.de\/index.php\/wp-json\/wp\/v2\/types\/product"}],"replies":[{"embeddable":true,"href":"https:\/\/onlinehardwareshop.de\/index.php\/wp-json\/wp\/v2\/comments?post=86063"}],"wp:attachment":[{"href":"https:\/\/onlinehardwareshop.de\/index.php\/wp-json\/wp\/v2\/media?parent=86063"}],"wp:term":[{"taxonomy":"brand","embeddable":true,"href":"https:\/\/onlinehardwareshop.de\/index.php\/wp-json\/wp\/v2\/brand?post=86063"},{"taxonomy":"product_brand","embeddable":true,"href":"https:\/\/onlinehardwareshop.de\/index.php\/wp-json\/wp\/v2\/product_brand?post=86063"},{"taxonomy":"product_cat","embeddable":true,"href":"https:\/\/onlinehardwareshop.de\/index.php\/wp-json\/wp\/v2\/product_cat?post=86063"},{"taxonomy":"product_tag","embeddable":true,"href":"https:\/\/onlinehardwareshop.de\/index.php\/wp-json\/wp\/v2\/product_tag?post=86063"}],"curies":[{"name":"wp","href":"https:\/\/api.w.org\/{rel}","templated":true}]}}