{"id":86007,"date":"2024-01-02T00:49:07","date_gmt":"2024-01-02T00:49:07","guid":{"rendered":"https:\/\/onlinehardwareshop.de\/index.php\/produkt\/brother-mfc-j5340dwe\/"},"modified":"2025-05-14T06:55:51","modified_gmt":"2025-05-14T06:55:51","slug":"brother-mfc-j5340dwe","status":"publish","type":"product","link":"https:\/\/onlinehardwareshop.de\/index.php\/produkt\/brother-mfc-j5340dwe\/","title":{"rendered":"Brother MFC-J5340DWE"},"content":{"rendered":"<p>Der Brother MFC-J5340DWE ist ein 4-in-1-Tintenstrahldrucker und ideal f\u00fcr ein kleines oder mittelgro\u00dfes B\u00fcro. Da es sich um einen Farbdrucker handelt, lassen sich deine Grafiken auch in Farbe im A3- und A4-Format drucken. Mit einer Druckgeschwindigkeit von 28 Seiten pro Minute wartest du bei umfangreicheren Textdokumenten nicht lange. Du scannst, kopierst und faxt bis zum Format A4. Der Drucker verf\u00fcgt \u00fcber einen automatischen Dokumenteneinzug. Das bedeutet, dass du mit diesem Drucker bis zu 50 Blatt auf einmal scannst und kopierst. Spare Papier mit der automatischen beidseitigen Druckfunktion. Sende Druckauftr\u00e4ge direkt von deinem Schreibtisch aus \u00fcber Wi-Fi Direct, E-Mail Print oder Apple AirPrint. Lade die Brother Mobile Connect App herunter und steuere den Drucker \u00fcber dein Smartphone oder Tablet.   Geeignet f\u00fcr Brother EcoPro Dieser Drucker eignet sich f\u00fcr Brother EcoPro, das Druckabo von Brother. Dabei erh\u00e4ltst du automatisch Patronen, wenn deine aktuellen Patronen leer sind. Leere Patronen schickst du kostenlos zur\u00fcck. Zudem bekommst du eine durchgehende Garantie auf deinen Drucker. Teste Brother EcoPro in einer viermonatigen Probezeit kostenlos. Mehr Informationen zu EcoPro? Dann sieh dir unseren Beratungsartikel an.<\/p>\n","protected":false},"excerpt":{"rendered":"<p>Der Brother MFC-J5340DWE ist ein 4-in-1-Tintenstrahldrucker und ideal f\u00fcr ein kleines oder mittelgro\u00dfes B\u00fcro. Da es sich um einen Farbdrucker handelt, lassen sich deine Grafiken auch in Farbe im A3- und A4-Format drucken. Mit einer Druckgeschwindigkeit von 28 Seiten pro Minute wartest du bei umfangreicheren Textdokumenten nicht lange. Du scannst, kopierst und faxt bis zum Format A4. Der Drucker verf\u00fcgt \u00fcber einen automatischen Dokumenteneinzug. Das bedeutet, dass du mit diesem Drucker bis zu 50 Blatt auf einmal scannst und kopierst. Spare Papier mit der automatischen beidseitigen Druckfunktion. Sende Druckauftr\u00e4ge direkt von deinem Schreibtisch aus \u00fcber Wi-Fi Direct, E-Mail Print oder Apple AirPrint. Lade die Brother Mobile Connect App herunter und steuere den Drucker \u00fcber dein Smartphone oder Tablet.   Geeignet f\u00fcr Brother EcoPro Dieser Drucker eignet sich f\u00fcr Brother EcoPro, das Druckabo von Brother. Dabei erh\u00e4ltst du automatisch Patronen, wenn deine aktuellen Patronen leer sind. Leere Patronen schickst du kostenlos zur\u00fcck. Zudem bekommst du eine durchgehende Garantie auf deinen Drucker. Teste Brother EcoPro in einer viermonatigen Probezeit kostenlos. Mehr Informationen zu EcoPro? Dann sieh dir unseren Beratungsartikel an.<\/p>\n","protected":false},"featured_media":0,"comment_status":"closed","ping_status":"open","template":"","meta":{"_acf_changed":false},"brand":[164],"product_brand":[],"product_cat":[2205],"product_tag":[2206],"class_list":{"0":"post-86007","1":"product","2":"type-product","3":"status-publish","5":"brand-brother","6":"product_cat-drucker","7":"product_tag-inkjetprinters","8":"pa_condition-new","9":"pa_coolblue-de-verzending-morgen-gratis-geliefert","10":"pa_ean-12495","11":"pa_mpn-mfcj5340dwere1","13":"first","14":"instock","15":"product-type-external"},"acf":[],"_links":{"self":[{"href":"https:\/\/onlinehardwareshop.de\/index.php\/wp-json\/wp\/v2\/product\/86007","targetHints":{"allow":["GET"]}}],"collection":[{"href":"https:\/\/onlinehardwareshop.de\/index.php\/wp-json\/wp\/v2\/product"}],"about":[{"href":"https:\/\/onlinehardwareshop.de\/index.php\/wp-json\/wp\/v2\/types\/product"}],"replies":[{"embeddable":true,"href":"https:\/\/onlinehardwareshop.de\/index.php\/wp-json\/wp\/v2\/comments?post=86007"}],"wp:attachment":[{"href":"https:\/\/onlinehardwareshop.de\/index.php\/wp-json\/wp\/v2\/media?parent=86007"}],"wp:term":[{"taxonomy":"brand","embeddable":true,"href":"https:\/\/onlinehardwareshop.de\/index.php\/wp-json\/wp\/v2\/brand?post=86007"},{"taxonomy":"product_brand","embeddable":true,"href":"https:\/\/onlinehardwareshop.de\/index.php\/wp-json\/wp\/v2\/product_brand?post=86007"},{"taxonomy":"product_cat","embeddable":true,"href":"https:\/\/onlinehardwareshop.de\/index.php\/wp-json\/wp\/v2\/product_cat?post=86007"},{"taxonomy":"product_tag","embeddable":true,"href":"https:\/\/onlinehardwareshop.de\/index.php\/wp-json\/wp\/v2\/product_tag?post=86007"}],"curies":[{"name":"wp","href":"https:\/\/api.w.org\/{rel}","templated":true}]}}