{"id":85732,"date":"2024-05-24T12:56:08","date_gmt":"2024-05-24T12:56:08","guid":{"rendered":"https:\/\/onlinehardwareshop.de\/index.php\/produkt\/brabantia-bgelbrett-c-124-x-45cm-spring-bubbles\/"},"modified":"2025-05-14T09:52:21","modified_gmt":"2025-05-14T09:52:21","slug":"brabantia-bgelbrett-c-124-x-45cm-spring-bubbles","status":"publish","type":"product","link":"https:\/\/onlinehardwareshop.de\/index.php\/produkt\/brabantia-bgelbrett-c-124-x-45cm-spring-bubbles\/","title":{"rendered":"Brabantia B&#xFC;gelbrett C 124 x 45&#xA0;cm Spring Bubbles"},"content":{"rendered":"<p>Mit dem Brabantia B\u00fcgelbrett C 124 x 45\u00a0cm Spring Bubbles kannst du mit deiner Dampfb\u00fcgelstation auf einem breiten B\u00fcgelbrett b\u00fcgeln. So wird deine Kleidung schnell und bequem faltenfrei. Da die Halterung f\u00fcr die Dampfeinheit extra gro\u00df ist, steht deine Dampfb\u00fcgelstation sicher und stabil. Du kannst die Arbeitsh\u00f6he dieses B\u00fcgelbretts von 75 bis 98 Zentimeter einstellen. So k\u00f6nnen Personen mit unterschiedlicher K\u00f6rpergr\u00f6\u00dfe das Ger\u00e4t benutzen. Dank der Kindersicherung verhinderst du, dass das B\u00fcgelbrett versehentlich zusammenklappt. Die rutschfesten Kappen halten das Brett stabil und verhindern, dass du den Boden zerkratzt. Wenn du das Brett bewegst, verhindert die Transportsicherung, dass es sich aufklappt.<\/p>\n","protected":false},"excerpt":{"rendered":"<p>Mit dem Brabantia B\u00fcgelbrett C 124 x 45\u00a0cm Spring Bubbles kannst du mit deiner Dampfb\u00fcgelstation auf einem breiten B\u00fcgelbrett b\u00fcgeln. So wird deine Kleidung schnell und bequem faltenfrei. Da die Halterung f\u00fcr die Dampfeinheit extra gro\u00df ist, steht deine Dampfb\u00fcgelstation sicher und stabil. Du kannst die Arbeitsh\u00f6he dieses B\u00fcgelbretts von 75 bis 98 Zentimeter einstellen. So k\u00f6nnen Personen mit unterschiedlicher K\u00f6rpergr\u00f6\u00dfe das Ger\u00e4t benutzen. Dank der Kindersicherung verhinderst du, dass das B\u00fcgelbrett versehentlich zusammenklappt. Die rutschfesten Kappen halten das Brett stabil und verhindern, dass du den Boden zerkratzt. Wenn du das Brett bewegst, verhindert die Transportsicherung, dass es sich aufklappt.<\/p>\n","protected":false},"featured_media":0,"comment_status":"closed","ping_status":"open","template":"","meta":{"_acf_changed":false},"brand":[66],"product_brand":[],"product_cat":[6006],"product_tag":[6007],"class_list":{"0":"post-85732","1":"product","2":"type-product","3":"status-publish","5":"brand-brabantia","6":"product_cat-bgelbretter","7":"product_tag-strijkplanken","8":"pa_condition-new","9":"pa_coolblue-de-verzending-morgen-gratis-geliefert","10":"pa_ean-16938","11":"pa_mpn-16939","13":"first","14":"instock","15":"product-type-external"},"acf":[],"_links":{"self":[{"href":"https:\/\/onlinehardwareshop.de\/index.php\/wp-json\/wp\/v2\/product\/85732","targetHints":{"allow":["GET"]}}],"collection":[{"href":"https:\/\/onlinehardwareshop.de\/index.php\/wp-json\/wp\/v2\/product"}],"about":[{"href":"https:\/\/onlinehardwareshop.de\/index.php\/wp-json\/wp\/v2\/types\/product"}],"replies":[{"embeddable":true,"href":"https:\/\/onlinehardwareshop.de\/index.php\/wp-json\/wp\/v2\/comments?post=85732"}],"wp:attachment":[{"href":"https:\/\/onlinehardwareshop.de\/index.php\/wp-json\/wp\/v2\/media?parent=85732"}],"wp:term":[{"taxonomy":"brand","embeddable":true,"href":"https:\/\/onlinehardwareshop.de\/index.php\/wp-json\/wp\/v2\/brand?post=85732"},{"taxonomy":"product_brand","embeddable":true,"href":"https:\/\/onlinehardwareshop.de\/index.php\/wp-json\/wp\/v2\/product_brand?post=85732"},{"taxonomy":"product_cat","embeddable":true,"href":"https:\/\/onlinehardwareshop.de\/index.php\/wp-json\/wp\/v2\/product_cat?post=85732"},{"taxonomy":"product_tag","embeddable":true,"href":"https:\/\/onlinehardwareshop.de\/index.php\/wp-json\/wp\/v2\/product_tag?post=85732"}],"curies":[{"name":"wp","href":"https:\/\/api.w.org\/{rel}","templated":true}]}}