{"id":85657,"date":"2025-01-15T04:18:27","date_gmt":"2025-01-15T04:18:27","guid":{"rendered":"https:\/\/onlinehardwareshop.de\/index.php\/produkt\/kenwood-multipro-xl-weigh-fdm72-990bk\/"},"modified":"2025-05-14T06:09:17","modified_gmt":"2025-05-14T06:09:17","slug":"kenwood-multipro-xl-weigh-fdm72-990bk","status":"publish","type":"product","link":"https:\/\/onlinehardwareshop.de\/index.php\/produkt\/kenwood-multipro-xl-weigh-fdm72-990bk\/","title":{"rendered":"Kenwood MultiPro XL Weigh+ FDM72.990BK"},"content":{"rendered":"<p>Mit dem Kenwood MultiPro XL Weigh+ FDM72.990BK Food-Processor kannst du dank der integrierten Waage Zutaten direkt in der R\u00fchrsch\u00fcssel abwiegen. Du erh\u00e4ltst auch einen praktischen Wiegeteller, mit dem du deine Zutaten abwiegst. Der Food-Processor ist f\u00fcr verschiedene Zubereitungen geeignet, zum Beispiel zum Hacken, Schneiden, Reiben und Kneten von Zutaten. Zudem ist weiteres Zubeh\u00f6r enthalten. Zum Beispiel kannst du mit dem Mixeraufsatz Smoothies und mit der Zitronenpresse frischen Orangensaft pressen. Mit dem Schneebesen schl\u00e4gst du Sahne auf. Die 3-Liter-R\u00fchrsch\u00fcssel ist mit einem XL-Trichter ausgestattet. Dadurch lassen sich gro\u00dfe Obst- und Gem\u00fcsest\u00fccke hineinlegen und du musst weniger klein schneiden. Die Geschwindigkeit ist stufenlos einstellbar. Somit kannst du die Geschwindigkeit genau an die jeweilige Zubereitung anpassen. Bewahre das Zubeh\u00f6r nach dem Gebrauch in der Aufbewahrungstasche auf.<\/p>\n","protected":false},"excerpt":{"rendered":"<p>Mit dem Kenwood MultiPro XL Weigh+ FDM72.990BK Food-Processor kannst du dank der integrierten Waage Zutaten direkt in der R\u00fchrsch\u00fcssel abwiegen. Du erh\u00e4ltst auch einen praktischen Wiegeteller, mit dem du deine Zutaten abwiegst. Der Food-Processor ist f\u00fcr verschiedene Zubereitungen geeignet, zum Beispiel zum Hacken, Schneiden, Reiben und Kneten von Zutaten. Zudem ist weiteres Zubeh\u00f6r enthalten. Zum Beispiel kannst du mit dem Mixeraufsatz Smoothies und mit der Zitronenpresse frischen Orangensaft pressen. Mit dem Schneebesen schl\u00e4gst du Sahne auf. Die 3-Liter-R\u00fchrsch\u00fcssel ist mit einem XL-Trichter ausgestattet. Dadurch lassen sich gro\u00dfe Obst- und Gem\u00fcsest\u00fccke hineinlegen und du musst weniger klein schneiden. Die Geschwindigkeit ist stufenlos einstellbar. Somit kannst du die Geschwindigkeit genau an die jeweilige Zubereitung anpassen. Bewahre das Zubeh\u00f6r nach dem Gebrauch in der Aufbewahrungstasche auf.<\/p>\n","protected":false},"featured_media":0,"comment_status":"closed","ping_status":"open","template":"","meta":{"_acf_changed":false},"brand":[234],"product_brand":[],"product_cat":[209],"product_tag":[210],"class_list":{"0":"post-85657","1":"product","2":"type-product","3":"status-publish","5":"brand-kenwood","6":"product_cat-food-processors","7":"product_tag-foodprocessors-zonder-kookfunctie","8":"pa_condition-new","9":"pa_coolblue-de-verzending-morgen-gratis-geliefert","10":"pa_ean-11296","11":"pa_mpn-0w22011070","13":"first","14":"instock","15":"product-type-external"},"acf":[],"_links":{"self":[{"href":"https:\/\/onlinehardwareshop.de\/index.php\/wp-json\/wp\/v2\/product\/85657","targetHints":{"allow":["GET"]}}],"collection":[{"href":"https:\/\/onlinehardwareshop.de\/index.php\/wp-json\/wp\/v2\/product"}],"about":[{"href":"https:\/\/onlinehardwareshop.de\/index.php\/wp-json\/wp\/v2\/types\/product"}],"replies":[{"embeddable":true,"href":"https:\/\/onlinehardwareshop.de\/index.php\/wp-json\/wp\/v2\/comments?post=85657"}],"wp:attachment":[{"href":"https:\/\/onlinehardwareshop.de\/index.php\/wp-json\/wp\/v2\/media?parent=85657"}],"wp:term":[{"taxonomy":"brand","embeddable":true,"href":"https:\/\/onlinehardwareshop.de\/index.php\/wp-json\/wp\/v2\/brand?post=85657"},{"taxonomy":"product_brand","embeddable":true,"href":"https:\/\/onlinehardwareshop.de\/index.php\/wp-json\/wp\/v2\/product_brand?post=85657"},{"taxonomy":"product_cat","embeddable":true,"href":"https:\/\/onlinehardwareshop.de\/index.php\/wp-json\/wp\/v2\/product_cat?post=85657"},{"taxonomy":"product_tag","embeddable":true,"href":"https:\/\/onlinehardwareshop.de\/index.php\/wp-json\/wp\/v2\/product_tag?post=85657"}],"curies":[{"name":"wp","href":"https:\/\/api.w.org\/{rel}","templated":true}]}}