{"id":85356,"date":"2024-05-07T21:31:02","date_gmt":"2024-05-07T21:31:02","guid":{"rendered":"https:\/\/onlinehardwareshop.de\/index.php\/produkt\/wacom-cintiq-pro-27\/"},"modified":"2025-05-14T06:35:23","modified_gmt":"2025-05-14T06:35:23","slug":"wacom-cintiq-pro-27","status":"publish","type":"product","link":"https:\/\/onlinehardwareshop.de\/index.php\/produkt\/wacom-cintiq-pro-27\/","title":{"rendered":"Wacom Cintiq Pro 27"},"content":{"rendered":"<p>Hinweis: Dieses Grafiktablett kann nur mit einem St\u00e4nder verwendet werden. Bei diesem Produkt wird ein St\u00e4nder nicht standardm\u00e4\u00dfig mitgeliefert. Du musst ihn also separat kaufen.  Mit dem Wacom Cintiq Pro 27 mit St\u00e4nder ist der Kreativit\u00e4t von professionellen Kunstschaffenden keine Grenzen gesetzt. Auf dem 27\u00a0Zoll gro\u00dfen 4K-Bildschirm hast du viel Platz zum Arbeiten und siehst bis ins kleinste Detail, was du zeichnest. Auch die Bewegungsaufl\u00f6sung von 5.080\u00a0Zeilen pro Zoll ist hier wichtig. Durch sie f\u00fchlt es sich an, als w\u00fcrdest du auf echtem Papier zeichnen. Der mitgelieferte Stift verf\u00fcgt \u00fcber 8.192\u00a0Druckstufen und hat damit viermal so viele wie sein Vorg\u00e4nger. Dadurch bestimmst du selbst, wie dick oder d\u00fcnn die Linien sind. Die acht programmierbaren Tasten stellst du selbst ein, sodass du auch deinen Workflow optimierst. Zum Verbinden des Cintiq Pro 27 mit deinem Computer verwendest du einfach ein USB-A- oder USB-C-Kabel.   Hinweis: Da dieses Grafiktablett kein Stand-Alone-Modell ist, schlie\u00dft du es an deinen PC oder Laptop an.<\/p>\n","protected":false},"excerpt":{"rendered":"<p>Hinweis: Dieses Grafiktablett kann nur mit einem St\u00e4nder verwendet werden. Bei diesem Produkt wird ein St\u00e4nder nicht standardm\u00e4\u00dfig mitgeliefert. Du musst ihn also separat kaufen.  Mit dem Wacom Cintiq Pro 27 mit St\u00e4nder ist der Kreativit\u00e4t von professionellen Kunstschaffenden keine Grenzen gesetzt. Auf dem 27\u00a0Zoll gro\u00dfen 4K-Bildschirm hast du viel Platz zum Arbeiten und siehst bis ins kleinste Detail, was du zeichnest. Auch die Bewegungsaufl\u00f6sung von 5.080\u00a0Zeilen pro Zoll ist hier wichtig. Durch sie f\u00fchlt es sich an, als w\u00fcrdest du auf echtem Papier zeichnen. Der mitgelieferte Stift verf\u00fcgt \u00fcber 8.192\u00a0Druckstufen und hat damit viermal so viele wie sein Vorg\u00e4nger. Dadurch bestimmst du selbst, wie dick oder d\u00fcnn die Linien sind. Die acht programmierbaren Tasten stellst du selbst ein, sodass du auch deinen Workflow optimierst. Zum Verbinden des Cintiq Pro 27 mit deinem Computer verwendest du einfach ein USB-A- oder USB-C-Kabel.   Hinweis: Da dieses Grafiktablett kein Stand-Alone-Modell ist, schlie\u00dft du es an deinen PC oder Laptop an.<\/p>\n","protected":false},"featured_media":0,"comment_status":"closed","ping_status":"open","template":"","meta":{"_acf_changed":false},"brand":[556],"product_brand":[],"product_cat":[2653],"product_tag":[3571],"class_list":{"0":"post-85356","1":"product","2":"type-product","3":"status-publish","5":"brand-wacom","6":"product_cat-grafiktabletts","7":"product_tag-tekentablets-met-scherm","8":"pa_condition-new","9":"pa_coolblue-de-verzending-morgen-gratis-geliefert","10":"pa_ean-12019","11":"pa_mpn-dth271k0b","13":"first","14":"instock","15":"product-type-external"},"acf":[],"_links":{"self":[{"href":"https:\/\/onlinehardwareshop.de\/index.php\/wp-json\/wp\/v2\/product\/85356","targetHints":{"allow":["GET"]}}],"collection":[{"href":"https:\/\/onlinehardwareshop.de\/index.php\/wp-json\/wp\/v2\/product"}],"about":[{"href":"https:\/\/onlinehardwareshop.de\/index.php\/wp-json\/wp\/v2\/types\/product"}],"replies":[{"embeddable":true,"href":"https:\/\/onlinehardwareshop.de\/index.php\/wp-json\/wp\/v2\/comments?post=85356"}],"wp:attachment":[{"href":"https:\/\/onlinehardwareshop.de\/index.php\/wp-json\/wp\/v2\/media?parent=85356"}],"wp:term":[{"taxonomy":"brand","embeddable":true,"href":"https:\/\/onlinehardwareshop.de\/index.php\/wp-json\/wp\/v2\/brand?post=85356"},{"taxonomy":"product_brand","embeddable":true,"href":"https:\/\/onlinehardwareshop.de\/index.php\/wp-json\/wp\/v2\/product_brand?post=85356"},{"taxonomy":"product_cat","embeddable":true,"href":"https:\/\/onlinehardwareshop.de\/index.php\/wp-json\/wp\/v2\/product_cat?post=85356"},{"taxonomy":"product_tag","embeddable":true,"href":"https:\/\/onlinehardwareshop.de\/index.php\/wp-json\/wp\/v2\/product_tag?post=85356"}],"curies":[{"name":"wp","href":"https:\/\/api.w.org\/{rel}","templated":true}]}}