{"id":84976,"date":"2024-01-31T15:58:14","date_gmt":"2024-01-31T15:58:14","guid":{"rendered":"https:\/\/onlinehardwareshop.de\/index.php\/produkt\/boya-by-v2-v2-0-lightning\/"},"modified":"2025-05-14T18:11:01","modified_gmt":"2025-05-14T18:11:01","slug":"boya-by-v2-v2-0-lightning","status":"publish","type":"product","link":"https:\/\/onlinehardwareshop.de\/index.php\/produkt\/boya-by-v2-v2-0-lightning\/","title":{"rendered":"Boya BY-V2 V2.0 (Lightning)"},"content":{"rendered":"<p>Das Boya BY-V2 V2.0 (Lightning) ist ein Set mit zwei Mikrofonen und einem Empf\u00e4nger. Es ist praktisch, wenn du zwei Personen gleichzeitig aufnehmen m\u00f6chtest, zum Beispiel f\u00fcr ein Interview. Du verwendest die Mikrofone und den Empf\u00e4nger mit iPhones, die \u00fcber einen Lightning-Anschluss verf\u00fcgen. Beachte, dass die neuesten iPhones einen anderen Anschluss haben, n\u00e4mlich USB-C. Die Mikrofone haben eine gro\u00dfe Reichweite von 100\u00a0Metern, sodass du w\u00e4hrend der Aufnahme viel Bewegungsfreiheit hast. Wenn die Interviewpartner weiter entfernt stehen, nimmst du trotzdem klaren Ton auf. Dank der langen Akkulaufzeit von neun Stunden bist du problemlos einen Tag mit dem Mikrofon unterwegs. So filmst du zum Beispiel einen Tagesvlog w\u00e4hrend deines Urlaubs. Dank integriertem Noise Cancelling ist dein Ton klar, auch wenn du drau\u00dfen filmst. Mit nur einem Knopfdruck schaltest du Noise Cancelling ein und aus.<\/p>\n","protected":false},"excerpt":{"rendered":"<p>Das Boya BY-V2 V2.0 (Lightning) ist ein Set mit zwei Mikrofonen und einem Empf\u00e4nger. Es ist praktisch, wenn du zwei Personen gleichzeitig aufnehmen m\u00f6chtest, zum Beispiel f\u00fcr ein Interview. Du verwendest die Mikrofone und den Empf\u00e4nger mit iPhones, die \u00fcber einen Lightning-Anschluss verf\u00fcgen. Beachte, dass die neuesten iPhones einen anderen Anschluss haben, n\u00e4mlich USB-C. Die Mikrofone haben eine gro\u00dfe Reichweite von 100\u00a0Metern, sodass du w\u00e4hrend der Aufnahme viel Bewegungsfreiheit hast. Wenn die Interviewpartner weiter entfernt stehen, nimmst du trotzdem klaren Ton auf. Dank der langen Akkulaufzeit von neun Stunden bist du problemlos einen Tag mit dem Mikrofon unterwegs. So filmst du zum Beispiel einen Tagesvlog w\u00e4hrend deines Urlaubs. Dank integriertem Noise Cancelling ist dein Ton klar, auch wenn du drau\u00dfen filmst. Mit nur einem Knopfdruck schaltest du Noise Cancelling ein und aus.<\/p>\n","protected":false},"featured_media":0,"comment_status":"closed","ping_status":"open","template":"","meta":{"_acf_changed":false},"brand":[3417],"product_brand":[],"product_cat":[1570],"product_tag":[1571],"class_list":{"0":"post-84976","1":"product","2":"type-product","3":"status-publish","5":"brand-boya","6":"product_cat-kameramikrofone","7":"product_tag-cameramicrofoons","8":"pa_condition-new","9":"pa_coolblue-de-verzending-morgen-gratis-geliefert","10":"pa_ean-30043","11":"pa_mpn-30044","13":"first","14":"instock","15":"product-type-external"},"acf":[],"_links":{"self":[{"href":"https:\/\/onlinehardwareshop.de\/index.php\/wp-json\/wp\/v2\/product\/84976","targetHints":{"allow":["GET"]}}],"collection":[{"href":"https:\/\/onlinehardwareshop.de\/index.php\/wp-json\/wp\/v2\/product"}],"about":[{"href":"https:\/\/onlinehardwareshop.de\/index.php\/wp-json\/wp\/v2\/types\/product"}],"replies":[{"embeddable":true,"href":"https:\/\/onlinehardwareshop.de\/index.php\/wp-json\/wp\/v2\/comments?post=84976"}],"wp:attachment":[{"href":"https:\/\/onlinehardwareshop.de\/index.php\/wp-json\/wp\/v2\/media?parent=84976"}],"wp:term":[{"taxonomy":"brand","embeddable":true,"href":"https:\/\/onlinehardwareshop.de\/index.php\/wp-json\/wp\/v2\/brand?post=84976"},{"taxonomy":"product_brand","embeddable":true,"href":"https:\/\/onlinehardwareshop.de\/index.php\/wp-json\/wp\/v2\/product_brand?post=84976"},{"taxonomy":"product_cat","embeddable":true,"href":"https:\/\/onlinehardwareshop.de\/index.php\/wp-json\/wp\/v2\/product_cat?post=84976"},{"taxonomy":"product_tag","embeddable":true,"href":"https:\/\/onlinehardwareshop.de\/index.php\/wp-json\/wp\/v2\/product_tag?post=84976"}],"curies":[{"name":"wp","href":"https:\/\/api.w.org\/{rel}","templated":true}]}}