{"id":84934,"date":"2024-12-25T17:44:55","date_gmt":"2024-12-25T17:44:55","guid":{"rendered":"https:\/\/onlinehardwareshop.de\/index.php\/produkt\/rode-wireless-me-dual-wei\/"},"modified":"2025-05-14T13:53:27","modified_gmt":"2025-05-14T13:53:27","slug":"rode-wireless-me-dual-wei","status":"publish","type":"product","link":"https:\/\/onlinehardwareshop.de\/index.php\/produkt\/rode-wireless-me-dual-wei\/","title":{"rendered":"Rode Wireless ME Dual Wei&#xDF;"},"content":{"rendered":"<p>Das Rode Wireless ME Dual Wei\u00df ist ein vollst\u00e4ndiges Set, mit dem du die Tonqualit\u00e4t deiner journalistischen Videos oder Vlogs verbesserst. Das Set enth\u00e4lt zwei Sender und einen Empf\u00e4nger, die alle mit einem integrierten Mikrofon ausgestattet sind. So kannst du drei Menschen gleichzeitig interviewen. Dank des kompakten Formats der Sender und Empf\u00e4nger nimmst du sie ganz einfach mit, zum Beispiel f\u00fcr Filmaufnahmen vor Ort. Du tr\u00e4gst so nur wenig zus\u00e4tzliches Gewicht. Mit dem mitgelieferten Windschutz entsteht kein Rauschen durch Wind, sodass Aufnahmen auch drau\u00dfen deutlich klingen. Du verwendest das Set in Kombination mit Kameras, Smartphones und Tablets. Es ist also vielseitig einsetzbar. Filme zum Beispiel ein Voiceover f\u00fcr deine TikTok-Videos.<\/p>\n","protected":false},"excerpt":{"rendered":"<p>Das Rode Wireless ME Dual Wei\u00df ist ein vollst\u00e4ndiges Set, mit dem du die Tonqualit\u00e4t deiner journalistischen Videos oder Vlogs verbesserst. Das Set enth\u00e4lt zwei Sender und einen Empf\u00e4nger, die alle mit einem integrierten Mikrofon ausgestattet sind. So kannst du drei Menschen gleichzeitig interviewen. Dank des kompakten Formats der Sender und Empf\u00e4nger nimmst du sie ganz einfach mit, zum Beispiel f\u00fcr Filmaufnahmen vor Ort. Du tr\u00e4gst so nur wenig zus\u00e4tzliches Gewicht. Mit dem mitgelieferten Windschutz entsteht kein Rauschen durch Wind, sodass Aufnahmen auch drau\u00dfen deutlich klingen. Du verwendest das Set in Kombination mit Kameras, Smartphones und Tablets. Es ist also vielseitig einsetzbar. Filme zum Beispiel ein Voiceover f\u00fcr deine TikTok-Videos.<\/p>\n","protected":false},"featured_media":0,"comment_status":"closed","ping_status":"open","template":"","meta":{"_acf_changed":false},"brand":[1569],"product_brand":[],"product_cat":[1570],"product_tag":[1571],"class_list":{"0":"post-84934","1":"product","2":"type-product","3":"status-publish","5":"brand-rode-microphones","6":"product_cat-kameramikrofone","7":"product_tag-cameramicrofoons","8":"pa_condition-new","9":"pa_coolblue-de-verzending-morgen-gratis-geliefert","10":"pa_ean-22778","11":"pa_mpn-rd118736","13":"first","14":"instock","15":"product-type-external"},"acf":[],"_links":{"self":[{"href":"https:\/\/onlinehardwareshop.de\/index.php\/wp-json\/wp\/v2\/product\/84934","targetHints":{"allow":["GET"]}}],"collection":[{"href":"https:\/\/onlinehardwareshop.de\/index.php\/wp-json\/wp\/v2\/product"}],"about":[{"href":"https:\/\/onlinehardwareshop.de\/index.php\/wp-json\/wp\/v2\/types\/product"}],"replies":[{"embeddable":true,"href":"https:\/\/onlinehardwareshop.de\/index.php\/wp-json\/wp\/v2\/comments?post=84934"}],"wp:attachment":[{"href":"https:\/\/onlinehardwareshop.de\/index.php\/wp-json\/wp\/v2\/media?parent=84934"}],"wp:term":[{"taxonomy":"brand","embeddable":true,"href":"https:\/\/onlinehardwareshop.de\/index.php\/wp-json\/wp\/v2\/brand?post=84934"},{"taxonomy":"product_brand","embeddable":true,"href":"https:\/\/onlinehardwareshop.de\/index.php\/wp-json\/wp\/v2\/product_brand?post=84934"},{"taxonomy":"product_cat","embeddable":true,"href":"https:\/\/onlinehardwareshop.de\/index.php\/wp-json\/wp\/v2\/product_cat?post=84934"},{"taxonomy":"product_tag","embeddable":true,"href":"https:\/\/onlinehardwareshop.de\/index.php\/wp-json\/wp\/v2\/product_tag?post=84934"}],"curies":[{"name":"wp","href":"https:\/\/api.w.org\/{rel}","templated":true}]}}