{"id":84907,"date":"2025-04-22T06:29:47","date_gmt":"2025-04-22T06:29:47","guid":{"rendered":"https:\/\/onlinehardwareshop.de\/index.php\/produkt\/krcher-k3-premium-power-control-home-bike-set\/"},"modified":"2025-05-14T10:37:09","modified_gmt":"2025-05-14T10:37:09","slug":"krcher-k3-premium-power-control-home-bike-set","status":"publish","type":"product","link":"https:\/\/onlinehardwareshop.de\/index.php\/produkt\/krcher-k3-premium-power-control-home-bike-set\/","title":{"rendered":"K&#xE4;rcher K3 Premium Power Control Home &#038; Bike Set"},"content":{"rendered":"<p>Mit dem K\u00e4rcher K5 Premium Power Control Car Set werden all deine Reinigungsarbeiten zum Kinderspiel. Dreckfr\u00e4se, Wasserfilter, Spr\u00fchlanze, Waschb\u00fcrste, Schaumd\u00fcse und Waschmittel geh\u00f6ren zum Lieferumfang dieses Hochdruckreinigers. Mit einem maximalen Arbeitsdruck von 145 bar sind mittelgro\u00dfe Reinigungsarbeiten sofort erledigt. Den Arbeitsdruck \u00e4nderst du ganz einfach an der Spr\u00fchlanze, sodass du keine empfindlichen Oberfl\u00e4chen wie den Lack deines Autos besch\u00e4digst. Auch f\u00fcr andere T\u00e4tigkeiten wie das Abspritzen deines Sichtschutzes oder deiner Gartenger\u00e4te ist dieser Hochdruckreiniger gut zu gebrauchen. F\u00fcge Reinigungsmittel (nicht im Lieferumfang enthalten) hinzu f\u00fcr eine intensive Reinigung, die sogar l\u00e4stigen hartn\u00e4ckigen Schmutz entfernt.<\/p>\n","protected":false},"excerpt":{"rendered":"<p>Mit dem K\u00e4rcher K5 Premium Power Control Car Set werden all deine Reinigungsarbeiten zum Kinderspiel. Dreckfr\u00e4se, Wasserfilter, Spr\u00fchlanze, Waschb\u00fcrste, Schaumd\u00fcse und Waschmittel geh\u00f6ren zum Lieferumfang dieses Hochdruckreinigers. Mit einem maximalen Arbeitsdruck von 145 bar sind mittelgro\u00dfe Reinigungsarbeiten sofort erledigt. Den Arbeitsdruck \u00e4nderst du ganz einfach an der Spr\u00fchlanze, sodass du keine empfindlichen Oberfl\u00e4chen wie den Lack deines Autos besch\u00e4digst. Auch f\u00fcr andere T\u00e4tigkeiten wie das Abspritzen deines Sichtschutzes oder deiner Gartenger\u00e4te ist dieser Hochdruckreiniger gut zu gebrauchen. F\u00fcge Reinigungsmittel (nicht im Lieferumfang enthalten) hinzu f\u00fcr eine intensive Reinigung, die sogar l\u00e4stigen hartn\u00e4ckigen Schmutz entfernt.<\/p>\n","protected":false},"featured_media":0,"comment_status":"closed","ping_status":"open","template":"","meta":{"_acf_changed":false},"brand":[294],"product_brand":[],"product_cat":[2722],"product_tag":[2723],"class_list":{"0":"post-84907","1":"product","2":"type-product","3":"status-publish","5":"brand-karcher","6":"product_cat-hochdruckreiniger","7":"product_tag-hogedrukreinigers","8":"pa_condition-new","9":"pa_coolblue-de-verzending-morgen-gratis-geliefert","10":"pa_ean-17936","12":"first","13":"instock","14":"product-type-external"},"acf":[],"_links":{"self":[{"href":"https:\/\/onlinehardwareshop.de\/index.php\/wp-json\/wp\/v2\/product\/84907","targetHints":{"allow":["GET"]}}],"collection":[{"href":"https:\/\/onlinehardwareshop.de\/index.php\/wp-json\/wp\/v2\/product"}],"about":[{"href":"https:\/\/onlinehardwareshop.de\/index.php\/wp-json\/wp\/v2\/types\/product"}],"replies":[{"embeddable":true,"href":"https:\/\/onlinehardwareshop.de\/index.php\/wp-json\/wp\/v2\/comments?post=84907"}],"wp:attachment":[{"href":"https:\/\/onlinehardwareshop.de\/index.php\/wp-json\/wp\/v2\/media?parent=84907"}],"wp:term":[{"taxonomy":"brand","embeddable":true,"href":"https:\/\/onlinehardwareshop.de\/index.php\/wp-json\/wp\/v2\/brand?post=84907"},{"taxonomy":"product_brand","embeddable":true,"href":"https:\/\/onlinehardwareshop.de\/index.php\/wp-json\/wp\/v2\/product_brand?post=84907"},{"taxonomy":"product_cat","embeddable":true,"href":"https:\/\/onlinehardwareshop.de\/index.php\/wp-json\/wp\/v2\/product_cat?post=84907"},{"taxonomy":"product_tag","embeddable":true,"href":"https:\/\/onlinehardwareshop.de\/index.php\/wp-json\/wp\/v2\/product_tag?post=84907"}],"curies":[{"name":"wp","href":"https:\/\/api.w.org\/{rel}","templated":true}]}}