{"id":84787,"date":"2024-02-22T19:27:21","date_gmt":"2024-02-22T19:27:21","guid":{"rendered":"https:\/\/onlinehardwareshop.de\/index.php\/produkt\/de-buyer-mineral-b-bratpfanne-24cm\/"},"modified":"2025-05-15T14:41:28","modified_gmt":"2025-05-15T14:41:28","slug":"de-buyer-mineral-b-bratpfanne-24cm","status":"publish","type":"product","link":"https:\/\/onlinehardwareshop.de\/index.php\/produkt\/de-buyer-mineral-b-bratpfanne-24cm\/","title":{"rendered":"De Buyer Mineral B Bratpfanne 24&#xA0;cm"},"content":{"rendered":"<p>Mit der De Buyer Mineral B Bratpfanne 24\u00a0cm br\u00e4tst du auf gesunde und nat\u00fcrliche Weise. Mit der Zeit bildet sich bei h\u00e4ufiger Benutzung eine nat\u00fcrliche Antihaftbeschichtung. Ein Spiegelei oder ein St\u00fcck Fisch gleiten ganz leicht aus der Pfanne heraus. Du verwendest einfach einen Pfannenwender aus Metall, ohne Kratzer zu hinterlassen. Die Pfanne ist aus robustem Kohlenstoffstahl gefertigt und mit einer sch\u00fctzenden Bienenwachsschicht versehen. Diese hilft, Rost zu verhindern, und erleichtert das Einbrennen, sodass du schnell loslegst. Du verwendest diese Pfanne auf allen W\u00e4rmequellen, auch auf Induktion. Du benutzt sie sogar im Backofen bei bis zu 250\u00a0Grad Celsius. So garst du Gerichte nach oder h\u00e4ltst sie warm. Das ist praktisch, wenn eine andere Zutat noch nicht fertig ist.<\/p>\n","protected":false},"excerpt":{"rendered":"<p>Mit der De Buyer Mineral B Bratpfanne 24\u00a0cm br\u00e4tst du auf gesunde und nat\u00fcrliche Weise. Mit der Zeit bildet sich bei h\u00e4ufiger Benutzung eine nat\u00fcrliche Antihaftbeschichtung. Ein Spiegelei oder ein St\u00fcck Fisch gleiten ganz leicht aus der Pfanne heraus. Du verwendest einfach einen Pfannenwender aus Metall, ohne Kratzer zu hinterlassen. Die Pfanne ist aus robustem Kohlenstoffstahl gefertigt und mit einer sch\u00fctzenden Bienenwachsschicht versehen. Diese hilft, Rost zu verhindern, und erleichtert das Einbrennen, sodass du schnell loslegst. Du verwendest diese Pfanne auf allen W\u00e4rmequellen, auch auf Induktion. Du benutzt sie sogar im Backofen bei bis zu 250\u00a0Grad Celsius. So garst du Gerichte nach oder h\u00e4ltst sie warm. Das ist praktisch, wenn eine andere Zutat noch nicht fertig ist.<\/p>\n","protected":false},"featured_media":0,"comment_status":"closed","ping_status":"open","template":"","meta":{"_acf_changed":false},"brand":[34133],"product_brand":[],"product_cat":[372],"product_tag":[384],"class_list":{"0":"post-84787","1":"product","2":"type-product","3":"status-publish","5":"brand-debuyer","6":"product_cat-tpfe-und-pfannen","7":"product_tag-koekenpannen","8":"pa_condition-new","9":"pa_coolblue-de-verzending-morgen-gratis-geliefert","10":"pa_ean-34131","11":"pa_mpn-5610-24","13":"first","14":"instock","15":"product-type-external"},"acf":[],"_links":{"self":[{"href":"https:\/\/onlinehardwareshop.de\/index.php\/wp-json\/wp\/v2\/product\/84787","targetHints":{"allow":["GET"]}}],"collection":[{"href":"https:\/\/onlinehardwareshop.de\/index.php\/wp-json\/wp\/v2\/product"}],"about":[{"href":"https:\/\/onlinehardwareshop.de\/index.php\/wp-json\/wp\/v2\/types\/product"}],"replies":[{"embeddable":true,"href":"https:\/\/onlinehardwareshop.de\/index.php\/wp-json\/wp\/v2\/comments?post=84787"}],"wp:attachment":[{"href":"https:\/\/onlinehardwareshop.de\/index.php\/wp-json\/wp\/v2\/media?parent=84787"}],"wp:term":[{"taxonomy":"brand","embeddable":true,"href":"https:\/\/onlinehardwareshop.de\/index.php\/wp-json\/wp\/v2\/brand?post=84787"},{"taxonomy":"product_brand","embeddable":true,"href":"https:\/\/onlinehardwareshop.de\/index.php\/wp-json\/wp\/v2\/product_brand?post=84787"},{"taxonomy":"product_cat","embeddable":true,"href":"https:\/\/onlinehardwareshop.de\/index.php\/wp-json\/wp\/v2\/product_cat?post=84787"},{"taxonomy":"product_tag","embeddable":true,"href":"https:\/\/onlinehardwareshop.de\/index.php\/wp-json\/wp\/v2\/product_tag?post=84787"}],"curies":[{"name":"wp","href":"https:\/\/api.w.org\/{rel}","templated":true}]}}