{"id":84782,"date":"2025-01-04T05:42:10","date_gmt":"2025-01-04T05:42:10","guid":{"rendered":"https:\/\/onlinehardwareshop.de\/index.php\/produkt\/just-in-case-apple-ipad-2025-2022-rotating-backcover-schwarz\/"},"modified":"2025-05-14T19:38:01","modified_gmt":"2025-05-14T19:38:01","slug":"just-in-case-apple-ipad-2025-2022-rotating-backcover-schwarz","status":"publish","type":"product","link":"https:\/\/onlinehardwareshop.de\/index.php\/produkt\/just-in-case-apple-ipad-2025-2022-rotating-backcover-schwarz\/","title":{"rendered":"Just in Case Apple iPad (2025\/2022) Rotating Backcover Schwarz"},"content":{"rendered":"<p>Sch\u00fctze dein iPad (2025\/2022) vor St\u00fcrzen und St\u00f6\u00dfen mit dem robusten Just in Case Apple iPad (2025\/2022) Rotating Backcover Schwarz. Dieses Backcover sch\u00fctzt dein Tablet von allen Seiten. Dank des integrierten Displayschutzes bleibt auch dein Display vor Kratzern und St\u00f6\u00dfen gesch\u00fctzt. Mit dem integrierten drehbaren St\u00e4nder stellst du dein Tablet sowohl horizontal als auch vertikal auf. Das ist praktisch, wenn du Videotelefonate f\u00fchrst oder Serien schaust. Deinen Apple Pencil bewahrst du in der H\u00fclle auf, sodass du ihn nicht verlierst. Mit dem mitgelieferten Schultergurt tr\u00e4gst du dein iPad (2025\/2022) auch \u00fcber der Schulter.<\/p>\n","protected":false},"excerpt":{"rendered":"<p>Sch\u00fctze dein iPad (2025\/2022) vor St\u00fcrzen und St\u00f6\u00dfen mit dem robusten Just in Case Apple iPad (2025\/2022) Rotating Backcover Schwarz. Dieses Backcover sch\u00fctzt dein Tablet von allen Seiten. Dank des integrierten Displayschutzes bleibt auch dein Display vor Kratzern und St\u00f6\u00dfen gesch\u00fctzt. Mit dem integrierten drehbaren St\u00e4nder stellst du dein Tablet sowohl horizontal als auch vertikal auf. Das ist praktisch, wenn du Videotelefonate f\u00fchrst oder Serien schaust. Deinen Apple Pencil bewahrst du in der H\u00fclle auf, sodass du ihn nicht verlierst. Mit dem mitgelieferten Schultergurt tr\u00e4gst du dein iPad (2025\/2022) auch \u00fcber der Schulter.<\/p>\n","protected":false},"featured_media":0,"comment_status":"closed","ping_status":"open","template":"","meta":{"_acf_changed":false},"brand":[4982],"product_brand":[],"product_cat":[4983],"product_tag":[4984],"class_list":{"0":"post-84782","1":"product","2":"type-product","3":"status-publish","5":"brand-just-in-case","6":"product_cat-tablethllen","7":"product_tag-tablet-hoezen-zonder-toetsenbord","8":"pa_condition-new","9":"pa_coolblue-de-verzending-morgen-gratis-geliefert","10":"pa_ean-34125","11":"pa_mpn-34126","13":"first","14":"instock","15":"product-type-external"},"acf":[],"_links":{"self":[{"href":"https:\/\/onlinehardwareshop.de\/index.php\/wp-json\/wp\/v2\/product\/84782","targetHints":{"allow":["GET"]}}],"collection":[{"href":"https:\/\/onlinehardwareshop.de\/index.php\/wp-json\/wp\/v2\/product"}],"about":[{"href":"https:\/\/onlinehardwareshop.de\/index.php\/wp-json\/wp\/v2\/types\/product"}],"replies":[{"embeddable":true,"href":"https:\/\/onlinehardwareshop.de\/index.php\/wp-json\/wp\/v2\/comments?post=84782"}],"wp:attachment":[{"href":"https:\/\/onlinehardwareshop.de\/index.php\/wp-json\/wp\/v2\/media?parent=84782"}],"wp:term":[{"taxonomy":"brand","embeddable":true,"href":"https:\/\/onlinehardwareshop.de\/index.php\/wp-json\/wp\/v2\/brand?post=84782"},{"taxonomy":"product_brand","embeddable":true,"href":"https:\/\/onlinehardwareshop.de\/index.php\/wp-json\/wp\/v2\/product_brand?post=84782"},{"taxonomy":"product_cat","embeddable":true,"href":"https:\/\/onlinehardwareshop.de\/index.php\/wp-json\/wp\/v2\/product_cat?post=84782"},{"taxonomy":"product_tag","embeddable":true,"href":"https:\/\/onlinehardwareshop.de\/index.php\/wp-json\/wp\/v2\/product_tag?post=84782"}],"curies":[{"name":"wp","href":"https:\/\/api.w.org\/{rel}","templated":true}]}}