{"id":84496,"date":"2024-05-08T21:08:08","date_gmt":"2024-05-08T21:08:08","guid":{"rendered":"https:\/\/onlinehardwareshop.de\/index.php\/produkt\/smeg-klf03creu-creme\/"},"modified":"2025-05-14T00:11:10","modified_gmt":"2025-05-14T00:11:10","slug":"smeg-klf03creu-creme","status":"publish","type":"product","link":"https:\/\/onlinehardwareshop.de\/index.php\/produkt\/smeg-klf03creu-creme\/","title":{"rendered":"SMEG KLF03CREU Creme"},"content":{"rendered":"<p>Der SMEG KLF03CREU Creme kocht schnell 1,7\u00a0Liter Wasser f\u00fcr 7 Tassen Tee. Dieser Wasserkocher von SMEG hat ein auff\u00e4lliges Retro-Design mit einem Geh\u00e4use aus Edelstahl in einem frischen Farbton. Der Indikator zeigt an, f\u00fcr wie viele Liter und Tassen du hei\u00dfes Wasser kochst. So kannst du schnell erkennen, ob du genug Wasser f\u00fcr dich und deine G\u00e4ste kochst. Der Ausgie\u00dfer ist gro\u00df, sodass du das Wasser leicht in deine Tasse gie\u00dft. In diesem Ausgie\u00dfer befindet sich auch ein Anti-Kalk-Filter. Der Filter verhindert weitgehend Kalkablagerungen. Du kannst den Filter leicht herausnehmen und unter dem Wasserhahn absp\u00fclen. Dank des 360-Grad-Schwenkfu\u00dfes l\u00e4sst sich der Wasserkocher einfach an seinen Platz stellen.<\/p>\n","protected":false},"excerpt":{"rendered":"<p>Der SMEG KLF03CREU Creme kocht schnell 1,7\u00a0Liter Wasser f\u00fcr 7 Tassen Tee. Dieser Wasserkocher von SMEG hat ein auff\u00e4lliges Retro-Design mit einem Geh\u00e4use aus Edelstahl in einem frischen Farbton. Der Indikator zeigt an, f\u00fcr wie viele Liter und Tassen du hei\u00dfes Wasser kochst. So kannst du schnell erkennen, ob du genug Wasser f\u00fcr dich und deine G\u00e4ste kochst. Der Ausgie\u00dfer ist gro\u00df, sodass du das Wasser leicht in deine Tasse gie\u00dft. In diesem Ausgie\u00dfer befindet sich auch ein Anti-Kalk-Filter. Der Filter verhindert weitgehend Kalkablagerungen. Du kannst den Filter leicht herausnehmen und unter dem Wasserhahn absp\u00fclen. Dank des 360-Grad-Schwenkfu\u00dfes l\u00e4sst sich der Wasserkocher einfach an seinen Platz stellen.<\/p>\n","protected":false},"featured_media":0,"comment_status":"closed","ping_status":"open","template":"","meta":{"_acf_changed":false},"brand":[1344],"product_brand":[],"product_cat":[716],"product_tag":[717],"class_list":{"0":"post-84496","1":"product","2":"type-product","3":"status-publish","5":"brand-smeg","6":"product_cat-wasserkocher","7":"product_tag-waterkokers","8":"pa_condition-new","9":"pa_coolblue-de-verzending-morgen-gratis-geliefert","10":"pa_ean-2488","11":"pa_mpn-klf03creu","13":"first","14":"instock","15":"product-type-external"},"acf":[],"_links":{"self":[{"href":"https:\/\/onlinehardwareshop.de\/index.php\/wp-json\/wp\/v2\/product\/84496","targetHints":{"allow":["GET"]}}],"collection":[{"href":"https:\/\/onlinehardwareshop.de\/index.php\/wp-json\/wp\/v2\/product"}],"about":[{"href":"https:\/\/onlinehardwareshop.de\/index.php\/wp-json\/wp\/v2\/types\/product"}],"replies":[{"embeddable":true,"href":"https:\/\/onlinehardwareshop.de\/index.php\/wp-json\/wp\/v2\/comments?post=84496"}],"wp:attachment":[{"href":"https:\/\/onlinehardwareshop.de\/index.php\/wp-json\/wp\/v2\/media?parent=84496"}],"wp:term":[{"taxonomy":"brand","embeddable":true,"href":"https:\/\/onlinehardwareshop.de\/index.php\/wp-json\/wp\/v2\/brand?post=84496"},{"taxonomy":"product_brand","embeddable":true,"href":"https:\/\/onlinehardwareshop.de\/index.php\/wp-json\/wp\/v2\/product_brand?post=84496"},{"taxonomy":"product_cat","embeddable":true,"href":"https:\/\/onlinehardwareshop.de\/index.php\/wp-json\/wp\/v2\/product_cat?post=84496"},{"taxonomy":"product_tag","embeddable":true,"href":"https:\/\/onlinehardwareshop.de\/index.php\/wp-json\/wp\/v2\/product_tag?post=84496"}],"curies":[{"name":"wp","href":"https:\/\/api.w.org\/{rel}","templated":true}]}}