{"id":84488,"date":"2024-04-15T15:12:01","date_gmt":"2024-04-15T15:12:01","guid":{"rendered":"https:\/\/onlinehardwareshop.de\/index.php\/produkt\/inventum-bm55\/"},"modified":"2025-05-13T23:41:33","modified_gmt":"2025-05-13T23:41:33","slug":"inventum-bm55","status":"publish","type":"product","link":"https:\/\/onlinehardwareshop.de\/index.php\/produkt\/inventum-bm55\/","title":{"rendered":"Inventum BM55"},"content":{"rendered":"<p>Mit dem Inventum B55 kannst du ein Brot backen, das alle deine W\u00fcnsche erf\u00fcllt. Dieser Brotbackautomat erledigt die schwere Knetarbeit f\u00fcr dich und backt dann frische Brote. Du kannst ihn auch nutzen, um Kuchen und Marmelade zuzubereiten. Romantisches Fr\u00fchst\u00fcck oder Mittagessen mit Freunden? Da kannst du Eindruck machen! Ein Vorteil eines Brotbackautomaten ist, dass dein Haus nach frisch gebackenem Brot riecht. Bevor du es wei\u00dft, stehen die Nachbarn vor der T\u00fcr.<\/p>\n","protected":false},"excerpt":{"rendered":"<p>Mit dem Inventum B55 kannst du ein Brot backen, das alle deine W\u00fcnsche erf\u00fcllt. Dieser Brotbackautomat erledigt die schwere Knetarbeit f\u00fcr dich und backt dann frische Brote. Du kannst ihn auch nutzen, um Kuchen und Marmelade zuzubereiten. Romantisches Fr\u00fchst\u00fcck oder Mittagessen mit Freunden? Da kannst du Eindruck machen! Ein Vorteil eines Brotbackautomaten ist, dass dein Haus nach frisch gebackenem Brot riecht. Bevor du es wei\u00dft, stehen die Nachbarn vor der T\u00fcr.<\/p>\n","protected":false},"featured_media":0,"comment_status":"closed","ping_status":"open","template":"","meta":{"_acf_changed":false},"brand":[1510],"product_brand":[],"product_cat":[1396],"product_tag":[1397],"class_list":{"0":"post-84488","1":"product","2":"type-product","3":"status-publish","5":"brand-inventum","6":"product_cat-brotbackautomaten","7":"product_tag-broodbakmachines","8":"pa_condition-new","9":"pa_coolblue-de-verzending-morgen-gratis-geliefert","10":"pa_ean-1551","11":"pa_mpn-bm55","13":"first","14":"instock","15":"product-type-external"},"acf":[],"_links":{"self":[{"href":"https:\/\/onlinehardwareshop.de\/index.php\/wp-json\/wp\/v2\/product\/84488","targetHints":{"allow":["GET"]}}],"collection":[{"href":"https:\/\/onlinehardwareshop.de\/index.php\/wp-json\/wp\/v2\/product"}],"about":[{"href":"https:\/\/onlinehardwareshop.de\/index.php\/wp-json\/wp\/v2\/types\/product"}],"replies":[{"embeddable":true,"href":"https:\/\/onlinehardwareshop.de\/index.php\/wp-json\/wp\/v2\/comments?post=84488"}],"wp:attachment":[{"href":"https:\/\/onlinehardwareshop.de\/index.php\/wp-json\/wp\/v2\/media?parent=84488"}],"wp:term":[{"taxonomy":"brand","embeddable":true,"href":"https:\/\/onlinehardwareshop.de\/index.php\/wp-json\/wp\/v2\/brand?post=84488"},{"taxonomy":"product_brand","embeddable":true,"href":"https:\/\/onlinehardwareshop.de\/index.php\/wp-json\/wp\/v2\/product_brand?post=84488"},{"taxonomy":"product_cat","embeddable":true,"href":"https:\/\/onlinehardwareshop.de\/index.php\/wp-json\/wp\/v2\/product_cat?post=84488"},{"taxonomy":"product_tag","embeddable":true,"href":"https:\/\/onlinehardwareshop.de\/index.php\/wp-json\/wp\/v2\/product_tag?post=84488"}],"curies":[{"name":"wp","href":"https:\/\/api.w.org\/{rel}","templated":true}]}}