{"id":84406,"date":"2024-05-18T12:09:42","date_gmt":"2024-05-18T12:09:42","guid":{"rendered":"https:\/\/onlinehardwareshop.de\/index.php\/produkt\/tefal-healthy-chef-bratpfanne-28cm-2\/"},"modified":"2025-05-14T19:30:45","modified_gmt":"2025-05-14T19:30:45","slug":"tefal-healthy-chef-bratpfanne-28cm","status":"publish","type":"product","link":"https:\/\/onlinehardwareshop.de\/index.php\/produkt\/tefal-healthy-chef-bratpfanne-28cm\/","title":{"rendered":"Tefal Healthy Chef Bratpfanne 28&#xA0;cm"},"content":{"rendered":"<p>Mit der Tefal Healthy Chef Bratpfanne 28\u00a0cm br\u00e4tst du dank des Durchmessers von 28\u00a0cm ganz einfach gro\u00dfe St\u00fccke Fleisch oder Bratkartoffeln. Das ist praktisch, wenn du f\u00fcr mehrere Personen kochst. Dank des Thermo-Signalpunkts gibst du beispielsweise das Fleisch auch immer im richtigen Moment in die Pfanne. Der Punkt f\u00e4rbt sich n\u00e4mlich gleichm\u00e4\u00dfig rot, wenn die Beschichtung die richtige Temperatur erreicht hat. Du \u00fcberpr\u00fcfst die Temperatur der Pfanne also nicht mehr mit der Hand. Die Pfanne eignet sich f\u00fcr alle W\u00e4rmequellen, einschlie\u00dflich Induktion. Du garst deine Gerichte auch im Backofen bei bis zu 175 Grad Celsius fertig. Die Antihaftbeschichtung der Pfanne ist mit nat\u00fcrlichen Mineralien angereichert. Das macht diese Pfanne kratzfest und dadurch auch langlebiger.<\/p>\n","protected":false},"excerpt":{"rendered":"<p>Mit der Tefal Healthy Chef Bratpfanne 28\u00a0cm br\u00e4tst du dank des Durchmessers von 28\u00a0cm ganz einfach gro\u00dfe St\u00fccke Fleisch oder Bratkartoffeln. Das ist praktisch, wenn du f\u00fcr mehrere Personen kochst. Dank des Thermo-Signalpunkts gibst du beispielsweise das Fleisch auch immer im richtigen Moment in die Pfanne. Der Punkt f\u00e4rbt sich n\u00e4mlich gleichm\u00e4\u00dfig rot, wenn die Beschichtung die richtige Temperatur erreicht hat. Du \u00fcberpr\u00fcfst die Temperatur der Pfanne also nicht mehr mit der Hand. Die Pfanne eignet sich f\u00fcr alle W\u00e4rmequellen, einschlie\u00dflich Induktion. Du garst deine Gerichte auch im Backofen bei bis zu 175 Grad Celsius fertig. Die Antihaftbeschichtung der Pfanne ist mit nat\u00fcrlichen Mineralien angereichert. Das macht diese Pfanne kratzfest und dadurch auch langlebiger.<\/p>\n","protected":false},"featured_media":0,"comment_status":"closed","ping_status":"open","template":"","meta":{"_acf_changed":false},"brand":[506],"product_brand":[],"product_cat":[372],"product_tag":[384],"class_list":{"0":"post-84406","1":"product","2":"type-product","3":"status-publish","5":"brand-tefal","6":"product_cat-tpfe-und-pfannen","7":"product_tag-koekenpannen","8":"pa_condition-new","9":"pa_coolblue-de-verzending-morgen-gratis-geliefert","10":"pa_ean-33791","11":"pa_mpn-g15006","13":"first","14":"instock","15":"product-type-external"},"acf":[],"_links":{"self":[{"href":"https:\/\/onlinehardwareshop.de\/index.php\/wp-json\/wp\/v2\/product\/84406","targetHints":{"allow":["GET"]}}],"collection":[{"href":"https:\/\/onlinehardwareshop.de\/index.php\/wp-json\/wp\/v2\/product"}],"about":[{"href":"https:\/\/onlinehardwareshop.de\/index.php\/wp-json\/wp\/v2\/types\/product"}],"replies":[{"embeddable":true,"href":"https:\/\/onlinehardwareshop.de\/index.php\/wp-json\/wp\/v2\/comments?post=84406"}],"wp:attachment":[{"href":"https:\/\/onlinehardwareshop.de\/index.php\/wp-json\/wp\/v2\/media?parent=84406"}],"wp:term":[{"taxonomy":"brand","embeddable":true,"href":"https:\/\/onlinehardwareshop.de\/index.php\/wp-json\/wp\/v2\/brand?post=84406"},{"taxonomy":"product_brand","embeddable":true,"href":"https:\/\/onlinehardwareshop.de\/index.php\/wp-json\/wp\/v2\/product_brand?post=84406"},{"taxonomy":"product_cat","embeddable":true,"href":"https:\/\/onlinehardwareshop.de\/index.php\/wp-json\/wp\/v2\/product_cat?post=84406"},{"taxonomy":"product_tag","embeddable":true,"href":"https:\/\/onlinehardwareshop.de\/index.php\/wp-json\/wp\/v2\/product_tag?post=84406"}],"curies":[{"name":"wp","href":"https:\/\/api.w.org\/{rel}","templated":true}]}}