{"id":84405,"date":"2024-09-13T12:47:35","date_gmt":"2024-09-13T12:47:35","guid":{"rendered":"https:\/\/onlinehardwareshop.de\/index.php\/produkt\/tefal-healthy-chef-bratpfanne-24cm-2\/"},"modified":"2025-05-14T19:30:40","modified_gmt":"2025-05-14T19:30:40","slug":"tefal-healthy-chef-bratpfanne-24cm","status":"publish","type":"product","link":"https:\/\/onlinehardwareshop.de\/index.php\/produkt\/tefal-healthy-chef-bratpfanne-24cm\/","title":{"rendered":"Tefal Healthy Chef Bratpfanne 24&#xA0;cm"},"content":{"rendered":"<p>Mit der Tefal Healthy Chef Bratpfanne 24\u00a0cm und ihrem Tefal Thermo-Signalpunkt wei\u00dft du ganz genau, wann die Pfanne die richtige Temperatur erreicht hat. Der Signalpunkt f\u00e4rbt sich n\u00e4mlich gleichm\u00e4\u00dfig rot, wenn die Beschichtung die optimale Temperatur hat. So gibst du deine Zutaten immer im richtigen Moment in die Pfanne. Du verwendest die Pfanne mit allen W\u00e4rmequellen, einschlie\u00dflich Induktion, und sogar im Backofen bei bis zu 175 Grad Celsius. So garst du mit Leichtigkeit zum Beispiel ein St\u00fcck H\u00e4hnchen im Ofen fertig. Die Antihaftbeschichtung der Pfanne ist mit nat\u00fcrlichen Mineralien angereichert. Dadurch ist sie besonders kratzfest und somit auch langlebiger. Du kaufst dir also weniger h\u00e4ufig eine neue Bratpfanne.<\/p>\n","protected":false},"excerpt":{"rendered":"<p>Mit der Tefal Healthy Chef Bratpfanne 24\u00a0cm und ihrem Tefal Thermo-Signalpunkt wei\u00dft du ganz genau, wann die Pfanne die richtige Temperatur erreicht hat. Der Signalpunkt f\u00e4rbt sich n\u00e4mlich gleichm\u00e4\u00dfig rot, wenn die Beschichtung die optimale Temperatur hat. So gibst du deine Zutaten immer im richtigen Moment in die Pfanne. Du verwendest die Pfanne mit allen W\u00e4rmequellen, einschlie\u00dflich Induktion, und sogar im Backofen bei bis zu 175 Grad Celsius. So garst du mit Leichtigkeit zum Beispiel ein St\u00fcck H\u00e4hnchen im Ofen fertig. Die Antihaftbeschichtung der Pfanne ist mit nat\u00fcrlichen Mineralien angereichert. Dadurch ist sie besonders kratzfest und somit auch langlebiger. Du kaufst dir also weniger h\u00e4ufig eine neue Bratpfanne.<\/p>\n","protected":false},"featured_media":0,"comment_status":"closed","ping_status":"open","template":"","meta":{"_acf_changed":false},"brand":[506],"product_brand":[],"product_cat":[372],"product_tag":[384],"class_list":{"0":"post-84405","1":"product","2":"type-product","3":"status-publish","5":"brand-tefal","6":"product_cat-tpfe-und-pfannen","7":"product_tag-koekenpannen","8":"pa_condition-new","9":"pa_coolblue-de-verzending-morgen-gratis-geliefert","10":"pa_ean-33828","11":"pa_mpn-g15004","13":"first","14":"instock","15":"product-type-external"},"acf":[],"_links":{"self":[{"href":"https:\/\/onlinehardwareshop.de\/index.php\/wp-json\/wp\/v2\/product\/84405","targetHints":{"allow":["GET"]}}],"collection":[{"href":"https:\/\/onlinehardwareshop.de\/index.php\/wp-json\/wp\/v2\/product"}],"about":[{"href":"https:\/\/onlinehardwareshop.de\/index.php\/wp-json\/wp\/v2\/types\/product"}],"replies":[{"embeddable":true,"href":"https:\/\/onlinehardwareshop.de\/index.php\/wp-json\/wp\/v2\/comments?post=84405"}],"wp:attachment":[{"href":"https:\/\/onlinehardwareshop.de\/index.php\/wp-json\/wp\/v2\/media?parent=84405"}],"wp:term":[{"taxonomy":"brand","embeddable":true,"href":"https:\/\/onlinehardwareshop.de\/index.php\/wp-json\/wp\/v2\/brand?post=84405"},{"taxonomy":"product_brand","embeddable":true,"href":"https:\/\/onlinehardwareshop.de\/index.php\/wp-json\/wp\/v2\/product_brand?post=84405"},{"taxonomy":"product_cat","embeddable":true,"href":"https:\/\/onlinehardwareshop.de\/index.php\/wp-json\/wp\/v2\/product_cat?post=84405"},{"taxonomy":"product_tag","embeddable":true,"href":"https:\/\/onlinehardwareshop.de\/index.php\/wp-json\/wp\/v2\/product_tag?post=84405"}],"curies":[{"name":"wp","href":"https:\/\/api.w.org\/{rel}","templated":true}]}}