{"id":84196,"date":"2024-01-20T12:44:30","date_gmt":"2024-01-20T12:44:30","guid":{"rendered":"https:\/\/onlinehardwareshop.de\/index.php\/produkt\/wmf-profi-resist-bratpfanne-tief-28cm-2\/"},"modified":"2025-05-14T19:02:45","modified_gmt":"2025-05-14T19:02:45","slug":"wmf-profi-resist-bratpfanne-tief-28cm","status":"publish","type":"product","link":"https:\/\/onlinehardwareshop.de\/index.php\/produkt\/wmf-profi-resist-bratpfanne-tief-28cm\/","title":{"rendered":"WMF Profi Resist Bratpfanne tief 28&#xA0;cm"},"content":{"rendered":"<p>Mit der WMF Profi Resist Bratpfanne tief 28\u00a0cm bereitest du dank des hohen Rands ganz einfach Eint\u00f6pfe zu. Das Material der Pfanne besteht aus drei Schichten. Die Innenseite aus Edelstahl sch\u00fctzt die keramische Antihaftbeschichtung, wodurch die Pfanne l\u00e4nger h\u00e4lt. Au\u00dferdem br\u00e4tst du zum Beispiel Steaks bei hohen Temperaturen zu, ohne dass sie an der Pfanne haften. So bleibt das Steak von innen zart und bekommt eine knusprige Au\u00dfenschicht. Dank des TransTherm Bodens sparst du au\u00dferdem Energie. Der Boden verteilt und speichert die W\u00e4rme, sodass du den Herd auf eine niedrigere Stufe stellst.<\/p>\n","protected":false},"excerpt":{"rendered":"<p>Mit der WMF Profi Resist Bratpfanne tief 28\u00a0cm bereitest du dank des hohen Rands ganz einfach Eint\u00f6pfe zu. Das Material der Pfanne besteht aus drei Schichten. Die Innenseite aus Edelstahl sch\u00fctzt die keramische Antihaftbeschichtung, wodurch die Pfanne l\u00e4nger h\u00e4lt. Au\u00dferdem br\u00e4tst du zum Beispiel Steaks bei hohen Temperaturen zu, ohne dass sie an der Pfanne haften. So bleibt das Steak von innen zart und bekommt eine knusprige Au\u00dfenschicht. Dank des TransTherm Bodens sparst du au\u00dferdem Energie. Der Boden verteilt und speichert die W\u00e4rme, sodass du den Herd auf eine niedrigere Stufe stellst.<\/p>\n","protected":false},"featured_media":0,"comment_status":"closed","ping_status":"open","template":"","meta":{"_acf_changed":false},"brand":[5738],"product_brand":[],"product_cat":[372],"product_tag":[384],"class_list":{"0":"post-84196","1":"product","2":"type-product","3":"status-publish","5":"brand-wmf","6":"product_cat-tpfe-und-pfannen","7":"product_tag-koekenpannen","8":"pa_condition-new","9":"pa_coolblue-de-verzending-morgen-gratis-geliefert","10":"pa_ean-33095","11":"pa_mpn-33096","13":"first","14":"instock","15":"product-type-external"},"acf":[],"_links":{"self":[{"href":"https:\/\/onlinehardwareshop.de\/index.php\/wp-json\/wp\/v2\/product\/84196","targetHints":{"allow":["GET"]}}],"collection":[{"href":"https:\/\/onlinehardwareshop.de\/index.php\/wp-json\/wp\/v2\/product"}],"about":[{"href":"https:\/\/onlinehardwareshop.de\/index.php\/wp-json\/wp\/v2\/types\/product"}],"replies":[{"embeddable":true,"href":"https:\/\/onlinehardwareshop.de\/index.php\/wp-json\/wp\/v2\/comments?post=84196"}],"wp:attachment":[{"href":"https:\/\/onlinehardwareshop.de\/index.php\/wp-json\/wp\/v2\/media?parent=84196"}],"wp:term":[{"taxonomy":"brand","embeddable":true,"href":"https:\/\/onlinehardwareshop.de\/index.php\/wp-json\/wp\/v2\/brand?post=84196"},{"taxonomy":"product_brand","embeddable":true,"href":"https:\/\/onlinehardwareshop.de\/index.php\/wp-json\/wp\/v2\/product_brand?post=84196"},{"taxonomy":"product_cat","embeddable":true,"href":"https:\/\/onlinehardwareshop.de\/index.php\/wp-json\/wp\/v2\/product_cat?post=84196"},{"taxonomy":"product_tag","embeddable":true,"href":"https:\/\/onlinehardwareshop.de\/index.php\/wp-json\/wp\/v2\/product_tag?post=84196"}],"curies":[{"name":"wp","href":"https:\/\/api.w.org\/{rel}","templated":true}]}}