{"id":83984,"date":"2024-12-08T17:23:45","date_gmt":"2024-12-08T17:23:45","guid":{"rendered":"https:\/\/onlinehardwareshop.de\/index.php\/produkt\/macbook-air-13-m4\/"},"modified":"2025-05-14T18:42:09","modified_gmt":"2025-05-14T18:42:09","slug":"macbook-air-13-m4","status":"publish","type":"product","link":"https:\/\/onlinehardwareshop.de\/index.php\/produkt\/macbook-air-13-m4\/","title":{"rendered":"MacBook Air 13&#34; M4"},"content":{"rendered":"<p>Mit dem Apple MacBook Air 13 Zoll (2025) M4 (10 Core CPU \/ 8 Core GPU) 16\u00a0GB \/ 256\u00a0GB Mitternacht bearbeitest du reibungslos Fotos und Videos in Programmen wie Adobe Photoshop und iMovie. Daf\u00fcr sind der Apple M4 Chip, der 16-GB-Arbeitsspeicher und die 16-Core-NPU leistungsstark genug. Au\u00dferdem f\u00fchrst du allt\u00e4gliche Aufgaben fl\u00fcssig aus. Du surfst schnell in Safari und schreibst Texte in Pages. Dank des geringen Gewichts von 1,2 Kilogramm und der Akkulaufzeit von 18 Stunden tust du dies an jedem beliebigen Ort, denn du nimmst dein MacBook problemlos unterwegs mit. Da du zwei externe 6K-Bildschirme anschlie\u00dft, w\u00e4hrend du dein Apple MacBook aufgeklappt l\u00e4sst, wechselst du jetzt noch einfacher zwischen unterschiedlichen Programmen und Tabs. Du l\u00e4ufst bei Videogespr\u00e4chen herum? Mit der praktischen Folgemodus Technologie platziert die Kamera dich immer in der Bildmitte. Dank des Thunderbolt-5-Ports \u00fcbertr\u00e4gst du Daten schneller.   Empfehlung unseres Apple Experten Internet, E-Mail und Textverarbeitung: geeignet Filme und Serien ansehen: geeignet Fotobearbeitung: geeignet Videobearbeitung: geeignet 3D-Designs erstellen und rendern: ungeeignet, da mindestens M4 Pro und 18\u00a0GB Arbeitsspeicher erforderlich Apps in Xcode entwickeln: ungeeignet, da mindestens M4 Max Chip und 36\u00a0GB Arbeitsspeicher erforderlich Gaming: m\u00f6glich, aber vor allem Low-End-Games. Allerdings eignen sich alle Spiele von Apple Arcade.<\/p>\n","protected":false},"excerpt":{"rendered":"<p>Mit dem Apple MacBook Air 13 Zoll (2025) M4 (10 Core CPU \/ 8 Core GPU) 16\u00a0GB \/ 256\u00a0GB Mitternacht bearbeitest du reibungslos Fotos und Videos in Programmen wie Adobe Photoshop und iMovie. Daf\u00fcr sind der Apple M4 Chip, der 16-GB-Arbeitsspeicher und die 16-Core-NPU leistungsstark genug. Au\u00dferdem f\u00fchrst du allt\u00e4gliche Aufgaben fl\u00fcssig aus. Du surfst schnell in Safari und schreibst Texte in Pages. Dank des geringen Gewichts von 1,2 Kilogramm und der Akkulaufzeit von 18 Stunden tust du dies an jedem beliebigen Ort, denn du nimmst dein MacBook problemlos unterwegs mit. Da du zwei externe 6K-Bildschirme anschlie\u00dft, w\u00e4hrend du dein Apple MacBook aufgeklappt l\u00e4sst, wechselst du jetzt noch einfacher zwischen unterschiedlichen Programmen und Tabs. Du l\u00e4ufst bei Videogespr\u00e4chen herum? Mit der praktischen Folgemodus Technologie platziert die Kamera dich immer in der Bildmitte. Dank des Thunderbolt-5-Ports \u00fcbertr\u00e4gst du Daten schneller.   Empfehlung unseres Apple Experten Internet, E-Mail und Textverarbeitung: geeignet Filme und Serien ansehen: geeignet Fotobearbeitung: geeignet Videobearbeitung: geeignet 3D-Designs erstellen und rendern: ungeeignet, da mindestens M4 Pro und 18\u00a0GB Arbeitsspeicher erforderlich Apps in Xcode entwickeln: ungeeignet, da mindestens M4 Max Chip und 36\u00a0GB Arbeitsspeicher erforderlich Gaming: m\u00f6glich, aber vor allem Low-End-Games. Allerdings eignen sich alle Spiele von Apple Arcade.<\/p>\n","protected":false},"featured_media":0,"comment_status":"closed","ping_status":"open","template":"","meta":{"_acf_changed":false},"brand":[148],"product_brand":[],"product_cat":[8884],"product_tag":[8885],"class_list":{"0":"post-83984","1":"product","2":"type-product","3":"status-publish","5":"brand-apple","6":"product_cat-laptops","7":"product_tag-macbooks-qwertz","8":"pa_condition-new","9":"pa_coolblue-de-verzending-morgen-gratis-geliefert","10":"pa_ean-30665","11":"pa_mpn-mw123d-a","13":"first","14":"instock","15":"product-type-external"},"acf":[],"_links":{"self":[{"href":"https:\/\/onlinehardwareshop.de\/index.php\/wp-json\/wp\/v2\/product\/83984","targetHints":{"allow":["GET"]}}],"collection":[{"href":"https:\/\/onlinehardwareshop.de\/index.php\/wp-json\/wp\/v2\/product"}],"about":[{"href":"https:\/\/onlinehardwareshop.de\/index.php\/wp-json\/wp\/v2\/types\/product"}],"replies":[{"embeddable":true,"href":"https:\/\/onlinehardwareshop.de\/index.php\/wp-json\/wp\/v2\/comments?post=83984"}],"wp:attachment":[{"href":"https:\/\/onlinehardwareshop.de\/index.php\/wp-json\/wp\/v2\/media?parent=83984"}],"wp:term":[{"taxonomy":"brand","embeddable":true,"href":"https:\/\/onlinehardwareshop.de\/index.php\/wp-json\/wp\/v2\/brand?post=83984"},{"taxonomy":"product_brand","embeddable":true,"href":"https:\/\/onlinehardwareshop.de\/index.php\/wp-json\/wp\/v2\/product_brand?post=83984"},{"taxonomy":"product_cat","embeddable":true,"href":"https:\/\/onlinehardwareshop.de\/index.php\/wp-json\/wp\/v2\/product_cat?post=83984"},{"taxonomy":"product_tag","embeddable":true,"href":"https:\/\/onlinehardwareshop.de\/index.php\/wp-json\/wp\/v2\/product_tag?post=83984"}],"curies":[{"name":"wp","href":"https:\/\/api.w.org\/{rel}","templated":true}]}}