{"id":83894,"date":"2024-07-10T02:48:35","date_gmt":"2024-07-10T02:48:35","guid":{"rendered":"https:\/\/onlinehardwareshop.de\/index.php\/produkt\/weber-compact-kettle-47cm-weber-barbecuehoes-47cm-2\/"},"modified":"2025-05-14T18:34:03","modified_gmt":"2025-05-14T18:34:03","slug":"weber-compact-kettle-47cm-weber-barbecuehoes-47cm","status":"publish","type":"product","link":"https:\/\/onlinehardwareshop.de\/index.php\/produkt\/weber-compact-kettle-47cm-weber-barbecuehoes-47cm\/","title":{"rendered":"Weber Compact Kettle 47&#xA0;cm + Weber Barbecuehoes 47&#xA0;cm"},"content":{"rendered":"<p>Mit dem Weber Compact Kettle 47\u00a0cm + der Weber Grillabdeckung 47\u00a0cm h\u00e4ltst du deinen Grill sauber, damit er l\u00e4nger h\u00e4lt. Auf der Grillfl\u00e4che mit einem Durchmesser von 47\u00a0cm grillst du f\u00fcr bis zu acht Personen gleichzeitig. Grille direkt oder indirekt und bereite verschiedene Gerichte zu. Au\u00dferdem erh\u00e4ltst du einen Brikett-Portionierer, sodass du immer die richtige Menge Briketts verwendest. Entferne den Aschebeh\u00e4lter, um die Asche m\u00fchelos zu entsorgen. Anschlie\u00dfend reinigst du den Grill ganz einfach. Die mitgelieferte Abdeckung ist wasserdicht und sch\u00fctzt den Grill vor Sonnenlicht, Regen und Schmutz. Schlie\u00dfe die Abdeckung mit dem Klettverschluss, damit sie auch bei starkem Wind nicht wegweht.<\/p>\n","protected":false},"excerpt":{"rendered":"<p>Mit dem Weber Compact Kettle 47\u00a0cm + der Weber Grillabdeckung 47\u00a0cm h\u00e4ltst du deinen Grill sauber, damit er l\u00e4nger h\u00e4lt. Auf der Grillfl\u00e4che mit einem Durchmesser von 47\u00a0cm grillst du f\u00fcr bis zu acht Personen gleichzeitig. Grille direkt oder indirekt und bereite verschiedene Gerichte zu. Au\u00dferdem erh\u00e4ltst du einen Brikett-Portionierer, sodass du immer die richtige Menge Briketts verwendest. Entferne den Aschebeh\u00e4lter, um die Asche m\u00fchelos zu entsorgen. Anschlie\u00dfend reinigst du den Grill ganz einfach. Die mitgelieferte Abdeckung ist wasserdicht und sch\u00fctzt den Grill vor Sonnenlicht, Regen und Schmutz. Schlie\u00dfe die Abdeckung mit dem Klettverschluss, damit sie auch bei starkem Wind nicht wegweht.<\/p>\n","protected":false},"featured_media":0,"comment_status":"closed","ping_status":"open","template":"","meta":{"_acf_changed":false},"brand":[698],"product_brand":[],"product_cat":[699],"product_tag":[700],"class_list":{"0":"post-83894","1":"product","2":"type-product","3":"status-publish","5":"brand-weber","6":"product_cat-grills","7":"product_tag-houtskool-barbecues","8":"pa_condition-new","9":"pa_coolblue-de-verzending-morgen-gratis-geliefert","10":"pa_ean-31511","12":"first","13":"instock","14":"product-type-external"},"acf":[],"_links":{"self":[{"href":"https:\/\/onlinehardwareshop.de\/index.php\/wp-json\/wp\/v2\/product\/83894","targetHints":{"allow":["GET"]}}],"collection":[{"href":"https:\/\/onlinehardwareshop.de\/index.php\/wp-json\/wp\/v2\/product"}],"about":[{"href":"https:\/\/onlinehardwareshop.de\/index.php\/wp-json\/wp\/v2\/types\/product"}],"replies":[{"embeddable":true,"href":"https:\/\/onlinehardwareshop.de\/index.php\/wp-json\/wp\/v2\/comments?post=83894"}],"wp:attachment":[{"href":"https:\/\/onlinehardwareshop.de\/index.php\/wp-json\/wp\/v2\/media?parent=83894"}],"wp:term":[{"taxonomy":"brand","embeddable":true,"href":"https:\/\/onlinehardwareshop.de\/index.php\/wp-json\/wp\/v2\/brand?post=83894"},{"taxonomy":"product_brand","embeddable":true,"href":"https:\/\/onlinehardwareshop.de\/index.php\/wp-json\/wp\/v2\/product_brand?post=83894"},{"taxonomy":"product_cat","embeddable":true,"href":"https:\/\/onlinehardwareshop.de\/index.php\/wp-json\/wp\/v2\/product_cat?post=83894"},{"taxonomy":"product_tag","embeddable":true,"href":"https:\/\/onlinehardwareshop.de\/index.php\/wp-json\/wp\/v2\/product_tag?post=83894"}],"curies":[{"name":"wp","href":"https:\/\/api.w.org\/{rel}","templated":true}]}}