{"id":82958,"date":"2025-01-09T05:56:49","date_gmt":"2025-01-09T05:56:49","guid":{"rendered":"https:\/\/onlinehardwareshop.de\/index.php\/produkt\/garmin-instinct-3-45mm-schwarz-2\/"},"modified":"2025-05-14T17:10:15","modified_gmt":"2025-05-14T17:10:15","slug":"garmin-instinct-3-45mm-schwarz","status":"publish","type":"product","link":"https:\/\/onlinehardwareshop.de\/index.php\/produkt\/garmin-instinct-3-45mm-schwarz\/","title":{"rendered":"Garmin Instinct 3 45&#xA0;mm Schwarz"},"content":{"rendered":"<p>Mit der Garmin Instinct\u00a03 45\u00a0mm Schwarz legst du dir eine robuste und leistungsstarke Smartwatch zu, die es mit jeglichen Bedingungen aufnimmt. Das robuste Uhrengeh\u00e4use h\u00e4lt einiges aus und ist bis zu einer Tiefe von 100 Metern wasserdicht. Auf dem hellen AMOLED-Farbdisplay lassen sich all deine Daten ganz leicht ablesen. Du bedienst die Uhr \u00fcber die Tasten an der Seite. Diese 45-mm-Uhr eignet sich f\u00fcr Personen mit einem Handgelenkumfang von mindestens 17\u00a0cm. Das Uhrengeh\u00e4use ist recht dick, weshalb die Uhr weit von deinem Handgelenk ragt und dadurch gr\u00f6\u00dfer wirkt. Der Akku h\u00e4lt etwa 18 Tage durch, sodass du die Uhr nicht h\u00e4ufig aufl\u00e4dst. Mit der Instinct\u00a03 bezahlst du au\u00dferdem kontaktlos, sodass du dein Portemonnaie w\u00e4hrend des Sports einfach zu Hause l\u00e4sst.    Diese Uhr wird f\u00fcr einen Handgelenkumfang von 17 bis 19\u00a0cm empfohlen.<\/p>\n","protected":false},"excerpt":{"rendered":"<p>Mit der Garmin Instinct\u00a03 45\u00a0mm Schwarz legst du dir eine robuste und leistungsstarke Smartwatch zu, die es mit jeglichen Bedingungen aufnimmt. Das robuste Uhrengeh\u00e4use h\u00e4lt einiges aus und ist bis zu einer Tiefe von 100 Metern wasserdicht. Auf dem hellen AMOLED-Farbdisplay lassen sich all deine Daten ganz leicht ablesen. Du bedienst die Uhr \u00fcber die Tasten an der Seite. Diese 45-mm-Uhr eignet sich f\u00fcr Personen mit einem Handgelenkumfang von mindestens 17\u00a0cm. Das Uhrengeh\u00e4use ist recht dick, weshalb die Uhr weit von deinem Handgelenk ragt und dadurch gr\u00f6\u00dfer wirkt. Der Akku h\u00e4lt etwa 18 Tage durch, sodass du die Uhr nicht h\u00e4ufig aufl\u00e4dst. Mit der Instinct\u00a03 bezahlst du au\u00dferdem kontaktlos, sodass du dein Portemonnaie w\u00e4hrend des Sports einfach zu Hause l\u00e4sst.    Diese Uhr wird f\u00fcr einen Handgelenkumfang von 17 bis 19\u00a0cm empfohlen.<\/p>\n","protected":false},"featured_media":0,"comment_status":"closed","ping_status":"open","template":"","meta":{"_acf_changed":false},"brand":[3804],"product_brand":[],"product_cat":[6848],"product_tag":[6849],"class_list":{"0":"post-82958","1":"product","2":"type-product","3":"status-publish","5":"brand-garmin","6":"product_cat-smartwatches","7":"product_tag-slimme-horloges","8":"pa_condition-new","9":"pa_coolblue-de-verzending-morgen-gratis-geliefert","10":"pa_ean-26314","11":"pa_mpn-010-02936-00","13":"first","14":"instock","15":"product-type-external"},"acf":[],"_links":{"self":[{"href":"https:\/\/onlinehardwareshop.de\/index.php\/wp-json\/wp\/v2\/product\/82958","targetHints":{"allow":["GET"]}}],"collection":[{"href":"https:\/\/onlinehardwareshop.de\/index.php\/wp-json\/wp\/v2\/product"}],"about":[{"href":"https:\/\/onlinehardwareshop.de\/index.php\/wp-json\/wp\/v2\/types\/product"}],"replies":[{"embeddable":true,"href":"https:\/\/onlinehardwareshop.de\/index.php\/wp-json\/wp\/v2\/comments?post=82958"}],"wp:attachment":[{"href":"https:\/\/onlinehardwareshop.de\/index.php\/wp-json\/wp\/v2\/media?parent=82958"}],"wp:term":[{"taxonomy":"brand","embeddable":true,"href":"https:\/\/onlinehardwareshop.de\/index.php\/wp-json\/wp\/v2\/brand?post=82958"},{"taxonomy":"product_brand","embeddable":true,"href":"https:\/\/onlinehardwareshop.de\/index.php\/wp-json\/wp\/v2\/product_brand?post=82958"},{"taxonomy":"product_cat","embeddable":true,"href":"https:\/\/onlinehardwareshop.de\/index.php\/wp-json\/wp\/v2\/product_cat?post=82958"},{"taxonomy":"product_tag","embeddable":true,"href":"https:\/\/onlinehardwareshop.de\/index.php\/wp-json\/wp\/v2\/product_tag?post=82958"}],"curies":[{"name":"wp","href":"https:\/\/api.w.org\/{rel}","templated":true}]}}