{"id":82907,"date":"2024-04-13T16:49:13","date_gmt":"2024-04-13T16:49:13","guid":{"rendered":"https:\/\/onlinehardwareshop.de\/index.php\/produkt\/nutribullet-flip-stainless-steel-black-2\/"},"modified":"2025-05-14T17:05:41","modified_gmt":"2025-05-14T17:05:41","slug":"nutribullet-flip-stainless-steel-black","status":"publish","type":"product","link":"https:\/\/onlinehardwareshop.de\/index.php\/produkt\/nutribullet-flip-stainless-steel-black\/","title":{"rendered":"nutribullet Flip Stainless Steel Black"},"content":{"rendered":"<p>Mit dem kabellosen nutribullet Flip Stainless Steel Black bereitest du unterwegs leckere Smoothies zu. Da der Standmixer kabellos ist, ben\u00f6tigst du keine Steckdose, um einen Saft herzustellen. Dank seiner kompakten Gr\u00f6\u00dfe passt der Standmixer problemlos in deine Tasche. Das ist praktisch, wenn du den Standmixer mit zur Arbeit oder ins Fitnessstudio nimmst. Das Geh\u00e4use des Standmixers ist aus Edelstahl. Dadurch hast du l\u00e4nger Freude an deinem Mixer und ist er sehr robust und langlebig. Dar\u00fcber hinaus bleibt dein Getr\u00e4nk 24 Stunden lang kalt. Gib die Zutaten in den Becher, dreh den Becher auf den kabellosen und tragbaren Motorsockel und dr\u00fccke auf den Knopf, um zu mixen.<\/p>\n","protected":false},"excerpt":{"rendered":"<p>Mit dem kabellosen nutribullet Flip Stainless Steel Black bereitest du unterwegs leckere Smoothies zu. Da der Standmixer kabellos ist, ben\u00f6tigst du keine Steckdose, um einen Saft herzustellen. Dank seiner kompakten Gr\u00f6\u00dfe passt der Standmixer problemlos in deine Tasche. Das ist praktisch, wenn du den Standmixer mit zur Arbeit oder ins Fitnessstudio nimmst. Das Geh\u00e4use des Standmixers ist aus Edelstahl. Dadurch hast du l\u00e4nger Freude an deinem Mixer und ist er sehr robust und langlebig. Dar\u00fcber hinaus bleibt dein Getr\u00e4nk 24 Stunden lang kalt. Gib die Zutaten in den Becher, dreh den Becher auf den kabellosen und tragbaren Motorsockel und dr\u00fccke auf den Knopf, um zu mixen.<\/p>\n","protected":false},"featured_media":0,"comment_status":"closed","ping_status":"open","template":"","meta":{"_acf_changed":false},"brand":[1605],"product_brand":[],"product_cat":[1606],"product_tag":[1607],"class_list":{"0":"post-82907","1":"product","2":"type-product","3":"status-publish","5":"brand-nutribullet","6":"product_cat-standmixer","7":"product_tag-blenders","8":"pa_condition-new","9":"pa_coolblue-de-verzending-morgen-gratis-geliefert","10":"pa_ean-26220","11":"pa_mpn-v09715","13":"first","14":"instock","15":"product-type-external"},"acf":[],"_links":{"self":[{"href":"https:\/\/onlinehardwareshop.de\/index.php\/wp-json\/wp\/v2\/product\/82907","targetHints":{"allow":["GET"]}}],"collection":[{"href":"https:\/\/onlinehardwareshop.de\/index.php\/wp-json\/wp\/v2\/product"}],"about":[{"href":"https:\/\/onlinehardwareshop.de\/index.php\/wp-json\/wp\/v2\/types\/product"}],"replies":[{"embeddable":true,"href":"https:\/\/onlinehardwareshop.de\/index.php\/wp-json\/wp\/v2\/comments?post=82907"}],"wp:attachment":[{"href":"https:\/\/onlinehardwareshop.de\/index.php\/wp-json\/wp\/v2\/media?parent=82907"}],"wp:term":[{"taxonomy":"brand","embeddable":true,"href":"https:\/\/onlinehardwareshop.de\/index.php\/wp-json\/wp\/v2\/brand?post=82907"},{"taxonomy":"product_brand","embeddable":true,"href":"https:\/\/onlinehardwareshop.de\/index.php\/wp-json\/wp\/v2\/product_brand?post=82907"},{"taxonomy":"product_cat","embeddable":true,"href":"https:\/\/onlinehardwareshop.de\/index.php\/wp-json\/wp\/v2\/product_cat?post=82907"},{"taxonomy":"product_tag","embeddable":true,"href":"https:\/\/onlinehardwareshop.de\/index.php\/wp-json\/wp\/v2\/product_tag?post=82907"}],"curies":[{"name":"wp","href":"https:\/\/api.w.org\/{rel}","templated":true}]}}