{"id":82906,"date":"2024-08-22T22:28:19","date_gmt":"2024-08-22T22:28:19","guid":{"rendered":"https:\/\/onlinehardwareshop.de\/index.php\/produkt\/nutribullet-1200-combo-grey-2\/"},"modified":"2025-05-14T17:05:28","modified_gmt":"2025-05-14T17:05:28","slug":"nutribullet-1200-combo-grey","status":"publish","type":"product","link":"https:\/\/onlinehardwareshop.de\/index.php\/produkt\/nutribullet-1200-combo-grey\/","title":{"rendered":"nutribullet 1200 Combo Grey"},"content":{"rendered":"<p>Mit der kraftvollen Leistung des nutribullet 1200 Combo Grey mixt du lange am St\u00fcck harte Zutaten. Das ist praktisch, wenn du zum Beispiel N\u00fcsse und Eisw\u00fcrfel mixt. Zu diesem Mixer erh\u00e4ltst du drei zus\u00e4tzliche Mixbecher, die sowohl zum Mixen als auch zum Trinken geeignet sind. Nimm deine Mixbecher mit in den Zug oder ins Auto. So genie\u00dft du auch unterwegs einen gesunden Smoothie. Die stufenlos einstellbare Geschwindigkeit gibt dir die volle Kontrolle \u00fcber deine Zubereitung. F\u00fcr weiche Zutaten wie zum Beispiel Avocado h\u00e4ltst du die Geschwindigkeit niedrig. Sobald du harte Zutaten mixt, erh\u00f6hst du ganz einfach die Geschwindigkeit.<\/p>\n","protected":false},"excerpt":{"rendered":"<p>Mit der kraftvollen Leistung des nutribullet 1200 Combo Grey mixt du lange am St\u00fcck harte Zutaten. Das ist praktisch, wenn du zum Beispiel N\u00fcsse und Eisw\u00fcrfel mixt. Zu diesem Mixer erh\u00e4ltst du drei zus\u00e4tzliche Mixbecher, die sowohl zum Mixen als auch zum Trinken geeignet sind. Nimm deine Mixbecher mit in den Zug oder ins Auto. So genie\u00dft du auch unterwegs einen gesunden Smoothie. Die stufenlos einstellbare Geschwindigkeit gibt dir die volle Kontrolle \u00fcber deine Zubereitung. F\u00fcr weiche Zutaten wie zum Beispiel Avocado h\u00e4ltst du die Geschwindigkeit niedrig. Sobald du harte Zutaten mixt, erh\u00f6hst du ganz einfach die Geschwindigkeit.<\/p>\n","protected":false},"featured_media":0,"comment_status":"closed","ping_status":"open","template":"","meta":{"_acf_changed":false},"brand":[1605],"product_brand":[],"product_cat":[1606],"product_tag":[1607],"class_list":{"0":"post-82906","1":"product","2":"type-product","3":"status-publish","5":"brand-nutribullet","6":"product_cat-standmixer","7":"product_tag-blenders","8":"pa_condition-new","9":"pa_coolblue-de-verzending-morgen-gratis-geliefert","10":"pa_ean-26216","11":"pa_mpn-v08457","13":"first","14":"instock","15":"product-type-external"},"acf":[],"_links":{"self":[{"href":"https:\/\/onlinehardwareshop.de\/index.php\/wp-json\/wp\/v2\/product\/82906","targetHints":{"allow":["GET"]}}],"collection":[{"href":"https:\/\/onlinehardwareshop.de\/index.php\/wp-json\/wp\/v2\/product"}],"about":[{"href":"https:\/\/onlinehardwareshop.de\/index.php\/wp-json\/wp\/v2\/types\/product"}],"replies":[{"embeddable":true,"href":"https:\/\/onlinehardwareshop.de\/index.php\/wp-json\/wp\/v2\/comments?post=82906"}],"wp:attachment":[{"href":"https:\/\/onlinehardwareshop.de\/index.php\/wp-json\/wp\/v2\/media?parent=82906"}],"wp:term":[{"taxonomy":"brand","embeddable":true,"href":"https:\/\/onlinehardwareshop.de\/index.php\/wp-json\/wp\/v2\/brand?post=82906"},{"taxonomy":"product_brand","embeddable":true,"href":"https:\/\/onlinehardwareshop.de\/index.php\/wp-json\/wp\/v2\/product_brand?post=82906"},{"taxonomy":"product_cat","embeddable":true,"href":"https:\/\/onlinehardwareshop.de\/index.php\/wp-json\/wp\/v2\/product_cat?post=82906"},{"taxonomy":"product_tag","embeddable":true,"href":"https:\/\/onlinehardwareshop.de\/index.php\/wp-json\/wp\/v2\/product_tag?post=82906"}],"curies":[{"name":"wp","href":"https:\/\/api.w.org\/{rel}","templated":true}]}}