{"id":82759,"date":"2024-12-11T11:10:17","date_gmt":"2024-12-11T11:10:17","guid":{"rendered":"https:\/\/onlinehardwareshop.de\/index.php\/produkt\/nilfisk-premium-180-1-10-car-home-set-2\/"},"modified":"2025-05-14T16:56:35","modified_gmt":"2025-05-14T16:56:35","slug":"nilfisk-premium-180-1-10-car-home-set","status":"publish","type":"product","link":"https:\/\/onlinehardwareshop.de\/index.php\/produkt\/nilfisk-premium-180-1-10-car-home-set\/","title":{"rendered":"Nilfisk Premium 180.1-10 Car &#038; Home Set"},"content":{"rendered":"<p>Mit dem Nilfisk Premium 180.1-10 Car &#038; Home reinigst du deine Terrasse oder dein Auto im Nu. Mit einem Arbeitsdruck von 180\u00a0bar und einer Durchflussmenge von 610\u00a0Litern pro Stunde erledigst du m\u00fchelos mittlere bis gro\u00dfe Aufgaben. Der Hochdruckreiniger wird mit einer Spr\u00fchlanze, einer Dreckfr\u00e4se f\u00fcr hartn\u00e4ckigen Schmutz und einer Autowaschb\u00fcrste geliefert. Mit der Autowaschb\u00fcrste reinigst du dein Auto, ohne den Lack zu besch\u00e4digen. Du stellst den Wasserdruck so ein, dass du auch weiche Oberfl\u00e4chen sicher reinigst. Durch die R\u00e4der und den Griff bewegst du den Hochdruckreiniger ohne Anstrengung zum n\u00e4chsten Einsatzort. Nach Gebrauch rollst du den Schlauch ordentlich auf die Trommel auf. Nilfisk bietet eine lebenslange Garantie auf seine Produkte. So bist du beim Kauf immer abgesichert.<\/p>\n","protected":false},"excerpt":{"rendered":"<p>Mit dem Nilfisk Premium 180.1-10 Car &#038; Home reinigst du deine Terrasse oder dein Auto im Nu. Mit einem Arbeitsdruck von 180\u00a0bar und einer Durchflussmenge von 610\u00a0Litern pro Stunde erledigst du m\u00fchelos mittlere bis gro\u00dfe Aufgaben. Der Hochdruckreiniger wird mit einer Spr\u00fchlanze, einer Dreckfr\u00e4se f\u00fcr hartn\u00e4ckigen Schmutz und einer Autowaschb\u00fcrste geliefert. Mit der Autowaschb\u00fcrste reinigst du dein Auto, ohne den Lack zu besch\u00e4digen. Du stellst den Wasserdruck so ein, dass du auch weiche Oberfl\u00e4chen sicher reinigst. Durch die R\u00e4der und den Griff bewegst du den Hochdruckreiniger ohne Anstrengung zum n\u00e4chsten Einsatzort. Nach Gebrauch rollst du den Schlauch ordentlich auf die Trommel auf. Nilfisk bietet eine lebenslange Garantie auf seine Produkte. So bist du beim Kauf immer abgesichert.<\/p>\n","protected":false},"featured_media":0,"comment_status":"closed","ping_status":"open","template":"","meta":{"_acf_changed":false},"brand":[289],"product_brand":[],"product_cat":[2722],"product_tag":[2723],"class_list":{"0":"post-82759","1":"product","2":"type-product","3":"status-publish","5":"brand-nilfisk","6":"product_cat-hochdruckreiniger","7":"product_tag-hogedrukreinigers","8":"pa_condition-new","9":"pa_coolblue-de-verzending-morgen-gratis-geliefert","10":"pa_ean-29041","12":"first","13":"instock","14":"product-type-external"},"acf":[],"_links":{"self":[{"href":"https:\/\/onlinehardwareshop.de\/index.php\/wp-json\/wp\/v2\/product\/82759","targetHints":{"allow":["GET"]}}],"collection":[{"href":"https:\/\/onlinehardwareshop.de\/index.php\/wp-json\/wp\/v2\/product"}],"about":[{"href":"https:\/\/onlinehardwareshop.de\/index.php\/wp-json\/wp\/v2\/types\/product"}],"replies":[{"embeddable":true,"href":"https:\/\/onlinehardwareshop.de\/index.php\/wp-json\/wp\/v2\/comments?post=82759"}],"wp:attachment":[{"href":"https:\/\/onlinehardwareshop.de\/index.php\/wp-json\/wp\/v2\/media?parent=82759"}],"wp:term":[{"taxonomy":"brand","embeddable":true,"href":"https:\/\/onlinehardwareshop.de\/index.php\/wp-json\/wp\/v2\/brand?post=82759"},{"taxonomy":"product_brand","embeddable":true,"href":"https:\/\/onlinehardwareshop.de\/index.php\/wp-json\/wp\/v2\/product_brand?post=82759"},{"taxonomy":"product_cat","embeddable":true,"href":"https:\/\/onlinehardwareshop.de\/index.php\/wp-json\/wp\/v2\/product_cat?post=82759"},{"taxonomy":"product_tag","embeddable":true,"href":"https:\/\/onlinehardwareshop.de\/index.php\/wp-json\/wp\/v2\/product_tag?post=82759"}],"curies":[{"name":"wp","href":"https:\/\/api.w.org\/{rel}","templated":true}]}}